000
CDUS44 KSHV 252237
CLITXK


CLIMATE REPORT
NATIONAL WEATHER SERVICE SHREVEPORT, LA
434 PM CST SUN JAN 25 2015


...................................

...THE TEXARKANA CLIMATE SUMMARY FOR JANUARY 25 2015...
VALID TODAY AS OF 0400 PM LOCAL TIME.

CLIMATE NORMAL PERIOD 1981 TO 2010
CLIMATE RECORD PERIOD 1896 TO 2015


WEATHER ITEM   OBSERVED TIME   RECORD YEAR NORMAL DEPARTURE LAST
                VALUE   (LST)  VALUE       VALUE  FROM      YEAR
                                                  NORMAL
..................................................................
TEMPERATURE (F)
 TODAY
  MAXIMUM         63    216 PM  83    1950  55      8       61
  MINIMUM         38    724 AM  13    1905  34      4       27
  AVERAGE         51                        44      7       44

PRECIPITATION (IN)
  TODAY            0.00          1.06 2012   0.11  -0.11     0.00
  MONTH TO DATE    4.24                      2.72   1.52     0.73
  SINCE DEC 1      6.92                      7.77  -0.85     6.56
  SINCE JAN 1      4.24                      2.72   1.52     0.73

SNOWFALL (IN)
  TODAY            0.0
  MONTH TO DATE    T
  SINCE DEC 1      T
  SINCE JUL 1      T
  SNOW DEPTH       0

DEGREE DAYS
 HEATING
  TODAY           14                        21     -7       21
  MONTH TO DATE  593                       538     55      581
  SINCE DEC 1   1144                      1147     -3     1220
  SINCE JUL 1   1654                      1605     49     1745

 COOLING
  TODAY            0                         0      0        0
  MONTH TO DATE    0                         0      0        0
  SINCE DEC 1      1                         3     -2        2
  SINCE JAN 1      0                         0      0        0
..................................................................


WIND (MPH)
  HIGHEST WIND SPEED    30   HIGHEST WIND DIRECTION     W (290)
  HIGHEST GUST SPEED    40   HIGHEST GUST DIRECTION     W (280)
  AVERAGE WIND SPEED    12.6


SKY COVER
  POSSIBLE SUNSHINE  MM
  AVERAGE SKY COVER 0.0


WEATHER CONDITIONS
 THE FOLLOWING WEATHER WAS RECORDED TODAY.
  LIGHT RAIN


RELATIVE HUMIDITY (PERCENT)
 HIGHEST    85           600 AM
 LOWEST     35           400 PM
 AVERAGE    60

..........................................................


THE TEXARKANA CLIMATE NORMALS FOR TOMORROW
                         NORMAL    RECORD    YEAR
 MAXIMUM TEMPERATURE (F)   55        79      1952
 MINIMUM TEMPERATURE (F)   34        10      1904


SUNRISE AND SUNSET
JANUARY 25 2015.......SUNRISE   716 AM CST   SUNSET   541 PM CST
JANUARY 26 2015.......SUNRISE   716 AM CST   SUNSET   542 PM CST


-  INDICATES NEGATIVE NUMBERS.
R  INDICATES RECORD WAS SET OR TIED.
MM INDICATES DATA IS MISSING.
T  INDICATES TRACE AMOUNT.




$$
