000
CDUS44 KSHV 180742
CLITXK


CLIMATE REPORT
NATIONAL WEATHER SERVICE SHREVEPORT, LA
240 AM CDT SAT APR 18 2015


...................................

...THE TEXARKANA CLIMATE SUMMARY FOR APRIL 17 2015...

CLIMATE NORMAL PERIOD 1981 TO 2010
CLIMATE RECORD PERIOD 1896 TO 2015


WEATHER ITEM   OBSERVED TIME   RECORD YEAR NORMAL DEPARTURE LAST
                VALUE   (LST)  VALUE       VALUE  FROM      YEAR
                                                  NORMAL
..................................................................
TEMPERATURE (F)
 YESTERDAY
  MAXIMUM         80    446 PM  92    2006  76      4       67
  MINIMUM         61    456 AM  32    1921  53      8       42
  AVERAGE         71                        64      7       55

PRECIPITATION (IN)
  YESTERDAY        0.00          2.52 1943   0.12  -0.12     0.00
  MONTH TO DATE    1.69                      2.09  -0.40     2.24
  SINCE DEC 1     21.47                     18.73   2.74    15.30
  SINCE JAN 1     18.79                     13.68   5.11     9.47

SNOWFALL (IN)
  YESTERDAY        0.0
  MONTH TO DATE    0.0
  SINCE MAR 1      1.0
  SINCE JUL 1      5.2
  SNOW DEPTH       0

DEGREE DAYS
 HEATING
  YESTERDAY        0                         3     -3       10
  MONTH TO DATE   43                        81    -38      128
  SINCE MAR 1    383                       381      2      522
  SINCE JUL 1   2764                      2575    189     2990

 COOLING
  YESTERDAY        6                         3      3        0
  MONTH TO DATE   64                        32     32       29
  SINCE MAR 1     80                        51     29       36
  SINCE JAN 1     80                        55     25       36
..................................................................


WIND (MPH)
  HIGHEST WIND SPEED    13   HIGHEST WIND DIRECTION     W (270)
  HIGHEST GUST SPEED    17   HIGHEST GUST DIRECTION     W (250)
  AVERAGE WIND SPEED     3.3


SKY COVER
  POSSIBLE SUNSHINE  MM
  AVERAGE SKY COVER 0.5


WEATHER CONDITIONS
 THE FOLLOWING WEATHER WAS RECORDED YESTERDAY.
  NO SIGNIFICANT WEATHER WAS OBSERVED.


RELATIVE HUMIDITY (PERCENT)
 HIGHEST   100           100 AM
 LOWEST     58           200 PM
 AVERAGE    79

..........................................................


THE TEXARKANA CLIMATE NORMALS FOR TODAY
                         NORMAL    RECORD    YEAR
 MAXIMUM TEMPERATURE (F)   76        94      2006
 MINIMUM TEMPERATURE (F)   53        36      1921


SUNRISE AND SUNSET
APRIL 18 2015.........SUNRISE   642 AM CDT   SUNSET   749 PM CDT
APRIL 19 2015.........SUNRISE   641 AM CDT   SUNSET   750 PM CDT


-  INDICATES NEGATIVE NUMBERS.
R  INDICATES RECORD WAS SET OR TIED.
MM INDICATES DATA IS MISSING.
T  INDICATES TRACE AMOUNT.




$$
