000
CDUS44 KSHV 261245
CLITXK


CLIMATE REPORT
NATIONAL WEATHER SERVICE SHREVEPORT, LA
745 AM CDT THU MAR 26 2015


...................................

...THE TEXARKANA CLIMATE SUMMARY FOR MARCH 25 2015...

CLIMATE NORMAL PERIOD 1981 TO 2010
CLIMATE RECORD PERIOD 1896 TO 2015


WEATHER ITEM   OBSERVED TIME   RECORD YEAR NORMAL DEPARTURE LAST
                VALUE   (LST)  VALUE       VALUE  FROM      YEAR
                                                  NORMAL
..................................................................
TEMPERATURE (F)
 YESTERDAY
  MAXIMUM         82    309 PM  89    1928  70     12       59
  MINIMUM         59    654 AM  27    1955  47     12       36
  AVERAGE         71                        58     13       48

PRECIPITATION (IN)
  YESTERDAY        0.00          1.43 1934   0.14  -0.14     0.00
  MONTH TO DATE    8.86                      3.41   5.45     2.62
  SINCE DEC 1     19.63                     15.85   3.78    12.37
  SINCE JAN 1     16.95                     10.80   6.15     6.54

SNOWFALL (IN)
  YESTERDAY        0.0
  MONTH TO DATE    1.0
  SINCE MAR 1      1.0
  SINCE JUL 1      5.2
  SNOW DEPTH       0

DEGREE DAYS
 HEATING
  YESTERDAY        0                         8     -8       17
  MONTH TO DATE  310                       260     50      355
  SINCE MAR 1    310                       260     50      355
  SINCE JUL 1   2691                      2454    237     2823

 COOLING
  YESTERDAY        6                         1      5        0
  MONTH TO DATE   12                        13     -1        2
  SINCE MAR 1     12                        13     -1        2
  SINCE JAN 1     12                        17     -5        2
..................................................................


WIND (MPH)
  HIGHEST WIND SPEED    20   HIGHEST WIND DIRECTION    SE (150)
  HIGHEST GUST SPEED    26   HIGHEST GUST DIRECTION     S (170)
  AVERAGE WIND SPEED     9.9


SKY COVER
  POSSIBLE SUNSHINE  MM
  AVERAGE SKY COVER 0.2


WEATHER CONDITIONS
 THE FOLLOWING WEATHER WAS RECORDED YESTERDAY.
  NO SIGNIFICANT WEATHER WAS OBSERVED.


RELATIVE HUMIDITY (PERCENT)
 HIGHEST    87           500 AM
 LOWEST     39           300 PM
 AVERAGE    63

..........................................................


THE TEXARKANA CLIMATE NORMALS FOR TODAY
                         NORMAL    RECORD    YEAR
 MAXIMUM TEMPERATURE (F)   70        89      1902
 MINIMUM TEMPERATURE (F)   47        21      1955


SUNRISE AND SUNSET
MARCH 26 2015.........SUNRISE   712 AM CDT   SUNSET   732 PM CDT
MARCH 27 2015.........SUNRISE   711 AM CDT   SUNSET   733 PM CDT


-  INDICATES NEGATIVE NUMBERS.
R  INDICATES RECORD WAS SET OR TIED.
MM INDICATES DATA IS MISSING.
T  INDICATES TRACE AMOUNT.




$$
