000
CDUS44 KSHV 300808
CLITXK


CLIMATE REPORT
NATIONAL WEATHER SERVICE SHREVEPORT, LA
305 AM CDT SAT APR 30 2016


...................................

...THE TEXARKANA CLIMATE SUMMARY FOR APRIL 29 2016...

CLIMATE NORMAL PERIOD 1981 TO 2010
CLIMATE RECORD PERIOD 1896 TO 2016


WEATHER ITEM   OBSERVED TIME   RECORD YEAR NORMAL DEPARTURE LAST
                VALUE   (LST)  VALUE       VALUE  FROM      YEAR
                                                  NORMAL
..................................................................
TEMPERATURE (F)
 YESTERDAY
  MAXIMUM         81   1155 AM  93    1990  78      3       76
  MINIMUM         66   1159 PM  40    1965  56     10       49
  AVERAGE         74                        67      7       63

PRECIPITATION (IN)
  YESTERDAY        2.18          2.43 1966   0.15   2.03     0.00
  MONTH TO DATE    7.19                      3.79   3.40     8.09
  SINCE DEC 1     27.52                     20.43   7.09    27.87
  SINCE JAN 1     21.54                     15.38   6.16    25.19

SNOWFALL (IN)
  YESTERDAY        0.0
  MONTH TO DATE    0.0
  SINCE MAR 1      0.0
  SINCE JUL 1      0.0
  SNOW DEPTH       0

DEGREE DAYS
 HEATING
  YESTERDAY        0                         1     -1        2
  MONTH TO DATE   60                       108    -48       82
  SINCE MAR 1    238                       408   -170      422
  SINCE JUL 1   1891                      2602   -711     2803

 COOLING
  YESTERDAY        9                         4      5        0
  MONTH TO DATE   75                        71      4       81
  SINCE MAR 1    101                        90     11       97
  SINCE JAN 1    107                        94     13       97
..................................................................


WIND (MPH)
  HIGHEST WIND SPEED    33   HIGHEST WIND DIRECTION    SE (150)
  HIGHEST GUST SPEED    45   HIGHEST GUST DIRECTION     S (160)
  AVERAGE WIND SPEED     9.4


SKY COVER
  POSSIBLE SUNSHINE  MM
  AVERAGE SKY COVER 0.9


WEATHER CONDITIONS
 THE FOLLOWING WEATHER WAS RECORDED YESTERDAY.
  THUNDERSTORM
  HEAVY RAIN
  RAIN
  LIGHT RAIN
  FOG


RELATIVE HUMIDITY (PERCENT)
 HIGHEST    97           500 PM
 LOWEST     66           100 AM
 AVERAGE    82

..........................................................


THE TEXARKANA CLIMATE NORMALS FOR TODAY
                         NORMAL    RECORD    YEAR
 MAXIMUM TEMPERATURE (F)   79        91      1943
 MINIMUM TEMPERATURE (F)   57        36      1908


SUNRISE AND SUNSET
APRIL 30 2016.........SUNRISE   628 AM CDT   SUNSET   759 PM CDT
MAY  1 2016...........SUNRISE   627 AM CDT   SUNSET   759 PM CDT


-  INDICATES NEGATIVE NUMBERS.
R  INDICATES RECORD WAS SET OR TIED.
MM INDICATES DATA IS MISSING.
T  INDICATES TRACE AMOUNT.




$$
