000
CDUS44 KSHV 312213
CLITXK


CLIMATE REPORT
NATIONAL WEATHER SERVICE SHREVEPORT, LA
513 PM CDT TUE MAY 31 2016


...................................

...THE TEXARKANA CLIMATE SUMMARY FOR MAY 31 2016...
VALID TODAY AS OF 0500 PM LOCAL TIME.

CLIMATE NORMAL PERIOD 1981 TO 2010
CLIMATE RECORD PERIOD 1896 TO 2016


WEATHER ITEM   OBSERVED TIME   RECORD YEAR NORMAL DEPARTURE LAST
                VALUE   (LST)  VALUE       VALUE  FROM      YEAR
                                                  NORMAL
..................................................................
TEMPERATURE (F)
 TODAY
  MAXIMUM         86    113 PM  99    1921  86      0       79
  MINIMUM         67    604 AM  50    1930  65      2       65
  AVERAGE         77                        75      2       72

PRECIPITATION (IN)
  TODAY            0.00          1.88 1967   0.14  -0.14      T
  MONTH TO DATE    4.25                      5.09  -0.84     8.69
  SINCE DEC 1     32.63                     25.67   6.96    36.56
  SINCE JAN 1     26.65                     20.62   6.03    33.88

DEGREE DAYS
 HEATING
  TODAY            0                         0      0        0
  MONTH TO DATE   17                        12      5        8
  SINCE MAR 1    255                       422   -167      430
  SINCE JUL 1   1908                      2616   -708     2811

 COOLING
  TODAY           12                        10      2        7
  MONTH TO DATE  175                       223    -48      227
  SINCE MAR 1    284                       316    -32      324
  SINCE JAN 1    290                       320    -30      324
..................................................................


WIND (MPH)
  HIGHEST WIND SPEED    12   HIGHEST WIND DIRECTION    SE (140)
  HIGHEST GUST SPEED    14   HIGHEST GUST DIRECTION    SE (140)
  AVERAGE WIND SPEED     4.0


SKY COVER
  POSSIBLE SUNSHINE  MM
  AVERAGE SKY COVER 0.3


WEATHER CONDITIONS
 THE FOLLOWING WEATHER WAS RECORDED TODAY.
  THUNDERSTORM
  LIGHT RAIN
  FOG


RELATIVE HUMIDITY (PERCENT)
 HIGHEST   100           400 AM
 LOWEST     65           100 PM
 AVERAGE    83

..........................................................


THE TEXARKANA CLIMATE NORMALS FOR TOMORROW
                         NORMAL    RECORD    YEAR
 MAXIMUM TEMPERATURE (F)   86       100      1921
 MINIMUM TEMPERATURE (F)   65        51      1966


SUNRISE AND SUNSET
MAY 31 2016...........SUNRISE   607 AM CDT   SUNSET   821 PM CDT
JUNE  1 2016..........SUNRISE   607 AM CDT   SUNSET   821 PM CDT


-  INDICATES NEGATIVE NUMBERS.
R  INDICATES RECORD WAS SET OR TIED.
MM INDICATES DATA IS MISSING.
T  INDICATES TRACE AMOUNT.




$$
