000
CDUS44 KSHV 280733
CLITXK


CLIMATE REPORT
NATIONAL WEATHER SERVICE SHREVEPORT, LA
233 AM CDT MON JUL 28 2014


...................................

...THE TEXARKANA CLIMATE SUMMARY FOR JULY 27 2014...

CLIMATE NORMAL PERIOD 1981 TO 2010
CLIMATE RECORD PERIOD 1896 TO 2014


WEATHER ITEM   OBSERVED TIME   RECORD YEAR NORMAL DEPARTURE LAST
                VALUE   (LST)  VALUE       VALUE  FROM      YEAR
                                                  NORMAL
..................................................................
TEMPERATURE (F)
 YESTERDAY
  MAXIMUM         96    410 PM 107    1934  94      2       86
  MINIMUM         76    551 AM  62    1911  72      4       67
  AVERAGE         86                        83      3       77

PRECIPITATION (IN)
  YESTERDAY        0.00          2.81 2006   0.09  -0.09      T
  MONTH TO DATE    2.26                      3.05  -0.79     2.81
  SINCE DEC 1     27.59                     33.17  -5.58    23.68
  SINCE JAN 1     21.76                     28.12  -6.36    19.22

SNOWFALL (IN)
  YESTERDAY        0.0
  MONTH TO DATE    0.0
  SINCE JUN 1      0.0
  SINCE JUL 1      0.0
  SNOW DEPTH       0

DEGREE DAYS
 HEATING
  YESTERDAY        0                         0      0        0
  MONTH TO DATE    0                         0      0        0
  SINCE JUN 1      0                         0      0        0
  SINCE JUL 1      0                         0      0        0

 COOLING
  YESTERDAY       21                        18      3       12
  MONTH TO DATE  377                       464    -87      428
  SINCE JUN 1    806                       869    -63      879
  SINCE JAN 1   1100                      1189    -89     1177
..................................................................


WIND (MPH)
  HIGHEST WIND SPEED    15   HIGHEST WIND DIRECTION    SW (240)
  HIGHEST GUST SPEED    20   HIGHEST GUST DIRECTION     W (250)
  AVERAGE WIND SPEED     7.2


SKY COVER
  POSSIBLE SUNSHINE  MM
  AVERAGE SKY COVER 0.0


WEATHER CONDITIONS
 THE FOLLOWING WEATHER WAS RECORDED YESTERDAY.
  NO SIGNIFICANT WEATHER WAS OBSERVED.


RELATIVE HUMIDITY (PERCENT)
 HIGHEST    94           500 AM
 LOWEST     46           300 PM
 AVERAGE    70

..........................................................


THE TEXARKANA CLIMATE NORMALS FOR TODAY
                         NORMAL    RECORD    YEAR
 MAXIMUM TEMPERATURE (F)   94       106      1930
 MINIMUM TEMPERATURE (F)   72        61      1994


SUNRISE AND SUNSET
JULY 28 2014..........SUNRISE   626 AM CDT   SUNSET   819 PM CDT
JULY 29 2014..........SUNRISE   626 AM CDT   SUNSET   818 PM CDT


-  INDICATES NEGATIVE NUMBERS.
R  INDICATES RECORD WAS SET OR TIED.
MM INDICATES DATA IS MISSING.
T  INDICATES TRACE AMOUNT.




$$
