000
CDUS44 KSHV 230835
CLITXK


CLIMATE REPORT
NATIONAL WEATHER SERVICE SHREVEPORT, LA
234 AM CST SUN NOV 23 2014


...................................

...THE TEXARKANA CLIMATE SUMMARY FOR NOVEMBER 22 2014...

CLIMATE NORMAL PERIOD 1981 TO 2010
CLIMATE RECORD PERIOD 1896 TO 2014


WEATHER ITEM   OBSERVED TIME   RECORD YEAR NORMAL DEPARTURE LAST
                VALUE   (LST)  VALUE       VALUE  FROM      YEAR
                                                  NORMAL
..................................................................
TEMPERATURE (F)
 YESTERDAY
  MAXIMUM         71    251 PM  84    1913  62      9       67
  MINIMUM         54    345 AM  22    1964  42     12       43
  AVERAGE         63                        52     11       55

PRECIPITATION (IN)
  YESTERDAY        0.43          2.55 1961   0.16   0.27     1.27
  MONTH TO DATE    2.89                      3.44  -0.55     2.71
  SINCE DEC 1     38.16                     48.27 -10.11    43.10
  SINCE JAN 1     32.33                     43.22 -10.89    38.64

SNOWFALL (IN)
  YESTERDAY        0.0
  MONTH TO DATE    T
  SINCE SEP 1      T
  SINCE JUL 1      T
  SNOW DEPTH       0

DEGREE DAYS
 HEATING
  YESTERDAY        2                        13    -11       10
  MONTH TO DATE  376                       219    157      227
  SINCE SEP 1    424                       337     87      319
  SINCE JUL 1    424                       337     87      319

 COOLING
  YESTERDAY        0                         0      0        0
  MONTH TO DATE    2                        14    -12        6
  SINCE SEP 1    477                       414     63      537
  SINCE JAN 1   2128                      2202    -74     2352
..................................................................


WIND (MPH)
  HIGHEST WIND SPEED    17   HIGHEST WIND DIRECTION    SE (150)
  HIGHEST GUST SPEED    22   HIGHEST GUST DIRECTION    SE (140)
  AVERAGE WIND SPEED     9.2


SKY COVER
  POSSIBLE SUNSHINE  MM
  AVERAGE SKY COVER 0.6


WEATHER CONDITIONS
 THE FOLLOWING WEATHER WAS RECORDED YESTERDAY.
  RAIN
  LIGHT RAIN
  FOG


RELATIVE HUMIDITY (PERCENT)
 HIGHEST   100          1100 PM
 LOWEST     53           300 PM
 AVERAGE    77

..........................................................


THE TEXARKANA CLIMATE NORMALS FOR TODAY
                         NORMAL    RECORD    YEAR
 MAXIMUM TEMPERATURE (F)   62        82      1921
 MINIMUM TEMPERATURE (F)   41        18      1929


SUNRISE AND SUNSET
NOVEMBER 23 2014......SUNRISE   655 AM CST   SUNSET   510 PM CST
NOVEMBER 24 2014......SUNRISE   656 AM CST   SUNSET   509 PM CST


-  INDICATES NEGATIVE NUMBERS.
R  INDICATES RECORD WAS SET OR TIED.
MM INDICATES DATA IS MISSING.
T  INDICATES TRACE AMOUNT.




$$
