442
CDUS44 KSHV 260749
CLITXK


CLIMATE REPORT
NATIONAL WEATHER SERVICE SHREVEPORT, LA
249 AM CDT WED APR 26 2017


...................................

...THE TEXARKANA CLIMATE SUMMARY FOR APRIL 25 2017...

CLIMATE NORMAL PERIOD 1981 TO 2010
CLIMATE RECORD PERIOD 1896 TO 2017


WEATHER ITEM   OBSERVED TIME   RECORD YEAR NORMAL DEPARTURE LAST
                VALUE   (LST)  VALUE       VALUE  FROM      YEAR
                                                  NORMAL
..................................................................
TEMPERATURE (F)
 YESTERDAY
  MAXIMUM         81    348 PM  91    1900  78      3       83
  MINIMUM         56    536 AM  33    1898  55      1       61
  AVERAGE         69                        66      3       72

PRECIPITATION (IN)
  YESTERDAY        0.00          4.47 1966   0.15  -0.15     0.00
  MONTH TO DATE    3.28                      3.19   0.09     4.62
  SINCE DEC 1     21.02                     19.83   1.19    24.95
  SINCE JAN 1     14.60                     14.78  -0.18    18.97

SNOWFALL (IN)
  YESTERDAY        0.0
  MONTH TO DATE    0.0
  SINCE MAR 1      0.0
  SINCE JUL 1      0.1
  SNOW DEPTH       0

DEGREE DAYS
 HEATING
  YESTERDAY        0                         2     -2        0
  MONTH TO DATE   34                       101    -67       60
  SINCE MAR 1    233                       401   -168      238
  SINCE JUL 1   1684                      2595   -911     1891

 COOLING
  YESTERDAY        4                         3      1        7
  MONTH TO DATE   80                        56     24       42
  SINCE MAR 1    129                        75     54       68
  SINCE JAN 1    161                        79     82       74
..................................................................


WIND (MPH)
  HIGHEST WIND SPEED    24   HIGHEST WIND DIRECTION     S (180)
  HIGHEST GUST SPEED    33   HIGHEST GUST DIRECTION     S (170)
  AVERAGE WIND SPEED    13.5


SKY COVER
  POSSIBLE SUNSHINE  MM
  AVERAGE SKY COVER 0.4


WEATHER CONDITIONS
 THE FOLLOWING WEATHER WAS RECORDED YESTERDAY.
  NO SIGNIFICANT WEATHER WAS OBSERVED.


RELATIVE HUMIDITY (PERCENT)
 HIGHEST    86           600 AM
 LOWEST     56          1200 AM
 AVERAGE    71

..........................................................


THE TEXARKANA CLIMATE NORMALS FOR TODAY
                         NORMAL    RECORD    YEAR
 MAXIMUM TEMPERATURE (F)   78        90      1939
 MINIMUM TEMPERATURE (F)   56        38      1992


SUNRISE AND SUNSET
APRIL 26 2017.........SUNRISE   633 AM CDT   SUNSET   755 PM CDT
APRIL 27 2017.........SUNRISE   632 AM CDT   SUNSET   756 PM CDT


-  INDICATES NEGATIVE NUMBERS.
R  INDICATES RECORD WAS SET OR TIED.
MM INDICATES DATA IS MISSING.
T  INDICATES TRACE AMOUNT.




$$
