000
CDUS44 KSHV 050759
CLITXK


CLIMATE REPORT
NATIONAL WEATHER SERVICE SHREVEPORT, LA
250 AM CDT SUN JUL 5 2015


...................................

...THE TEXARKANA CLIMATE SUMMARY FOR JULY 4 2015...

CLIMATE NORMAL PERIOD 1981 TO 2010
CLIMATE RECORD PERIOD 1896 TO 2015


WEATHER ITEM   OBSERVED TIME   RECORD YEAR NORMAL DEPARTURE LAST
                VALUE   (LST)  VALUE       VALUE  FROM      YEAR
                                                  NORMAL
..................................................................
TEMPERATURE (F)
 YESTERDAY
  MAXIMUM         79    445 AM 103    1933  92    -13       86
  MINIMUM         69   1234 PM  56    1924  71     -2       64
  AVERAGE         74                        81     -7       75

PRECIPITATION (IN)
  YESTERDAY        2.04          2.35 1991   0.12   1.92     0.00
  MONTH TO DATE    2.13                      0.50   1.63     0.02
  SINCE DEC 1     42.06                     30.62  11.44    25.35
  SINCE JAN 1     39.38                     25.57  13.81    19.52

SNOWFALL (IN)
  YESTERDAY        0.0
  MONTH TO DATE    0.0
  SINCE JUN 1      0.0
  SINCE JUL 1      0.0
  SNOW DEPTH       0

DEGREE DAYS
 HEATING
  YESTERDAY        0                         0      0        0
  MONTH TO DATE    0                         0      0        0
  SINCE JUN 1      0                         0      0        0
  SINCE JUL 1      0                         0      0        0

 COOLING
  YESTERDAY        9                        16     -7       10
  MONTH TO DATE   59                        64     -5       58
  SINCE JUN 1    538                       469     69      487
  SINCE JAN 1    862                       789     73      781
..................................................................


WIND (MPH)
  HIGHEST WIND SPEED    17   HIGHEST WIND DIRECTION    SW (220)
  HIGHEST GUST SPEED    21   HIGHEST GUST DIRECTION    NW (320)
  AVERAGE WIND SPEED     7.9


SKY COVER
  POSSIBLE SUNSHINE  MM
  AVERAGE SKY COVER 0.5


WEATHER CONDITIONS
 THE FOLLOWING WEATHER WAS RECORDED YESTERDAY.
  THUNDERSTORM
  HEAVY RAIN
  RAIN
  LIGHT RAIN
  FOG


RELATIVE HUMIDITY (PERCENT)
 HIGHEST   100           800 AM
 LOWEST     85           100 AM
 AVERAGE    93

..........................................................


THE TEXARKANA CLIMATE NORMALS FOR TODAY
                         NORMAL    RECORD    YEAR
 MAXIMUM TEMPERATURE (F)   92       103      1901
 MINIMUM TEMPERATURE (F)   71        52      1922


SUNRISE AND SUNSET
JULY  5 2015..........SUNRISE   612 AM CDT   SUNSET   829 PM CDT
JULY  6 2015..........SUNRISE   612 AM CDT   SUNSET   829 PM CDT


-  INDICATES NEGATIVE NUMBERS.
R  INDICATES RECORD WAS SET OR TIED.
MM INDICATES DATA IS MISSING.
T  INDICATES TRACE AMOUNT.




$$
