695
CDUS44 KSHV 262252
CLITXK


CLIMATE REPORT
NATIONAL WEATHER SERVICE SHREVEPORT, LA
451 PM CST SUN FEB 26 2017


...................................

...THE TEXARKANA CLIMATE SUMMARY FOR FEBRUARY 26 2017...
VALID TODAY AS OF 0400 PM LOCAL TIME.

CLIMATE NORMAL PERIOD 1981 TO 2010
CLIMATE RECORD PERIOD 1896 TO 2017


WEATHER ITEM   OBSERVED TIME   RECORD YEAR NORMAL DEPARTURE LAST
                VALUE   (LST)  VALUE       VALUE  FROM      YEAR
                                                  NORMAL
..................................................................
TEMPERATURE (F)
 TODAY
  MAXIMUM         61    359 PM  87    1917  62     -1       57
  MINIMUM         36    710 AM  14    1899  40     -4       28
  AVERAGE         49                        51     -2       43

PRECIPITATION (IN)
  TODAY            T             1.71 1962   0.16  -0.16     0.00
  MONTH TO DATE    2.56                      3.69  -1.13     4.17
  SINCE DEC 1     13.25                     12.14   1.11    12.10
  SINCE JAN 1      6.83                      7.09  -0.26     6.12

SNOWFALL (IN)
  TODAY           MM
  MONTH TO DATE    0.0
  SINCE DEC 1      0.1
  SINCE JUL 1      0.1
  SNOW DEPTH       0

DEGREE DAYS
 HEATING
  TODAY           16                        14      2       22
  MONTH TO DATE  263                       445   -182      349
  SINCE DEC 1   1208                      1709   -501     1350
  SINCE JUL 1   1442                      2167   -725     1634

 COOLING
  TODAY            0                         0      0        0
  MONTH TO DATE   14                         0     14        5
  SINCE DEC 1     35                         4     31       19
  SINCE JAN 1     28                         1     27        6
..................................................................


WIND (MPH)
  HIGHEST WIND SPEED    18   HIGHEST WIND DIRECTION    SE (150)
  HIGHEST GUST SPEED    24   HIGHEST GUST DIRECTION    SE (150)
  AVERAGE WIND SPEED     8.5


SKY COVER
  POSSIBLE SUNSHINE  MM
  AVERAGE SKY COVER 0.3


WEATHER CONDITIONS
 THE FOLLOWING WEATHER WAS RECORDED TODAY.
  NO SIGNIFICANT WEATHER WAS OBSERVED.


RELATIVE HUMIDITY (PERCENT)
 HIGHEST    75           700 AM
 LOWEST     30           100 PM
 AVERAGE    53

..........................................................


THE TEXARKANA CLIMATE NORMALS FOR TOMORROW
                         NORMAL    RECORD    YEAR
 MAXIMUM TEMPERATURE (F)   62        85      1918
 MINIMUM TEMPERATURE (F)   41        15      1935


SUNRISE AND SUNSET
FEBRUARY 26 2017......SUNRISE   647 AM CST   SUNSET   611 PM CST
FEBRUARY 27 2017......SUNRISE   646 AM CST   SUNSET   611 PM CST


-  INDICATES NEGATIVE NUMBERS.
R  INDICATES RECORD WAS SET OR TIED.
MM INDICATES DATA IS MISSING.
T  INDICATES TRACE AMOUNT.




$$
