000
CDUS44 KSHV 300750
CLITXK


CLIMATE REPORT
NATIONAL WEATHER SERVICE SHREVEPORT, LA
250 AM CDT THU JUN 30 2016


...................................

...THE TEXARKANA CLIMATE SUMMARY FOR JUNE 29 2016...

CLIMATE NORMAL PERIOD 1981 TO 2010
CLIMATE RECORD PERIOD 1896 TO 2016


WEATHER ITEM   OBSERVED TIME   RECORD YEAR NORMAL DEPARTURE LAST
                VALUE   (LST)  VALUE       VALUE  FROM      YEAR
                                                  NORMAL
..................................................................
TEMPERATURE (F)
 YESTERDAY
  MAXIMUM         94    324 PM 104    1925  91      3       93
  MINIMUM         68    446 AM  61    1903  70     -2       70
  AVERAGE         81                        81      0       82

PRECIPITATION (IN)
  YESTERDAY        0.00          1.64 1983   0.15  -0.15     0.00
  MONTH TO DATE    3.07                      4.31  -1.24     3.37
  SINCE DEC 1     36.27                     29.98   6.29    39.93
  SINCE JAN 1     30.29                     24.93   5.36    37.25

SNOWFALL (IN)
  YESTERDAY        0.0
  MONTH TO DATE    0.0
  SINCE JUN 1      0.0
  SINCE JUL 1      0.0
  SNOW DEPTH       0

DEGREE DAYS
 HEATING
  YESTERDAY        0                         0      0        0
  MONTH TO DATE    0                         0      0        0
  SINCE JUN 1      0                         0      0        0
  SINCE JUL 1   1908                      2616   -708     2811

 COOLING
  YESTERDAY       16                        16      0       17
  MONTH TO DATE  471                       390     81      460
  SINCE JUN 1    471                       390     81      460
  SINCE JAN 1    761                       710     51      784
..................................................................


WIND (MPH)
  HIGHEST WIND SPEED    12   HIGHEST WIND DIRECTION    NE (40)
  HIGHEST GUST SPEED    17   HIGHEST GUST DIRECTION    NE (40)
  AVERAGE WIND SPEED     3.7


SKY COVER
  POSSIBLE SUNSHINE  MM
  AVERAGE SKY COVER 0.0


WEATHER CONDITIONS
 THE FOLLOWING WEATHER WAS RECORDED YESTERDAY.
  FOG


RELATIVE HUMIDITY (PERCENT)
 HIGHEST    97           400 AM
 LOWEST     41           300 PM
 AVERAGE    69

..........................................................


THE TEXARKANA CLIMATE NORMALS FOR TODAY
                         NORMAL    RECORD    YEAR
 MAXIMUM TEMPERATURE (F)   91       105      1925
 MINIMUM TEMPERATURE (F)   71        59      1926


SUNRISE AND SUNSET
JUNE 30 2016..........SUNRISE   610 AM CDT   SUNSET   830 PM CDT
JULY  1 2016..........SUNRISE   610 AM CDT   SUNSET   830 PM CDT


-  INDICATES NEGATIVE NUMBERS.
R  INDICATES RECORD WAS SET OR TIED.
MM INDICATES DATA IS MISSING.
T  INDICATES TRACE AMOUNT.




$$
