000
CDUS44 KSHV 230850
CLITXK


CLIMATE REPORT
NATIONAL WEATHER SERVICE SHREVEPORT, LA
249 AM CST FRI FEB 23 2018


...................................

...THE TEXARKANA CLIMATE SUMMARY FOR FEBRUARY 22 2018...

CLIMATE NORMAL PERIOD 1981 TO 2010
CLIMATE RECORD PERIOD 1896 TO 2018


WEATHER ITEM   OBSERVED TIME   RECORD YEAR NORMAL DEPARTURE LAST
                VALUE   (LST)  VALUE       VALUE  FROM      YEAR
                                                  NORMAL
..................................................................
TEMPERATURE (F)
 YESTERDAY
  MAXIMUM         49    102 AM  84    1996  61    -12       71
  MINIMUM         44   1041 AM  13    1978  39      5       50
  AVERAGE         47                        50     -3       61

PRECIPITATION (IN)
  YESTERDAY        0.98          2.36 1991   0.15   0.83     0.00
  MONTH TO DATE    9.13                      3.07   6.06     2.56
  SINCE DEC 1     18.11                     11.52   6.59    13.25
  SINCE JAN 1     11.52                      6.47   5.05     6.83

SNOWFALL (IN)
  YESTERDAY       MM
  MONTH TO DATE    T
  SINCE DEC 1      2.0
  SINCE JUL 1      2.0
  SNOW DEPTH       0

DEGREE DAYS
 HEATING
  YESTERDAY       18                        15      3        4
  MONTH TO DATE  373                       387    -14      218
  SINCE DEC 1   1714                      1651     63     1163
  SINCE JUL 1   2070                      2109    -39     1397

 COOLING
  YESTERDAY        0                         0      0        0
  MONTH TO DATE   13                         0     13       11
  SINCE DEC 1     15                         4     11       32
  SINCE JAN 1     13                         1     12       25
..................................................................


WIND (MPH)
  HIGHEST WIND SPEED    14   HIGHEST WIND DIRECTION    NE (60)
  HIGHEST GUST SPEED    18   HIGHEST GUST DIRECTION    NE (40)
  AVERAGE WIND SPEED     6.0


SKY COVER
  POSSIBLE SUNSHINE  MM
  AVERAGE SKY COVER 1.0


WEATHER CONDITIONS
 THE FOLLOWING WEATHER WAS RECORDED YESTERDAY.
  THUNDERSTORM
  HEAVY RAIN
  RAIN
  LIGHT RAIN
  FOG


RELATIVE HUMIDITY (PERCENT)
 HIGHEST   100           300 AM
 LOWEST     93          1200 AM
 AVERAGE    97

..........................................................


THE TEXARKANA CLIMATE NORMALS FOR TODAY
                         NORMAL    RECORD    YEAR
 MAXIMUM TEMPERATURE (F)   61        83      1996
 MINIMUM TEMPERATURE (F)   40        13      1899


SUNRISE AND SUNSET
FEBRUARY 23 2018......SUNRISE   651 AM CST   SUNSET   608 PM CST
FEBRUARY 24 2018......SUNRISE   650 AM CST   SUNSET   609 PM CST


-  INDICATES NEGATIVE NUMBERS.
R  INDICATES RECORD WAS SET OR TIED.
MM INDICATES DATA IS MISSING.
T  INDICATES TRACE AMOUNT.




$$
