000
CDUS44 KSHV 162131
CLITXK


CLIMATE REPORT
NATIONAL WEATHER SERVICE SHREVEPORT, LA
431 PM CDT WED APR 16 2014


...................................

...THE TEXARKANA CLIMATE SUMMARY FOR APRIL 16 2014...
VALID TODAY AS OF 0400 PM LOCAL TIME.

CLIMATE NORMAL PERIOD 1981 TO 2010
CLIMATE RECORD PERIOD 1896 TO 2014


WEATHER ITEM   OBSERVED TIME   RECORD YEAR NORMAL DEPARTURE LAST
                VALUE   (LST)  VALUE       VALUE  FROM      YEAR
                                                  NORMAL
..................................................................
TEMPERATURE (F)
 TODAY
  MAXIMUM         63    252 PM  93    1913  76    -13       86
  MINIMUM         39    621 AM  36    1961  53    -14       71
  AVERAGE         51                        64    -13       79

PRECIPITATION (IN)
  TODAY            0.00          1.00 1946   0.12  -0.12     0.00
  MONTH TO DATE    2.24                      1.97   0.27     1.50
  SINCE DEC 1     15.30                     18.61  -3.31    14.01
  SINCE JAN 1      9.47                     13.56  -4.09     9.55

SNOWFALL (IN)
  TODAY            0.0
  MONTH TO DATE    0.0
  SINCE MAR 1      T
  SINCE JUL 1      1.7
  SNOW DEPTH       0

DEGREE DAYS
 HEATING
  TODAY           14                         4     10        0
  MONTH TO DATE  118                        78     40       90
  SINCE MAR 1    512                       378    134      480
  SINCE JUL 1   2980                      2572    408     2426

 COOLING
  TODAY            0                         2     -2       14
  MONTH TO DATE   29                        29      0       43
  SINCE MAR 1     36                        48    -12       54
  SINCE JAN 1     36                        52    -16       58
..................................................................


WIND (MPH)
  HIGHEST WIND SPEED    17   HIGHEST WIND DIRECTION    SE (140)
  HIGHEST GUST SPEED    23   HIGHEST GUST DIRECTION    SE (150)
  AVERAGE WIND SPEED     9.5


SKY COVER
  POSSIBLE SUNSHINE  MM
  AVERAGE SKY COVER 0.0


WEATHER CONDITIONS
 THE FOLLOWING WEATHER WAS RECORDED TODAY.
  NO SIGNIFICANT WEATHER WAS OBSERVED.


RELATIVE HUMIDITY (PERCENT)
 HIGHEST    79           500 AM
 LOWEST     27           300 PM
 AVERAGE    53

..........................................................


THE TEXARKANA CLIMATE NORMALS FOR TOMORROW
                         NORMAL    RECORD    YEAR
 MAXIMUM TEMPERATURE (F)   76        92      2006
 MINIMUM TEMPERATURE (F)   53        32      1921


SUNRISE AND SUNSET
APRIL 16 2014.........SUNRISE   644 AM CDT   SUNSET   748 PM CDT
APRIL 17 2014.........SUNRISE   643 AM CDT   SUNSET   748 PM CDT


-  INDICATES NEGATIVE NUMBERS.
R  INDICATES RECORD WAS SET OR TIED.
MM INDICATES DATA IS MISSING.
T  INDICATES TRACE AMOUNT.




$$
