000
CDUS44 KSHV 082246
CLITXK


CLIMATE REPORT
NATIONAL WEATHER SERVICE SHREVEPORT, LA
446 PM CST THU DEC 8 2016


...................................

...THE TEXARKANA CLIMATE SUMMARY FOR DECEMBER 8 2016...
VALID TODAY AS OF 0400 PM LOCAL TIME.

CLIMATE NORMAL PERIOD 1981 TO 2010
CLIMATE RECORD PERIOD 1896 TO 2016


WEATHER ITEM   OBSERVED TIME   RECORD YEAR NORMAL DEPARTURE LAST
                VALUE   (LST)  VALUE       VALUE  FROM      YEAR
                                                  NORMAL
..................................................................
TEMPERATURE (F)
 TODAY
  MAXIMUM         41    129 PM  80    1923  57    -16       69
  MINIMUM         37    909 AM  14    1927  37      0       44
  AVERAGE         39                        47     -8       57

PRECIPITATION (IN)
  TODAY            T             2.11 1978   0.17  -0.17     0.00
  MONTH TO DATE    1.23                      1.45  -0.22     0.00
  SINCE DEC 1      1.23                      1.45  -0.22     0.00
  SINCE JAN 1     44.14                     46.05  -1.91    57.56

SNOWFALL (IN)
  TODAY            0.0
  MONTH TO DATE    0.0
  SINCE DEC 1      0.0
  SINCE JUL 1      0.0
  SNOW DEPTH       0

DEGREE DAYS
 HEATING
  TODAY           26                        18      8        8
  MONTH TO DATE  147                       139      8      138
  SINCE DEC 1    147                       139      8      138
  SINCE JUL 1    381                       597   -216      422

 COOLING
  TODAY            0                         0      0        0
  MONTH TO DATE    0                         0      0        0
  SINCE DEC 1      0                         0      0        0
  SINCE JAN 1   2587                      2204    383     2530
..................................................................


WIND (MPH)
  HIGHEST WIND SPEED    15   HIGHEST WIND DIRECTION     N (360)
  HIGHEST GUST SPEED    20   HIGHEST GUST DIRECTION     N (10)
  AVERAGE WIND SPEED     9.3


SKY COVER
  POSSIBLE SUNSHINE  MM
  AVERAGE SKY COVER 0.6


WEATHER CONDITIONS
 THE FOLLOWING WEATHER WAS RECORDED TODAY.
  FOG


RELATIVE HUMIDITY (PERCENT)
 HIGHEST   100           100 AM
 LOWEST     40           400 PM
 AVERAGE    70

..........................................................


THE TEXARKANA CLIMATE NORMALS FOR TOMORROW
                         NORMAL    RECORD    YEAR
 MAXIMUM TEMPERATURE (F)   57        80      1906
 MINIMUM TEMPERATURE (F)   37        15      2005
                                             1927


SUNRISE AND SUNSET
DECEMBER  8 2016......SUNRISE   708 AM CST   SUNSET   508 PM CST
DECEMBER  9 2016......SUNRISE   709 AM CST   SUNSET   508 PM CST


-  INDICATES NEGATIVE NUMBERS.
R  INDICATES RECORD WAS SET OR TIED.
MM INDICATES DATA IS MISSING.
T  INDICATES TRACE AMOUNT.




$$
