000
CDUS44 KSHV 250843
CLITXK


CLIMATE REPORT
NATIONAL WEATHER SERVICE SHREVEPORT, LA
242 AM CST TUE NOV 25 2014


...................................

...THE TEXARKANA CLIMATE SUMMARY FOR NOVEMBER 24 2014...

CLIMATE NORMAL PERIOD 1981 TO 2010
CLIMATE RECORD PERIOD 1896 TO 2014


WEATHER ITEM   OBSERVED TIME   RECORD YEAR NORMAL DEPARTURE LAST
                VALUE   (LST)  VALUE       VALUE  FROM      YEAR
                                                  NORMAL
..................................................................
TEMPERATURE (F)
 YESTERDAY
  MAXIMUM         61    307 PM  84    1965  61      0       37
  MINIMUM         38   1129 PM  19    1970  41     -3       30
  AVERAGE         50                        51     -1       34

PRECIPITATION (IN)
  YESTERDAY        0.00          2.05 1952   0.16  -0.16     0.04
  MONTH TO DATE    3.12                      3.77  -0.65     3.13
  SINCE DEC 1     38.39                     48.60 -10.21    43.52
  SINCE JAN 1     32.56                     43.55 -10.99    39.06

SNOWFALL (IN)
  YESTERDAY        0.0
  MONTH TO DATE    T
  SINCE SEP 1      T
  SINCE JUL 1      T
  SNOW DEPTH       0

DEGREE DAYS
 HEATING
  YESTERDAY       15                        14      1       31
  MONTH TO DATE  393                       247    146      281
  SINCE SEP 1    441                       365     76      373
  SINCE JUL 1    441                       365     76      373

 COOLING
  YESTERDAY        0                         0      0        0
  MONTH TO DATE    2                        14    -12        6
  SINCE SEP 1    477                       414     63      537
  SINCE JAN 1   2128                      2202    -74     2352
..................................................................


WIND (MPH)
  HIGHEST WIND SPEED    23   HIGHEST WIND DIRECTION     W (280)
  HIGHEST GUST SPEED    36   HIGHEST GUST DIRECTION    NW (310)
  AVERAGE WIND SPEED     9.4


SKY COVER
  POSSIBLE SUNSHINE  MM
  AVERAGE SKY COVER 0.2


WEATHER CONDITIONS
 THE FOLLOWING WEATHER WAS RECORDED YESTERDAY.
  NO SIGNIFICANT WEATHER WAS OBSERVED.


RELATIVE HUMIDITY (PERCENT)
 HIGHEST    82           700 AM
 LOWEST     22           400 PM
 AVERAGE    52

..........................................................


THE TEXARKANA CLIMATE NORMALS FOR TODAY
                         NORMAL    RECORD    YEAR
 MAXIMUM TEMPERATURE (F)   61        84      1965
 MINIMUM TEMPERATURE (F)   41        20      1938


SUNRISE AND SUNSET
NOVEMBER 25 2014......SUNRISE   657 AM CST   SUNSET   509 PM CST
NOVEMBER 26 2014......SUNRISE   658 AM CST   SUNSET   509 PM CST


-  INDICATES NEGATIVE NUMBERS.
R  INDICATES RECORD WAS SET OR TIED.
MM INDICATES DATA IS MISSING.
T  INDICATES TRACE AMOUNT.




$$
