000
CDUS44 KSHV 240747
CLITXK


CLIMATE REPORT
NATIONAL WEATHER SERVICE SHREVEPORT, LA
247 AM CDT THU JUL 24 2014


...................................

...THE TEXARKANA CLIMATE SUMMARY FOR JULY 23 2014...

CLIMATE NORMAL PERIOD 1981 TO 2010
CLIMATE RECORD PERIOD 1896 TO 2014


WEATHER ITEM   OBSERVED TIME   RECORD YEAR NORMAL DEPARTURE LAST
                VALUE   (LST)  VALUE       VALUE  FROM      YEAR
                                                  NORMAL
..................................................................
TEMPERATURE (F)
 YESTERDAY
  MAXIMUM         90    243 PM 107    1934  94     -4       98
  MINIMUM         69   1159 PM  57    1915  72     -3       73
  AVERAGE         80                        83     -3       86

PRECIPITATION (IN)
  YESTERDAY        0.62          1.10 1949   0.09   0.53     0.33
  MONTH TO DATE    2.26                      2.68  -0.42     0.93
  SINCE DEC 1     27.59                     32.80  -5.21    21.80
  SINCE JAN 1     21.76                     27.75  -5.99    17.34

SNOWFALL (IN)
  YESTERDAY        0.0
  MONTH TO DATE    0.0
  SINCE JUN 1      0.0
  SINCE JUL 1      0.0
  SNOW DEPTH       0

DEGREE DAYS
 HEATING
  YESTERDAY        0                         0      0        0
  MONTH TO DATE    0                         0      0        0
  SINCE JUN 1      0                         0      0        0
  SINCE JUL 1      0                         0      0        0

 COOLING
  YESTERDAY       15                        18     -3       21
  MONTH TO DATE  310                       392    -82      381
  SINCE JUN 1    739                       797    -58      832
  SINCE JAN 1   1033                      1117    -84     1130
..................................................................


WIND (MPH)
  HIGHEST WIND SPEED    33   HIGHEST WIND DIRECTION    NE (30)
  HIGHEST GUST SPEED    52   HIGHEST GUST DIRECTION     N (10)
  AVERAGE WIND SPEED     4.4


SKY COVER
  POSSIBLE SUNSHINE  MM
  AVERAGE SKY COVER 0.3


WEATHER CONDITIONS
 THE FOLLOWING WEATHER WAS RECORDED YESTERDAY.
  HEAVY RAIN
  RAIN
  LIGHT RAIN
  FOG


RELATIVE HUMIDITY (PERCENT)
 HIGHEST   100           300 AM
 LOWEST     55          1200 PM
 AVERAGE    78

..........................................................


THE TEXARKANA CLIMATE NORMALS FOR TODAY
                         NORMAL    RECORD    YEAR
 MAXIMUM TEMPERATURE (F)   94       109      1934
 MINIMUM TEMPERATURE (F)   72        59      1947


SUNRISE AND SUNSET
JULY 24 2014..........SUNRISE   623 AM CDT   SUNSET   822 PM CDT
JULY 25 2014..........SUNRISE   624 AM CDT   SUNSET   821 PM CDT


-  INDICATES NEGATIVE NUMBERS.
R  INDICATES RECORD WAS SET OR TIED.
MM INDICATES DATA IS MISSING.
T  INDICATES TRACE AMOUNT.




$$
