000
CDUS44 KSHV 060008
CLITXK


CLIMATE REPORT
NATIONAL WEATHER SERVICE SHREVEPORT, LA
607 PM CST FRI FEB 5 2016


...................................

...THE TEXARKANA CLIMATE SUMMARY FOR FEBRUARY 5 2016...
VALID TODAY AS OF 0600 PM LOCAL TIME.

CLIMATE NORMAL PERIOD 1981 TO 2010
CLIMATE RECORD PERIOD 1896 TO 2016


WEATHER ITEM   OBSERVED TIME   RECORD YEAR NORMAL DEPARTURE LAST
                VALUE   (LST)  VALUE       VALUE  FROM      YEAR
                                                  NORMAL
..................................................................
TEMPERATURE (F)
 TODAY
  MAXIMUM         55    253 PM  77    1921  56     -1       48
  MINIMUM         26    645 AM  14    1936  36    -10       32
  AVERAGE         41                        46     -5       40

PRECIPITATION (IN)
  TODAY            0.00          0.87 1946   0.13  -0.13     0.00
  MONTH TO DATE    0.01                      0.62  -0.61     0.52
  SINCE DEC 1      7.94                      9.07  -1.13     7.44
  SINCE JAN 1      1.96                      4.02  -2.06     4.76

SNOWFALL (IN)
  TODAY            0.0
  MONTH TO DATE    0.0
  SINCE DEC 1      0.0
  SINCE JUL 1      0.0
  SNOW DEPTH       0

DEGREE DAYS
 HEATING
  TODAY           24                        19      5       25
  MONTH TO DATE   78                        97    -19      123
  SINCE DEC 1   1079                      1361   -282     1344
  SINCE JUL 1   1363                      1819   -456     1854

 COOLING
  TODAY            0                         0      0        0
  MONTH TO DATE    0                         0      0        0
  SINCE DEC 1     14                         4     10        1
  SINCE JAN 1      1                         1      0        0
..................................................................


WIND (MPH)
  HIGHEST WIND SPEED    12   HIGHEST WIND DIRECTION    SE (150)
  HIGHEST GUST SPEED    18   HIGHEST GUST DIRECTION    SW (220)
  AVERAGE WIND SPEED     3.6


SKY COVER
  POSSIBLE SUNSHINE  MM
  AVERAGE SKY COVER 0.0


WEATHER CONDITIONS
 THE FOLLOWING WEATHER WAS RECORDED TODAY.
  NO SIGNIFICANT WEATHER WAS OBSERVED.


RELATIVE HUMIDITY (PERCENT)
 HIGHEST    85           700 AM
 LOWEST     20           300 PM
 AVERAGE    53

..........................................................


THE TEXARKANA CLIMATE NORMALS FOR TOMORROW
                         NORMAL    RECORD    YEAR
 MAXIMUM TEMPERATURE (F)   57        76      1963
 MINIMUM TEMPERATURE (F)   36        17      1989


SUNRISE AND SUNSET
FEBRUARY  5 2016......SUNRISE   709 AM CST   SUNSET   551 PM CST
FEBRUARY  6 2016......SUNRISE   709 AM CST   SUNSET   552 PM CST


-  INDICATES NEGATIVE NUMBERS.
R  INDICATES RECORD WAS SET OR TIED.
MM INDICATES DATA IS MISSING.
T  INDICATES TRACE AMOUNT.




$$
