201
CDUS44 KSHV 260210
CLITXK


CLIMATE REPORT
NATIONAL WEATHER SERVICE SHREVEPORT, LA
858 PM CDT SAT JUN 25 2016


...................................

...THE TEXARKANA CLIMATE SUMMARY FOR JUNE 25 2016...
VALID TODAY AS OF 0800 PM LOCAL TIME.

CLIMATE NORMAL PERIOD 1981 TO 2010
CLIMATE RECORD PERIOD 1896 TO 2016


WEATHER ITEM   OBSERVED TIME   RECORD YEAR NORMAL DEPARTURE LAST
                VALUE   (LST)  VALUE       VALUE  FROM      YEAR
                                                  NORMAL
..................................................................
TEMPERATURE (F)
 TODAY
  MAXIMUM         93    259 PM 107    2012  91      2       95
  MINIMUM         75    551 AM  56    1974  70      5       75
  AVERAGE         84                        80      4       85

PRECIPITATION (IN)
  TODAY            0.00          1.73 1960   0.14  -0.14     0.00
  MONTH TO DATE    3.07                      3.72  -0.65     2.95
  SINCE DEC 1     36.27                     29.39   6.88    39.51
  SINCE JAN 1     30.29                     24.34   5.95    36.83

DEGREE DAYS
 HEATING
  TODAY            0                         0      0        0
  MONTH TO DATE    0                         0      0        0
  SINCE JUN 1      0                         0      0        0
  SINCE JUL 1   1908                      2616   -708     2811

 COOLING
  TODAY           19                        15      4       20
  MONTH TO DATE  395                       328     67      400
  SINCE JUN 1    395                       328     67      400
  SINCE JAN 1    685                       648     37      724
..................................................................


WIND (MPH)
  HIGHEST WIND SPEED    13   HIGHEST WIND DIRECTION     S (160)
  HIGHEST GUST SPEED    16   HIGHEST GUST DIRECTION     S (180)
  AVERAGE WIND SPEED     6.6


SKY COVER
  POSSIBLE SUNSHINE  MM
  AVERAGE SKY COVER 0.3


WEATHER CONDITIONS
 THE FOLLOWING WEATHER WAS RECORDED TODAY.
  NO SIGNIFICANT WEATHER WAS OBSERVED.


RELATIVE HUMIDITY (PERCENT)
 HIGHEST    87           200 AM
 LOWEST     52           200 PM
 AVERAGE    70

..........................................................


THE TEXARKANA CLIMATE NORMALS FOR TOMORROW
                         NORMAL    RECORD    YEAR
 MAXIMUM TEMPERATURE (F)   91       105      1918
 MINIMUM TEMPERATURE (F)   70        57      1974


SUNRISE AND SUNSET
JUNE 25 2016..........SUNRISE   608 AM CDT   SUNSET   830 PM CDT
JUNE 26 2016..........SUNRISE   608 AM CDT   SUNSET   830 PM CDT


-  INDICATES NEGATIVE NUMBERS.
R  INDICATES RECORD WAS SET OR TIED.
MM INDICATES DATA IS MISSING.
T  INDICATES TRACE AMOUNT.




$$
