000
CDUS44 KSHV 250737
CLITXK


CLIMATE REPORT
NATIONAL WEATHER SERVICE SHREVEPORT, LA
234 AM CDT SAT OCT 25 2014


...................................

...THE TEXARKANA CLIMATE SUMMARY FOR OCTOBER 24 2014...

CLIMATE NORMAL PERIOD 1981 TO 2010
CLIMATE RECORD PERIOD 1896 TO 2014


WEATHER ITEM   OBSERVED TIME   RECORD YEAR NORMAL DEPARTURE LAST
                VALUE   (LST)  VALUE       VALUE  FROM      YEAR
                                                  NORMAL
..................................................................
TEMPERATURE (F)
 YESTERDAY
  MAXIMUM         77    311 PM  95    1927  73      4       74
  MINIMUM         48    653 AM  29    1917  51     -3       50
  AVERAGE         63                        62      1       62

PRECIPITATION (IN)
  YESTERDAY        0.00          1.97 1949   0.17  -0.17     0.00
  MONTH TO DATE    2.45                      3.81  -1.36     2.85
  SINCE DEC 1     35.26                     43.71  -8.45    36.75
  SINCE JAN 1     29.43                     38.66  -9.23    32.29

SNOWFALL (IN)
  YESTERDAY        0.0
  MONTH TO DATE    0.0
  SINCE SEP 1      0.0
  SINCE JUL 1      0.0
  SNOW DEPTH       0

DEGREE DAYS
 HEATING
  YESTERDAY        2                         5     -3        3
  MONTH TO DATE   28                        66    -38       59
  SINCE SEP 1     31                        77    -46       59
  SINCE JUL 1     31                        77    -46       59

 COOLING
  YESTERDAY        0                         2     -2        0
  MONTH TO DATE  110                        84     26       87
  SINCE SEP 1    456                       390     66      524
  SINCE JAN 1   2107                      2178    -71     2339
..................................................................


WIND (MPH)
  HIGHEST WIND SPEED     7   HIGHEST WIND DIRECTION     W (280)
  HIGHEST GUST SPEED     9   HIGHEST GUST DIRECTION     W (260)
  AVERAGE WIND SPEED     2.1


SKY COVER
  POSSIBLE SUNSHINE  MM
  AVERAGE SKY COVER 0.0


WEATHER CONDITIONS
 THE FOLLOWING WEATHER WAS RECORDED YESTERDAY.
  FOG


RELATIVE HUMIDITY (PERCENT)
 HIGHEST   100           700 AM
 LOWEST     46           100 PM
 AVERAGE    73

..........................................................


THE TEXARKANA CLIMATE NORMALS FOR TODAY
                         NORMAL    RECORD    YEAR
 MAXIMUM TEMPERATURE (F)   73        96      1927
 MINIMUM TEMPERATURE (F)   51        29      1965


SUNRISE AND SUNSET
OCTOBER 25 2014.......SUNRISE   729 AM CDT   SUNSET   631 PM CDT
OCTOBER 26 2014.......SUNRISE   730 AM CDT   SUNSET   630 PM CDT


-  INDICATES NEGATIVE NUMBERS.
R  INDICATES RECORD WAS SET OR TIED.
MM INDICATES DATA IS MISSING.
T  INDICATES TRACE AMOUNT.




$$
