708
CDUS44 KSHV 202239
CLITXK


CLIMATE REPORT
NATIONAL WEATHER SERVICE SHREVEPORT, LA
438 PM CST FRI JAN 20 2017


...................................

...THE TEXARKANA CLIMATE SUMMARY FOR JANUARY 20 2017...
VALID TODAY AS OF 0400 PM LOCAL TIME.

CLIMATE NORMAL PERIOD 1981 TO 2010
CLIMATE RECORD PERIOD 1896 TO 2017


WEATHER ITEM   OBSERVED TIME   RECORD YEAR NORMAL DEPARTURE LAST
                VALUE   (LST)  VALUE       VALUE  FROM      YEAR
                                                  NORMAL
..................................................................
TEMPERATURE (F)
 TODAY
  MAXIMUM         73    257 PM  80    1954  54     19       53
  MINIMUM         54    756 AM  11    1985  34     20       37
  AVERAGE         64                        44     20       45

PRECIPITATION (IN)
  TODAY            0.00          1.79 1958   0.10  -0.10     0.01
  MONTH TO DATE    3.94                      2.18   1.76     0.72
  SINCE DEC 1     10.36                      7.23   3.13     6.70
  SINCE JAN 1      3.94                      2.18   1.76     0.72

SNOWFALL (IN)
  TODAY            0.0
  MONTH TO DATE    0.1
  SINCE DEC 1      0.1
  SINCE JUL 1      0.1
  SNOW DEPTH       0

DEGREE DAYS
 HEATING
  TODAY            1                        21    -20       20
  MONTH TO DATE  292                       433   -141      434
  SINCE DEC 1    797                      1042   -245      811
  SINCE JUL 1   1031                      1500   -469     1095

 COOLING
  TODAY            0                         0      0        0
  MONTH TO DATE   14                         0     14        0
  SINCE DEC 1     21                         3     18       13
  SINCE JAN 1     14                         0     14        0
..................................................................


WIND (MPH)
  HIGHEST WIND SPEED    22   HIGHEST WIND DIRECTION    SW (220)
  HIGHEST GUST SPEED    29   HIGHEST GUST DIRECTION    SW (230)
  AVERAGE WIND SPEED    14.1


SKY COVER
  POSSIBLE SUNSHINE  MM
  AVERAGE SKY COVER 0.3


WEATHER CONDITIONS
 THE FOLLOWING WEATHER WAS RECORDED TODAY.
  NO SIGNIFICANT WEATHER WAS OBSERVED.


RELATIVE HUMIDITY (PERCENT)
 HIGHEST   100          1200 AM
 LOWEST     33           300 PM
 AVERAGE    67

..........................................................


THE TEXARKANA CLIMATE NORMALS FOR TOMORROW
                         NORMAL    RECORD    YEAR
 MAXIMUM TEMPERATURE (F)   54        77      1986
 MINIMUM TEMPERATURE (F)   34        14      1984


SUNRISE AND SUNSET
JANUARY 20 2017.......SUNRISE   718 AM CST   SUNSET   536 PM CST
JANUARY 21 2017.......SUNRISE   718 AM CST   SUNSET   537 PM CST


-  INDICATES NEGATIVE NUMBERS.
R  INDICATES RECORD WAS SET OR TIED.
MM INDICATES DATA IS MISSING.
T  INDICATES TRACE AMOUNT.




$$
