000
CDUS44 KSHV 270855
CLITXK


CLIMATE REPORT
NATIONAL WEATHER SERVICE SHREVEPORT, LA
351 AM CDT MON APR 27 2015


...................................

...THE TEXARKANA CLIMATE SUMMARY FOR APRIL 26 2015...

CLIMATE NORMAL PERIOD 1981 TO 2010
CLIMATE RECORD PERIOD 1896 TO 2015


WEATHER ITEM   OBSERVED TIME   RECORD YEAR NORMAL DEPARTURE LAST
                VALUE   (LST)  VALUE       VALUE  FROM      YEAR
                                                  NORMAL
..................................................................
TEMPERATURE (F)
 YESTERDAY
  MAXIMUM         85    248 PM  90    1939  78      7       86
  MINIMUM         55    602 AM  38    1992  56     -1       59
  AVERAGE         70                        67      3       73

PRECIPITATION (IN)
  YESTERDAY        0.01          5.09 1958   0.16  -0.15     0.00
  MONTH TO DATE    7.67                      3.35   4.32     2.29
  SINCE DEC 1     27.45                     19.99   7.46    15.35
  SINCE JAN 1     24.77                     14.94   9.83     9.52

SNOWFALL (IN)
  YESTERDAY        0.0
  MONTH TO DATE    0.0
  SINCE MAR 1      1.0
  SINCE JUL 1      5.2
  SNOW DEPTH       0

DEGREE DAYS
 HEATING
  YESTERDAY        0                         2     -2        0
  MONTH TO DATE   67                       103    -36      134
  SINCE MAR 1    407                       403      4      528
  SINCE JUL 1   2788                      2597    191     2996

 COOLING
  YESTERDAY        5                         3      2        8
  MONTH TO DATE   81                        59     22       56
  SINCE MAR 1     97                        78     19       63
  SINCE JAN 1     97                        82     15       63
..................................................................


WIND (MPH)
  HIGHEST WIND SPEED    22   HIGHEST WIND DIRECTION     S (160)
  HIGHEST GUST SPEED    29   HIGHEST GUST DIRECTION    SE (130)
  AVERAGE WIND SPEED     6.8


SKY COVER
  POSSIBLE SUNSHINE  MM
  AVERAGE SKY COVER 0.0


WEATHER CONDITIONS
 THE FOLLOWING WEATHER WAS RECORDED YESTERDAY.
  THUNDERSTORM
  LIGHT RAIN


RELATIVE HUMIDITY (PERCENT)
 HIGHEST    93           400 AM
 LOWEST     51           300 PM
 AVERAGE    72

..........................................................


THE TEXARKANA CLIMATE NORMALS FOR TODAY
                         NORMAL    RECORD    YEAR
 MAXIMUM TEMPERATURE (F)   78        92      1987
 MINIMUM TEMPERATURE (F)   56        38      1992


SUNRISE AND SUNSET
APRIL 27 2015.........SUNRISE   632 AM CDT   SUNSET   756 PM CDT
APRIL 28 2015.........SUNRISE   631 AM CDT   SUNSET   756 PM CDT


-  INDICATES NEGATIVE NUMBERS.
R  INDICATES RECORD WAS SET OR TIED.
MM INDICATES DATA IS MISSING.
T  INDICATES TRACE AMOUNT.




$$
