000
CDUS44 KSHV 300753
CLITXK


CLIMATE REPORT
NATIONAL WEATHER SERVICE SHREVEPORT, LA
250 AM CDT SAT MAY 30 2015


...................................

...THE TEXARKANA CLIMATE SUMMARY FOR MAY 29 2015...

CLIMATE NORMAL PERIOD 1981 TO 2010
CLIMATE RECORD PERIOD 1896 TO 2015


WEATHER ITEM   OBSERVED TIME   RECORD YEAR NORMAL DEPARTURE LAST
                VALUE   (LST)  VALUE       VALUE  FROM      YEAR
                                                  NORMAL
..................................................................
TEMPERATURE (F)
 YESTERDAY
  MAXIMUM         85    136 PM  98    1898  85      0       83
  MINIMUM         67    411 AM  50    1901  65      2       67
  AVERAGE         76                        75      1       75

PRECIPITATION (IN)
  YESTERDAY        1.04          1.45 1946   0.15   0.89     0.17
  MONTH TO DATE    8.51                      4.82   3.69     4.31
  SINCE DEC 1     36.38                     25.40  10.98    20.49
  SINCE JAN 1     33.70                     20.35  13.35    14.66

SNOWFALL (IN)
  YESTERDAY        0.0
  MONTH TO DATE    0.0
  SINCE MAR 1      1.0
  SINCE JUL 1      5.2
  SNOW DEPTH       0

DEGREE DAYS
 HEATING
  YESTERDAY        0                         0      0        0
  MONTH TO DATE    8                        12     -4       34
  SINCE MAR 1    430                       421      9      572
  SINCE JUL 1   2811                      2615    196     3040

 COOLING
  YESTERDAY       11                        10      1       10
  MONTH TO DATE  212                       202     10      193
  SINCE MAR 1    309                       295     14      271
  SINCE JAN 1    309                       299     10      271
..................................................................


WIND (MPH)
  HIGHEST WIND SPEED    23   HIGHEST WIND DIRECTION     W (250)
  HIGHEST GUST SPEED    30   HIGHEST GUST DIRECTION    SW (230)
  AVERAGE WIND SPEED     7.2


SKY COVER
  POSSIBLE SUNSHINE  MM
  AVERAGE SKY COVER 0.4


WEATHER CONDITIONS
 THE FOLLOWING WEATHER WAS RECORDED YESTERDAY.
  THUNDERSTORM
  HEAVY RAIN
  RAIN
  LIGHT RAIN
  FOG
  HAZE


RELATIVE HUMIDITY (PERCENT)
 HIGHEST   100           200 AM
 LOWEST     70           100 PM
 AVERAGE    85

..........................................................


THE TEXARKANA CLIMATE NORMALS FOR TODAY
                         NORMAL    RECORD    YEAR
 MAXIMUM TEMPERATURE (F)   86        98      2003
 MINIMUM TEMPERATURE (F)   65        51      1992


SUNRISE AND SUNSET
MAY 30 2015...........SUNRISE   608 AM CDT   SUNSET   819 PM CDT
MAY 31 2015...........SUNRISE   608 AM CDT   SUNSET   820 PM CDT


-  INDICATES NEGATIVE NUMBERS.
R  INDICATES RECORD WAS SET OR TIED.
MM INDICATES DATA IS MISSING.
T  INDICATES TRACE AMOUNT.




$$
