190
CDUS44 KSHV 152138
CLITXK


CLIMATE REPORT
NATIONAL WEATHER SERVICE SHREVEPORT, LA
436 PM CDT MON AUG 15 2016


...................................

...THE TEXARKANA CLIMATE SUMMARY FOR AUGUST 15 2016...
VALID TODAY AS OF 0400 PM LOCAL TIME.

CLIMATE NORMAL PERIOD 1981 TO 2010
CLIMATE RECORD PERIOD 1896 TO 2016


WEATHER ITEM   OBSERVED TIME   RECORD YEAR NORMAL DEPARTURE LAST
                VALUE   (LST)  VALUE       VALUE  FROM      YEAR
                                                  NORMAL
..................................................................
TEMPERATURE (F)
 TODAY
  MAXIMUM         79    106 PM 107    1936  94    -15       94
  MINIMUM         73    828 AM  58    1939  71      2       64
  AVERAGE         76                        82     -6       79

PRECIPITATION (IN)
  TODAY            0.84          2.55 1948   0.07   0.77     0.00
  MONTH TO DATE    3.00                      1.33   1.67     0.00
  SINCE DEC 1     41.81                     34.89   6.92    42.43
  SINCE JAN 1     35.83                     29.84   5.99    39.75

DEGREE DAYS
 HEATING
  TODAY            0                         0      0        0
  MONTH TO DATE    0                         0      0        0
  SINCE JUN 1      0                         0      0        0
  SINCE JUL 1      0                         0      0        0

 COOLING
  TODAY           11                        18     -7       14
  MONTH TO DATE  293                       270     23      316
  SINCE JUN 1   1410                      1210    200     1416
  SINCE JAN 1   1700                      1530    170     1740
..................................................................


WIND (MPH)
  HIGHEST WIND SPEED    16   HIGHEST WIND DIRECTION    SW (210)
  HIGHEST GUST SPEED    23   HIGHEST GUST DIRECTION    SW (210)
  AVERAGE WIND SPEED     9.1


SKY COVER
  POSSIBLE SUNSHINE  MM
  AVERAGE SKY COVER 1.0


WEATHER CONDITIONS
 THE FOLLOWING WEATHER WAS RECORDED TODAY.
  HEAVY RAIN
  RAIN
  LIGHT RAIN
  FOG


RELATIVE HUMIDITY (PERCENT)
 HIGHEST   100           400 AM
 LOWEST     93           500 AM
 AVERAGE    97

..........................................................


THE TEXARKANA CLIMATE NORMALS FOR TOMORROW
                         NORMAL    RECORD    YEAR
 MAXIMUM TEMPERATURE (F)   94       106      2011
 MINIMUM TEMPERATURE (F)   71        57      1994


SUNRISE AND SUNSET
AUGUST 15 2016........SUNRISE   639 AM CDT   SUNSET   801 PM CDT
AUGUST 16 2016........SUNRISE   639 AM CDT   SUNSET   800 PM CDT


-  INDICATES NEGATIVE NUMBERS.
R  INDICATES RECORD WAS SET OR TIED.
MM INDICATES DATA IS MISSING.
T  INDICATES TRACE AMOUNT.




$$
