873
CDUS44 KSHV 102207
CLITXK


CLIMATE REPORT
NATIONAL WEATHER SERVICE SHREVEPORT, LA
504 PM CDT TUE OCT 10 2017


...................................

...THE TEXARKANA CLIMATE SUMMARY FOR OCTOBER 10 2017...
VALID TODAY AS OF 0500 PM LOCAL TIME.

CLIMATE NORMAL PERIOD 1981 TO 2010
CLIMATE RECORD PERIOD 1896 TO 2017


WEATHER ITEM   OBSERVED TIME   RECORD YEAR NORMAL DEPARTURE LAST
                VALUE   (LST)  VALUE       VALUE  FROM      YEAR
                                                  NORMAL
..................................................................
TEMPERATURE (F)
 TODAY
  MAXIMUM         76    147 PM  95    1931  78     -2       82
  MINIMUM         66    923 AM  33    1917  55     11       51
  AVERAGE         71                        66      5       67

PRECIPITATION (IN)
  TODAY            0.00          2.75 1958   0.15  -0.15     0.00
  MONTH TO DATE    0.08                      1.41  -1.33      T
  SINCE DEC 1     46.65                     41.31   5.34    45.24
  SINCE JAN 1     40.23                     36.26   3.97    39.26

SNOWFALL (IN)
  TODAY            0.0
  MONTH TO DATE    0.0
  SINCE SEP 1      0.0
  SINCE JUL 1      0.0
  SNOW DEPTH       0

DEGREE DAYS
 HEATING
  TODAY            0                         2     -2        0
  MONTH TO DATE    0                        17    -17        4
  SINCE SEP 1      0                        28    -28        4
  SINCE JUL 1      0                        28    -28        4

 COOLING
  TODAY            6                         4      2        2
  MONTH TO DATE  105                        47     58       65
  SINCE SEP 1    414                       353     61      470
  SINCE JAN 1   2118                      2141    -23     2410
..................................................................


WIND (MPH)
  HIGHEST WIND SPEED    20   HIGHEST WIND DIRECTION     W (280)
  HIGHEST GUST SPEED    24   HIGHEST GUST DIRECTION     W (280)
  AVERAGE WIND SPEED     8.7


SKY COVER
  POSSIBLE SUNSHINE  MM
  AVERAGE SKY COVER 0.2


WEATHER CONDITIONS
 THE FOLLOWING WEATHER WAS RECORDED TODAY.
  LIGHT RAIN


RELATIVE HUMIDITY (PERCENT)
 HIGHEST    90           400 AM
 LOWEST     49           100 PM
 AVERAGE    70

..........................................................


THE TEXARKANA CLIMATE NORMALS FOR TOMORROW
                         NORMAL    RECORD    YEAR
 MAXIMUM TEMPERATURE (F)   78        94      1963
 MINIMUM TEMPERATURE (F)   55        35      1932


SUNRISE AND SUNSET
OCTOBER 10 2017.......SUNRISE   717 AM CDT   SUNSET   648 PM CDT
OCTOBER 11 2017.......SUNRISE   718 AM CDT   SUNSET   647 PM CDT


-  INDICATES NEGATIVE NUMBERS.
R  INDICATES RECORD WAS SET OR TIED.
MM INDICATES DATA IS MISSING.
T  INDICATES TRACE AMOUNT.




$$
