000
CDUS44 KSHV 130746
CLITXK


CLIMATE REPORT
NATIONAL WEATHER SERVICE SHREVEPORT, LA
246 AM CDT MON OCT 13 2014


...................................

...THE TEXARKANA CLIMATE SUMMARY FOR OCTOBER 12 2014...

CLIMATE NORMAL PERIOD 1981 TO 2010
CLIMATE RECORD PERIOD 1896 TO 2014


WEATHER ITEM   OBSERVED TIME   RECORD YEAR NORMAL DEPARTURE LAST
                VALUE   (LST)  VALUE       VALUE  FROM      YEAR
                                                  NORMAL
..................................................................
TEMPERATURE (F)
 YESTERDAY
  MAXIMUM         69   1159 PM  94    1963  78     -9       76
  MINIMUM         58    700 AM  36    1932  54      4       68
  AVERAGE         64                        66     -2       72

PRECIPITATION (IN)
  YESTERDAY        0.12          2.10 1943   0.15  -0.03     0.01
  MONTH TO DATE    1.38                      1.71  -0.33     0.45
  SINCE DEC 1     34.19                     41.61  -7.42    34.35
  SINCE JAN 1     28.36                     36.56  -8.20    29.89

SNOWFALL (IN)
  YESTERDAY        0.0
  MONTH TO DATE    0.0
  SINCE SEP 1      0.0
  SINCE JUL 1      0.0
  SNOW DEPTH       0

DEGREE DAYS
 HEATING
  YESTERDAY        1                         2     -1        0
  MONTH TO DATE    6                        21    -15        9
  SINCE SEP 1      9                        32    -23        9
  SINCE JUL 1      9                        32    -23        9

 COOLING
  YESTERDAY        0                         3     -3        7
  MONTH TO DATE   99                        54     45       73
  SINCE SEP 1    445                       360     85      510
  SINCE JAN 1   2096                      2148    -52     2325
..................................................................


WIND (MPH)
  HIGHEST WIND SPEED    18   HIGHEST WIND DIRECTION    SE (150)
  HIGHEST GUST SPEED    26   HIGHEST GUST DIRECTION    SE (140)
  AVERAGE WIND SPEED     4.5


SKY COVER
  POSSIBLE SUNSHINE  MM
  AVERAGE SKY COVER 1.0


WEATHER CONDITIONS
 THE FOLLOWING WEATHER WAS RECORDED YESTERDAY.
  HEAVY RAIN
  RAIN
  LIGHT RAIN
  FOG
  FOG W/VISIBILITY <= 1/4 MILE
  HAZE


RELATIVE HUMIDITY (PERCENT)
 HIGHEST   100           100 AM
 LOWEST     81           300 PM
 AVERAGE    91

..........................................................


THE TEXARKANA CLIMATE NORMALS FOR TODAY
                         NORMAL    RECORD    YEAR
 MAXIMUM TEMPERATURE (F)   77        96      1938
 MINIMUM TEMPERATURE (F)   54        36      1917


SUNRISE AND SUNSET
OCTOBER 13 2014.......SUNRISE   719 AM CDT   SUNSET   645 PM CDT
OCTOBER 14 2014.......SUNRISE   720 AM CDT   SUNSET   644 PM CDT


-  INDICATES NEGATIVE NUMBERS.
R  INDICATES RECORD WAS SET OR TIED.
MM INDICATES DATA IS MISSING.
T  INDICATES TRACE AMOUNT.




$$
