000
CDUS44 KSHV 110800
CLITXK


CLIMATE REPORT
NATIONAL WEATHER SERVICE SHREVEPORT, LA
243 AM CDT TUE APR 11 2017


...................................

...THE TEXARKANA CLIMATE SUMMARY FOR APRIL 10 2017...

CLIMATE NORMAL PERIOD 1981 TO 2010
CLIMATE RECORD PERIOD 1896 TO 2017


WEATHER ITEM   OBSERVED TIME   RECORD YEAR NORMAL DEPARTURE LAST
                VALUE   (LST)  VALUE       VALUE  FROM      YEAR
                                                  NORMAL
..................................................................
TEMPERATURE (F)
 YESTERDAY
  MAXIMUM         76    303 PM  91    1930  74      2       79
  MINIMUM         62    659 PM  33    1938  51     11       61
  AVERAGE         69                        62      7       70

PRECIPITATION (IN)
  YESTERDAY        0.84          1.22 2012   0.13   0.71     0.00
  MONTH TO DATE    1.98                      1.23   0.75     0.07
  SINCE DEC 1     19.72                     17.87   1.85    20.40
  SINCE JAN 1     13.30                     12.82   0.48    14.42

SNOWFALL (IN)
  YESTERDAY        0.0
  MONTH TO DATE    0.0
  SINCE MAR 1      0.0
  SINCE JUL 1      0.1
  SNOW DEPTH       0

DEGREE DAYS
 HEATING
  YESTERDAY        0                         5     -5        0
  MONTH TO DATE   23                        54    -31       41
  SINCE MAR 1    222                       354   -132      219
  SINCE JUL 1   1673                      2548   -875     1872

 COOLING
  YESTERDAY        4                         2      2        5
  MONTH TO DATE   18                        17      1       13
  SINCE MAR 1     67                        36     31       39
  SINCE JAN 1     99                        40     59       45
..................................................................


WIND (MPH)
  HIGHEST WIND SPEED    22   HIGHEST WIND DIRECTION    NW (330)
  HIGHEST GUST SPEED    28   HIGHEST GUST DIRECTION    NW (330)
  AVERAGE WIND SPEED     9.1


SKY COVER
  POSSIBLE SUNSHINE  MM
  AVERAGE SKY COVER 0.9


WEATHER CONDITIONS
 THE FOLLOWING WEATHER WAS RECORDED YESTERDAY.
  THUNDERSTORM
  HEAVY RAIN
  RAIN
  LIGHT RAIN
  FOG


RELATIVE HUMIDITY (PERCENT)
 HIGHEST   100           700 PM
 LOWEST     73          1200 AM
 AVERAGE    87

..........................................................


THE TEXARKANA CLIMATE NORMALS FOR TODAY
                         NORMAL    RECORD    YEAR
 MAXIMUM TEMPERATURE (F)   74        88      1948
 MINIMUM TEMPERATURE (F)   51        29      1989


SUNRISE AND SUNSET
APRIL 11 2017.........SUNRISE   650 AM CDT   SUNSET   744 PM CDT
APRIL 12 2017.........SUNRISE   649 AM CDT   SUNSET   745 PM CDT


-  INDICATES NEGATIVE NUMBERS.
R  INDICATES RECORD WAS SET OR TIED.
MM INDICATES DATA IS MISSING.
T  INDICATES TRACE AMOUNT.




$$
