000
CDUS44 KSHV 122149
CLITXK


CLIMATE REPORT
NATIONAL WEATHER SERVICE SHREVEPORT, LA
447 PM CDT TUE MAY 12 2015


...................................

...THE TEXARKANA CLIMATE SUMMARY FOR MAY 12 2015...
VALID TODAY AS OF 0400 PM LOCAL TIME.

CLIMATE NORMAL PERIOD 1981 TO 2010
CLIMATE RECORD PERIOD 1896 TO 2015


WEATHER ITEM   OBSERVED TIME   RECORD YEAR NORMAL DEPARTURE LAST
                VALUE   (LST)  VALUE       VALUE  FROM      YEAR
                                                  NORMAL
..................................................................
TEMPERATURE (F)
 TODAY
  MAXIMUM         70    126 PM  93    1921  81    -11       88
  MINIMUM         58    518 AM  43    1960  60     -2       65
  AVERAGE         64                        71     -7       77

PRECIPITATION (IN)
  TODAY            0.06          1.49 1954   0.17  -0.11     0.60
  MONTH TO DATE    3.94                      2.12   1.82     2.35
  SINCE DEC 1     31.81                     22.70   9.11    18.53
  SINCE JAN 1     29.13                     17.65  11.48    12.70

DEGREE DAYS
 HEATING
  TODAY            1                         1      0        0
  MONTH TO DATE    1                        12    -11       13
  SINCE MAR 1    423                       421      2      551
  SINCE JUL 1   2804                      2615    189     3019

 COOLING
  TODAY            0                         6     -6       12
  MONTH TO DATE   77                        61     16       81
  SINCE MAR 1    174                       154     20      159
  SINCE JAN 1    174                       158     16      159
..................................................................


WIND (MPH)
  HIGHEST WIND SPEED    14   HIGHEST WIND DIRECTION    NE (60)
  HIGHEST GUST SPEED    20   HIGHEST GUST DIRECTION    NE (60)
  AVERAGE WIND SPEED     4.8


SKY COVER
  POSSIBLE SUNSHINE  MM
  AVERAGE SKY COVER 0.2


WEATHER CONDITIONS
 THE FOLLOWING WEATHER WAS RECORDED TODAY.
  RAIN
  LIGHT RAIN
  FOG


RELATIVE HUMIDITY (PERCENT)
 HIGHEST    93           100 AM
 LOWEST     53          1200 PM
 AVERAGE    73

..........................................................


THE TEXARKANA CLIMATE NORMALS FOR TOMORROW
                         NORMAL    RECORD    YEAR
 MAXIMUM TEMPERATURE (F)   82        96      1922
 MINIMUM TEMPERATURE (F)   61        42      1997


SUNRISE AND SUNSET
MAY 12 2015...........SUNRISE   618 AM CDT   SUNSET   807 PM CDT
MAY 13 2015...........SUNRISE   617 AM CDT   SUNSET   808 PM CDT


-  INDICATES NEGATIVE NUMBERS.
R  INDICATES RECORD WAS SET OR TIED.
MM INDICATES DATA IS MISSING.
T  INDICATES TRACE AMOUNT.




$$
