000
CDUS44 KSHV 110838
CLITXK


CLIMATE REPORT
NATIONAL WEATHER SERVICE SHREVEPORT, LA
337 AM CDT WED MAY 11 2016


...................................

...THE TEXARKANA CLIMATE SUMMARY FOR MAY 10 2016...

CLIMATE NORMAL PERIOD 1981 TO 2010
CLIMATE RECORD PERIOD 1896 TO 2016


WEATHER ITEM   OBSERVED TIME   RECORD YEAR NORMAL DEPARTURE LAST
                VALUE   (LST)  VALUE       VALUE  FROM      YEAR
                                                  NORMAL
..................................................................
TEMPERATURE (F)
 YESTERDAY
  MAXIMUM         87    254 PM  92    1939  81      6       83
  MINIMUM         64   1202 AM  44    1990  60      4       69
  AVERAGE         76                        70      6       76

PRECIPITATION (IN)
  YESTERDAY        0.00          5.43 1968   0.18  -0.18     1.31
  MONTH TO DATE    1.37                      1.78  -0.41     2.61
  SINCE DEC 1     29.75                     22.36   7.39    30.48
  SINCE JAN 1     23.77                     17.31   6.46    27.80

SNOWFALL (IN)
  YESTERDAY        0.0
  MONTH TO DATE    0.0
  SINCE MAR 1      0.0
  SINCE JUL 1      0.0
  SNOW DEPTH       0

DEGREE DAYS
 HEATING
  YESTERDAY        0                         1     -1        0
  MONTH TO DATE    9                        10     -1        0
  SINCE MAR 1    247                       419   -172      422
  SINCE JUL 1   1900                      2613   -713     2803

 COOLING
  YESTERDAY       11                         6      5       11
  MONTH TO DATE   30                        49    -19       70
  SINCE MAR 1    139                       142     -3      167
  SINCE JAN 1    145                       146     -1      167
..................................................................


WIND (MPH)
  HIGHEST WIND SPEED    20   HIGHEST WIND DIRECTION     S (190)
  HIGHEST GUST SPEED    27   HIGHEST GUST DIRECTION    SW (220)
  AVERAGE WIND SPEED    11.8


SKY COVER
  POSSIBLE SUNSHINE  MM
  AVERAGE SKY COVER 0.3


WEATHER CONDITIONS
 THE FOLLOWING WEATHER WAS RECORDED YESTERDAY.
  FOG
  HAZE


RELATIVE HUMIDITY (PERCENT)
 HIGHEST    90           200 AM
 LOWEST     59           300 PM
 AVERAGE    75

..........................................................


THE TEXARKANA CLIMATE NORMALS FOR TODAY
                         NORMAL    RECORD    YEAR
 MAXIMUM TEMPERATURE (F)   81       100      1922
 MINIMUM TEMPERATURE (F)   60        42      1924


SUNRISE AND SUNSET
MAY 11 2016...........SUNRISE   618 AM CDT   SUNSET   807 PM CDT
MAY 12 2016...........SUNRISE   618 AM CDT   SUNSET   808 PM CDT


-  INDICATES NEGATIVE NUMBERS.
R  INDICATES RECORD WAS SET OR TIED.
MM INDICATES DATA IS MISSING.
T  INDICATES TRACE AMOUNT.




$$
