880
CDUS44 KSHV 172143
CLITXK


CLIMATE REPORT
NATIONAL WEATHER SERVICE SHREVEPORT, LA
430 PM CDT SAT JUN 17 2017


...................................

...THE TEXARKANA CLIMATE SUMMARY FOR JUNE 17 2017...
VALID TODAY AS OF 0400 PM LOCAL TIME.

CLIMATE NORMAL PERIOD 1981 TO 2010
CLIMATE RECORD PERIOD 1896 TO 2017


WEATHER ITEM   OBSERVED TIME   RECORD YEAR NORMAL DEPARTURE LAST
                VALUE   (LST)  VALUE       VALUE  FROM      YEAR
                                                  NORMAL
..................................................................
TEMPERATURE (F)
 TODAY
  MAXIMUM         86    259 PM 103    1918  89     -3       95
  MINIMUM         74    554 AM  52    1917  69      5       74
  AVERAGE         80                        79      1       85

PRECIPITATION (IN)
  TODAY            0.00          0.95 1968   0.16  -0.16     0.00
  MONTH TO DATE    1.80                      2.45  -0.65     3.07
  SINCE DEC 1     28.78                     28.12   0.66    36.27
  SINCE JAN 1     22.36                     23.07  -0.71    30.29

DEGREE DAYS
 HEATING
  TODAY            0                         0      0        0
  MONTH TO DATE    0                         0      0        0
  SINCE JUN 1      0                         0      0        0
  SINCE JUL 1   1707                      2616   -909     1908

 COOLING
  TODAY           15                        14      1       20
  MONTH TO DATE  210                       211     -1      247
  SINCE JUN 1    210                       211     -1      247
  SINCE JAN 1    570                       531     39      537
..................................................................


WIND (MPH)
  HIGHEST WIND SPEED    22   HIGHEST WIND DIRECTION     S (200)
  HIGHEST GUST SPEED    31   HIGHEST GUST DIRECTION    SW (210)
  AVERAGE WIND SPEED     8.8


SKY COVER
  POSSIBLE SUNSHINE  MM
  AVERAGE SKY COVER 0.3


WEATHER CONDITIONS
 THE FOLLOWING WEATHER WAS RECORDED TODAY.
  FOG


RELATIVE HUMIDITY (PERCENT)
 HIGHEST   100           400 AM
 LOWEST     65          1200 PM
 AVERAGE    83

..........................................................


THE TEXARKANA CLIMATE NORMALS FOR TOMORROW
                         NORMAL    RECORD    YEAR
 MAXIMUM TEMPERATURE (F)   90       106      1918
 MINIMUM TEMPERATURE (F)   69        55      1917


SUNRISE AND SUNSET
JUNE 17 2017..........SUNRISE   606 AM CDT   SUNSET   828 PM CDT
JUNE 18 2017..........SUNRISE   606 AM CDT   SUNSET   828 PM CDT


-  INDICATES NEGATIVE NUMBERS.
R  INDICATES RECORD WAS SET OR TIED.
MM INDICATES DATA IS MISSING.
T  INDICATES TRACE AMOUNT.




$$
