000
CDUS44 KSHV 210851
CLITXK


CLIMATE REPORT
NATIONAL WEATHER SERVICE SHREVEPORT, LA
244 AM CST MON NOV 21 2016


...................................

...THE TEXARKANA CLIMATE SUMMARY FOR NOVEMBER 20 2016...

CLIMATE NORMAL PERIOD 1981 TO 2010
CLIMATE RECORD PERIOD 1896 TO 2016


WEATHER ITEM   OBSERVED TIME   RECORD YEAR NORMAL DEPARTURE LAST
                VALUE   (LST)  VALUE       VALUE  FROM      YEAR
                                                  NORMAL
..................................................................
TEMPERATURE (F)
 YESTERDAY
  MAXIMUM         61    256 PM  83    2011  63     -2       67
  MINIMUM         29    722 AM  15    1903  42    -13       44
  AVERAGE         45                        52     -7       56

PRECIPITATION (IN)
  YESTERDAY        0.00          1.72 1930   0.17  -0.17     0.00
  MONTH TO DATE    0.79                      3.12  -2.33     4.74
  SINCE DEC 1     46.27                     47.95  -1.68    55.96
  SINCE JAN 1     40.29                     42.90  -2.61    53.28

SNOWFALL (IN)
  YESTERDAY        0.0
  MONTH TO DATE    0.0
  SINCE SEP 1      0.0
  SINCE JUL 1      0.0
  SNOW DEPTH       0

DEGREE DAYS
 HEATING
  YESTERDAY       20                        13      7        9
  MONTH TO DATE  106                       193    -87      113
  SINCE SEP 1    123                       311   -188      150
  SINCE JUL 1    123                       311   -188      150

 COOLING
  YESTERDAY        0                         0      0        0
  MONTH TO DATE   37                        14     23       15
  SINCE SEP 1    647                       414    233      560
  SINCE JAN 1   2587                      2202    385     2529
..................................................................


WIND (MPH)
  HIGHEST WIND SPEED    10   HIGHEST WIND DIRECTION     S (160)
  HIGHEST GUST SPEED    14   HIGHEST GUST DIRECTION     S (180)
  AVERAGE WIND SPEED     4.5


SKY COVER
  POSSIBLE SUNSHINE  MM
  AVERAGE SKY COVER 0.0


WEATHER CONDITIONS
 THE FOLLOWING WEATHER WAS RECORDED YESTERDAY.
  NO SIGNIFICANT WEATHER WAS OBSERVED.


RELATIVE HUMIDITY (PERCENT)
 HIGHEST    92           500 AM
 LOWEST     27           300 PM
 AVERAGE    60

..........................................................


THE TEXARKANA CLIMATE NORMALS FOR TODAY
                         NORMAL    RECORD    YEAR
 MAXIMUM TEMPERATURE (F)   62        84      1909
 MINIMUM TEMPERATURE (F)   42        24      1937


SUNRISE AND SUNSET
NOVEMBER 21 2016......SUNRISE   653 AM CST   SUNSET   510 PM CST
NOVEMBER 22 2016......SUNRISE   654 AM CST   SUNSET   510 PM CST


-  INDICATES NEGATIVE NUMBERS.
R  INDICATES RECORD WAS SET OR TIED.
MM INDICATES DATA IS MISSING.
T  INDICATES TRACE AMOUNT.




$$
