000
CDUS44 KSHV 170736
CLITXK


CLIMATE REPORT
NATIONAL WEATHER SERVICE SHREVEPORT, LA
235 AM CDT FRI OCT 17 2014


...................................

...THE TEXARKANA CLIMATE SUMMARY FOR OCTOBER 16 2014...

CLIMATE NORMAL PERIOD 1981 TO 2010
CLIMATE RECORD PERIOD 1896 TO 2014


WEATHER ITEM   OBSERVED TIME   RECORD YEAR NORMAL DEPARTURE LAST
                VALUE   (LST)  VALUE       VALUE  FROM      YEAR
                                                  NORMAL
..................................................................
TEMPERATURE (F)
 YESTERDAY
  MAXIMUM         85    325 PM  92    1938  76      9       63
  MINIMUM         46    640 AM  36    1952  53     -7       57
  AVERAGE         66                        65      1       60

PRECIPITATION (IN)
  YESTERDAY        0.00          4.33 1933   0.17  -0.17     0.30
  MONTH TO DATE    2.45                      2.38   0.07     2.75
  SINCE DEC 1     35.26                     42.28  -7.02    36.65
  SINCE JAN 1     29.43                     37.23  -7.80    32.19

SNOWFALL (IN)
  YESTERDAY        0.0
  MONTH TO DATE    0.0
  SINCE SEP 1      0.0
  SINCE JUL 1      0.0
  SNOW DEPTH       0

DEGREE DAYS
 HEATING
  YESTERDAY        0                         3     -3        5
  MONTH TO DATE   11                        33    -22       14
  SINCE SEP 1     14                        44    -30       14
  SINCE JUL 1     14                        44    -30       14

 COOLING
  YESTERDAY        1                         3     -2        0
  MONTH TO DATE  101                        66     35       87
  SINCE SEP 1    447                       372     75      524
  SINCE JAN 1   2098                      2160    -62     2339
..................................................................


WIND (MPH)
  HIGHEST WIND SPEED    14   HIGHEST WIND DIRECTION     S (200)
  HIGHEST GUST SPEED    17   HIGHEST GUST DIRECTION    SW (210)
  AVERAGE WIND SPEED     5.4


SKY COVER
  POSSIBLE SUNSHINE  MM
  AVERAGE SKY COVER 0.0


WEATHER CONDITIONS
 THE FOLLOWING WEATHER WAS RECORDED YESTERDAY.
  FOG
  HAZE


RELATIVE HUMIDITY (PERCENT)
 HIGHEST   100           700 AM
 LOWEST     31           400 PM
 AVERAGE    66

..........................................................


THE TEXARKANA CLIMATE NORMALS FOR TODAY
                         NORMAL    RECORD    YEAR
 MAXIMUM TEMPERATURE (F)   76        93      1897
 MINIMUM TEMPERATURE (F)   53        38      1952


SUNRISE AND SUNSET
OCTOBER 17 2014.......SUNRISE   722 AM CDT   SUNSET   640 PM CDT
OCTOBER 18 2014.......SUNRISE   723 AM CDT   SUNSET   639 PM CDT


-  INDICATES NEGATIVE NUMBERS.
R  INDICATES RECORD WAS SET OR TIED.
MM INDICATES DATA IS MISSING.
T  INDICATES TRACE AMOUNT.




$$
