000
CDUS44 KSHV 272239
CLITXK


CLIMATE REPORT
NATIONAL WEATHER SERVICE SHREVEPORT, LA
439 PM CST MON NOV 27 2017


...................................

...THE TEXARKANA CLIMATE SUMMARY FOR NOVEMBER 27 2017...
VALID TODAY AS OF 0400 PM LOCAL TIME.

CLIMATE NORMAL PERIOD 1981 TO 2010
CLIMATE RECORD PERIOD 1896 TO 2017


WEATHER ITEM   OBSERVED TIME   RECORD YEAR NORMAL DEPARTURE LAST
                VALUE   (LST)  VALUE       VALUE  FROM      YEAR
                                                  NORMAL
..................................................................
TEMPERATURE (F)
 TODAY
  MAXIMUM         70    256 PM  83    1927  60     10       58
  MINIMUM         39    633 AM  19    1938  40     -1       43
  AVERAGE         55                        50      5       51

PRECIPITATION (IN)
  TODAY            0.00          2.90 1982   0.17  -0.17     0.01
  MONTH TO DATE    1.53                      4.26  -2.73     2.20
  SINCE DEC 1     49.86                     49.09   0.77    47.68
  SINCE JAN 1     43.44                     44.04  -0.60    41.70

SNOWFALL (IN)
  TODAY            0.0
  MONTH TO DATE    0.0
  SINCE SEP 1      0.0
  SINCE JUL 1      0.0
  SNOW DEPTH       0

DEGREE DAYS
 HEATING
  TODAY           10                        15     -5       14
  MONTH TO DATE  225                       291    -66      188
  SINCE SEP 1    335                       409    -74      205
  SINCE JUL 1    335                       409    -74      205

 COOLING
  TODAY            0                         0      0        0
  MONTH TO DATE   54                        14     40       37
  SINCE SEP 1    503                       414     89      647
  SINCE JAN 1   2207                      2202      5     2587
..................................................................


WIND (MPH)
  HIGHEST WIND SPEED    14   HIGHEST WIND DIRECTION    SW (210)
  HIGHEST GUST SPEED    18   HIGHEST GUST DIRECTION     S (180)
  AVERAGE WIND SPEED     4.4


SKY COVER
  POSSIBLE SUNSHINE  MM
  AVERAGE SKY COVER 0.0


WEATHER CONDITIONS
 THE FOLLOWING WEATHER WAS RECORDED TODAY.
  NO SIGNIFICANT WEATHER WAS OBSERVED.


RELATIVE HUMIDITY (PERCENT)
 HIGHEST    79           500 AM
 LOWEST     22           100 PM
 AVERAGE    51

..........................................................


THE TEXARKANA CLIMATE NORMALS FOR TOMORROW
                         NORMAL    RECORD    YEAR
 MAXIMUM TEMPERATURE (F)   60        83      1949
 MINIMUM TEMPERATURE (F)   40        18      1912


SUNRISE AND SUNSET
NOVEMBER 27 2017......SUNRISE   659 AM CST   SUNSET   509 PM CST
NOVEMBER 28 2017......SUNRISE   700 AM CST   SUNSET   508 PM CST


-  INDICATES NEGATIVE NUMBERS.
R  INDICATES RECORD WAS SET OR TIED.
MM INDICATES DATA IS MISSING.
T  INDICATES TRACE AMOUNT.




$$
