000
CDUS44 KSHV 090738
CLITXK


CLIMATE REPORT
NATIONAL WEATHER SERVICE SHREVEPORT, LA
238 AM CDT TUE SEP 9 2014


...................................

...THE TEXARKANA CLIMATE SUMMARY FOR SEPTEMBER 8 2014...

CLIMATE NORMAL PERIOD 1981 TO 2010
CLIMATE RECORD PERIOD 1896 TO 2014


WEATHER ITEM   OBSERVED TIME   RECORD YEAR NORMAL DEPARTURE LAST
                VALUE   (LST)  VALUE       VALUE  FROM      YEAR
                                                  NORMAL
..................................................................
TEMPERATURE (F)
 YESTERDAY
  MAXIMUM         90    306 PM 103    1925  89      1       99
  MINIMUM         69    629 AM  49    1918  66      3       73
  AVERAGE         80                        78      2       86

PRECIPITATION (IN)
  YESTERDAY        0.00          1.17 1974   0.12  -0.12     0.00
  MONTH TO DATE    0.99                      0.91   0.08     0.14
  SINCE DEC 1     31.75                     37.38  -5.63    24.18
  SINCE JAN 1     25.92                     32.33  -6.41    19.72

SNOWFALL (IN)
  YESTERDAY        0.0
  MONTH TO DATE    0.0
  SINCE SEP 1      0.0
  SINCE JUL 1      0.0
  SNOW DEPTH       0

DEGREE DAYS
 HEATING
  YESTERDAY        0                         0      0        0
  MONTH TO DATE    0                         0      0        0
  SINCE SEP 1      0                         0      0        0
  SINCE JUL 1      0                         0      0        0

 COOLING
  YESTERDAY       15                        13      2       21
  MONTH TO DATE  139                       109     30      157
  SINCE SEP 1    139                       109     30      157
  SINCE JAN 1   1790                      1897   -107     1972
..................................................................


WIND (MPH)
  HIGHEST WIND SPEED     8   HIGHEST WIND DIRECTION    SE (150)
  HIGHEST GUST SPEED    10   HIGHEST GUST DIRECTION     S (160)
  AVERAGE WIND SPEED     2.7


SKY COVER
  POSSIBLE SUNSHINE  MM
  AVERAGE SKY COVER 0.2


WEATHER CONDITIONS
 THE FOLLOWING WEATHER WAS RECORDED YESTERDAY.
  FOG


RELATIVE HUMIDITY (PERCENT)
 HIGHEST   100           500 AM
 LOWEST     55          1200 PM
 AVERAGE    78

..........................................................


THE TEXARKANA CLIMATE NORMALS FOR TODAY
                         NORMAL    RECORD    YEAR
 MAXIMUM TEMPERATURE (F)   89       104      1925
 MINIMUM TEMPERATURE (F)   66        47      1900


SUNRISE AND SUNSET
SEPTEMBER  9 2014.....SUNRISE   655 AM CDT   SUNSET   731 PM CDT
SEPTEMBER 10 2014.....SUNRISE   656 AM CDT   SUNSET   729 PM CDT


-  INDICATES NEGATIVE NUMBERS.
R  INDICATES RECORD WAS SET OR TIED.
MM INDICATES DATA IS MISSING.
T  INDICATES TRACE AMOUNT.




$$
