000
CDUS44 KSHV 160835
CLITXK


CLIMATE REPORT
NATIONAL WEATHER SERVICE SHREVEPORT, LA
232 AM CST SUN NOV 16 2014


...................................

...THE TEXARKANA CLIMATE SUMMARY FOR NOVEMBER 15 2014...

CLIMATE NORMAL PERIOD 1981 TO 2010
CLIMATE RECORD PERIOD 1896 TO 2014


WEATHER ITEM   OBSERVED TIME   RECORD YEAR NORMAL DEPARTURE LAST
                VALUE   (LST)  VALUE       VALUE  FROM      YEAR
                                                  NORMAL
..................................................................
TEMPERATURE (F)
 YESTERDAY
  MAXIMUM         41    809 PM  83    1964  65    -24       62
  MINIMUM         26    346 AM  20    1940  44    -18       46
  AVERAGE         34                        54    -20       54

PRECIPITATION (IN)
  YESTERDAY        0.06          3.84 1978   0.17  -0.11     0.04
  MONTH TO DATE    1.57                      2.30  -0.73     0.68
  SINCE DEC 1     36.84                     47.13 -10.29    41.07
  SINCE JAN 1     31.01                     42.08 -11.07    36.61

SNOWFALL (IN)
  YESTERDAY       MM
  MONTH TO DATE    T
  SINCE SEP 1      T
  SINCE JUL 1      T
  SNOW DEPTH       0

DEGREE DAYS
 HEATING
  YESTERDAY       31                        11     20       11
  MONTH TO DATE  237                       133    104      180
  SINCE SEP 1    285                       251     34      272
  SINCE JUL 1    285                       251     34      272

 COOLING
  YESTERDAY        0                         0      0        0
  MONTH TO DATE    2                        14    -12        0
  SINCE SEP 1    477                       414     63      531
  SINCE JAN 1   2128                      2202    -74     2346
..................................................................


WIND (MPH)
  HIGHEST WIND SPEED    13   HIGHEST WIND DIRECTION     S (160)
  HIGHEST GUST SPEED    17   HIGHEST GUST DIRECTION    SE (150)
  AVERAGE WIND SPEED     4.8


SKY COVER
  POSSIBLE SUNSHINE  MM
  AVERAGE SKY COVER 0.8


WEATHER CONDITIONS
 THE FOLLOWING WEATHER WAS RECORDED YESTERDAY.
  RAIN
  LIGHT RAIN
  FOG


RELATIVE HUMIDITY (PERCENT)
 HIGHEST    92          1100 PM
 LOWEST     41           300 PM
 AVERAGE    67

..........................................................


THE TEXARKANA CLIMATE NORMALS FOR TODAY
                         NORMAL    RECORD    YEAR
 MAXIMUM TEMPERATURE (F)   64        85      1938
 MINIMUM TEMPERATURE (F)   44        18      1932


SUNRISE AND SUNSET
NOVEMBER 16 2014......SUNRISE   648 AM CST   SUNSET   513 PM CST
NOVEMBER 17 2014......SUNRISE   649 AM CST   SUNSET   512 PM CST


-  INDICATES NEGATIVE NUMBERS.
R  INDICATES RECORD WAS SET OR TIED.
MM INDICATES DATA IS MISSING.
T  INDICATES TRACE AMOUNT.




$$
