000
CDUS44 KSHV 100738
CLITXK


CLIMATE REPORT
NATIONAL WEATHER SERVICE SHREVEPORT, LA
237 AM CDT FRI JUN 10 2016


...................................

...THE TEXARKANA CLIMATE SUMMARY FOR JUNE 9 2016...

CLIMATE NORMAL PERIOD 1981 TO 2010
CLIMATE RECORD PERIOD 1896 TO 2016


WEATHER ITEM   OBSERVED TIME   RECORD YEAR NORMAL DEPARTURE LAST
                VALUE   (LST)  VALUE       VALUE  FROM      YEAR
                                                  NORMAL
..................................................................
TEMPERATURE (F)
 YESTERDAY
  MAXIMUM         91    355 PM 100    1939  88      3       95
  MINIMUM         69    549 AM  54    1930  67      2       75
  AVERAGE         80                        77      3       85

PRECIPITATION (IN)
  YESTERDAY        0.00          2.59 2014   0.13  -0.13     0.00
  MONTH TO DATE    1.95                      1.26   0.69      T
  SINCE DEC 1     35.15                     26.93   8.22    36.56
  SINCE JAN 1     29.17                     21.88   7.29    33.88

SNOWFALL (IN)
  YESTERDAY        0.0
  MONTH TO DATE    0.0
  SINCE JUN 1      0.0
  SINCE JUL 1      0.0
  SNOW DEPTH       0

DEGREE DAYS
 HEATING
  YESTERDAY        0                         0      0        0
  MONTH TO DATE    0                         0      0        0
  SINCE JUN 1      0                         0      0        0
  SINCE JUL 1   1908                      2616   -708     2811

 COOLING
  YESTERDAY       15                        12      3       20
  MONTH TO DATE  104                       104      0      125
  SINCE JUN 1    104                       104      0      125
  SINCE JAN 1    394                       424    -30      449
..................................................................


WIND (MPH)
  HIGHEST WIND SPEED    10   HIGHEST WIND DIRECTION     S (160)
  HIGHEST GUST SPEED    14   HIGHEST GUST DIRECTION     S (160)
  AVERAGE WIND SPEED     3.2


SKY COVER
  POSSIBLE SUNSHINE  MM
  AVERAGE SKY COVER 0.1


WEATHER CONDITIONS
 THE FOLLOWING WEATHER WAS RECORDED YESTERDAY.
  FOG


RELATIVE HUMIDITY (PERCENT)
 HIGHEST    90           200 AM
 LOWEST     41           400 PM
 AVERAGE    66

..........................................................


THE TEXARKANA CLIMATE NORMALS FOR TODAY
                         NORMAL    RECORD    YEAR
 MAXIMUM TEMPERATURE (F)   88       100      1914
 MINIMUM TEMPERATURE (F)   67        55      1955


SUNRISE AND SUNSET
JUNE 10 2016..........SUNRISE   606 AM CDT   SUNSET   826 PM CDT
JUNE 11 2016..........SUNRISE   606 AM CDT   SUNSET   826 PM CDT


-  INDICATES NEGATIVE NUMBERS.
R  INDICATES RECORD WAS SET OR TIED.
MM INDICATES DATA IS MISSING.
T  INDICATES TRACE AMOUNT.




$$
