000
CDUS44 KSHV 152150
CLITXK


CLIMATE REPORT
NATIONAL WEATHER SERVICE SHREVEPORT, LA
450 PM CDT WED OCT 15 2014


...................................

...THE TEXARKANA CLIMATE SUMMARY FOR OCTOBER 15 2014...
VALID TODAY AS OF 0400 PM LOCAL TIME.

CLIMATE NORMAL PERIOD 1981 TO 2010
CLIMATE RECORD PERIOD 1896 TO 2014


WEATHER ITEM   OBSERVED TIME   RECORD YEAR NORMAL DEPARTURE LAST
                VALUE   (LST)  VALUE       VALUE  FROM      YEAR
                                                  NORMAL
..................................................................
TEMPERATURE (F)
 TODAY
  MAXIMUM         76    235 PM  93    1938  77     -1       77
  MINIMUM         46    630 AM  35    1937  53     -7       62
  AVERAGE         61                        65     -4       70

PRECIPITATION (IN)
  TODAY            0.00          1.98 2007   0.17  -0.17     1.97
  MONTH TO DATE    2.45                      2.21   0.24     2.45
  SINCE DEC 1     35.26                     42.11  -6.85    36.35
  SINCE JAN 1     29.43                     37.06  -7.63    31.89

SNOWFALL (IN)
  TODAY            0.0
  MONTH TO DATE    0.0
  SINCE SEP 1      0.0
  SINCE JUL 1      0.0
  SNOW DEPTH       0

DEGREE DAYS
 HEATING
  TODAY            4                         3      1        0
  MONTH TO DATE   11                        30    -19        9
  SINCE SEP 1     14                        41    -27        9
  SINCE JUL 1     14                        41    -27        9

 COOLING
  TODAY            0                         3     -3        5
  MONTH TO DATE  100                        63     37       87
  SINCE SEP 1    446                       369     77      524
  SINCE JAN 1   2097                      2157    -60     2339
..................................................................


WIND (MPH)
  HIGHEST WIND SPEED    16   HIGHEST WIND DIRECTION     W (280)
  HIGHEST GUST SPEED    23   HIGHEST GUST DIRECTION     W (280)
  AVERAGE WIND SPEED     8.2


SKY COVER
  POSSIBLE SUNSHINE  MM
  AVERAGE SKY COVER 0.0


WEATHER CONDITIONS
 THE FOLLOWING WEATHER WAS RECORDED TODAY.
  NO SIGNIFICANT WEATHER WAS OBSERVED.


RELATIVE HUMIDITY (PERCENT)
 HIGHEST    86           600 AM
 LOWEST     31          1200 PM
 AVERAGE    59

..........................................................


THE TEXARKANA CLIMATE NORMALS FOR TOMORROW
                         NORMAL    RECORD    YEAR
 MAXIMUM TEMPERATURE (F)   76        92      1938
 MINIMUM TEMPERATURE (F)   53        36      1952


SUNRISE AND SUNSET
OCTOBER 15 2014.......SUNRISE   721 AM CDT   SUNSET   642 PM CDT
OCTOBER 16 2014.......SUNRISE   721 AM CDT   SUNSET   641 PM CDT


-  INDICATES NEGATIVE NUMBERS.
R  INDICATES RECORD WAS SET OR TIED.
MM INDICATES DATA IS MISSING.
T  INDICATES TRACE AMOUNT.




$$
