000
CDUS44 KSHV 270917
CLITXK


CLIMATE REPORT
NATIONAL WEATHER SERVICE SHREVEPORT, LA
316 AM CST TUE DEC 27 2016


...................................

...THE TEXARKANA CLIMATE SUMMARY FOR DECEMBER 26 2016...

CLIMATE NORMAL PERIOD 1981 TO 2010
CLIMATE RECORD PERIOD 1896 TO 2016


WEATHER ITEM   OBSERVED TIME   RECORD YEAR NORMAL DEPARTURE LAST
                VALUE   (LST)  VALUE       VALUE  FROM      YEAR
                                                  NORMAL
..................................................................
TEMPERATURE (F)
 YESTERDAY
  MAXIMUM         76   1222 PM  78    2015  54     22       78
                                      1922
  MINIMUM         61   1139 PM  13    1983  34     27       58
  AVERAGE         69                        44     25       68

PRECIPITATION (IN)
  YESTERDAY        0.80          4.62 1987   0.14   0.66     0.31
  MONTH TO DATE    6.41                      4.42   1.99     2.63
  SINCE DEC 1      6.41                      4.42   1.99     2.63
  SINCE JAN 1     49.32                     49.02   0.30    60.19

SNOWFALL (IN)
  YESTERDAY        0.0
  MONTH TO DATE    0.0
  SINCE DEC 1      0.0
  SINCE JUL 1      0.0
  SNOW DEPTH       0

DEGREE DAYS
 HEATING
  YESTERDAY        0                        21    -21        0
  MONTH TO DATE  446                       501    -55      281
  SINCE DEC 1    446                       501    -55      281
  SINCE JUL 1    680                       959   -279      565

 COOLING
  YESTERDAY        4                         0      4        3
  MONTH TO DATE    7                         0      7       13
  SINCE DEC 1      7                         0      7       13
  SINCE JAN 1   2594                      2204    390     2543
..................................................................


WIND (MPH)
  HIGHEST WIND SPEED    17   HIGHEST WIND DIRECTION     S (190)
  HIGHEST GUST SPEED    25   HIGHEST GUST DIRECTION     S (190)
  AVERAGE WIND SPEED     9.1


SKY COVER
  POSSIBLE SUNSHINE  MM
  AVERAGE SKY COVER 0.7


WEATHER CONDITIONS
 THE FOLLOWING WEATHER WAS RECORDED YESTERDAY.
  THUNDERSTORM
  HEAVY RAIN
  RAIN
  LIGHT RAIN
  FOG


RELATIVE HUMIDITY (PERCENT)
 HIGHEST    97           800 AM
 LOWEST     78          1100 PM
 AVERAGE    88

..........................................................


THE TEXARKANA CLIMATE NORMALS FOR TODAY
                         NORMAL    RECORD    YEAR
 MAXIMUM TEMPERATURE (F)   54        78      2005
 MINIMUM TEMPERATURE (F)   34        18      2010
                                             1904


SUNRISE AND SUNSET
DECEMBER 27 2016......SUNRISE   719 AM CST   SUNSET   516 PM CST
DECEMBER 28 2016......SUNRISE   719 AM CST   SUNSET   517 PM CST


-  INDICATES NEGATIVE NUMBERS.
R  INDICATES RECORD WAS SET OR TIED.
MM INDICATES DATA IS MISSING.
T  INDICATES TRACE AMOUNT.




$$
