000
CDUS44 KSHV 200731
CLITXK


CLIMATE REPORT
NATIONAL WEATHER SERVICE SHREVEPORT, LA
231 AM CDT TUE SEP 20 2016


...................................

...THE TEXARKANA CLIMATE SUMMARY FOR SEPTEMBER 19 2016...

CLIMATE NORMAL PERIOD 1981 TO 2010
CLIMATE RECORD PERIOD 1896 TO 2016


WEATHER ITEM   OBSERVED TIME   RECORD YEAR NORMAL DEPARTURE LAST
                VALUE   (LST)  VALUE       VALUE  FROM      YEAR
                                                  NORMAL
..................................................................
TEMPERATURE (F)
 YESTERDAY
  MAXIMUM         92    312 PM 101    1936  85      7       95
  MINIMUM         69    423 AM  45    1903  62      7       72
  AVERAGE         81                        74      7       84

PRECIPITATION (IN)
  YESTERDAY        0.00          1.38 1958   0.09  -0.09     0.00
  MONTH TO DATE    0.50                      2.17  -1.67     0.88
  SINCE DEC 1     45.24                     38.64   6.60    44.11
  SINCE JAN 1     39.26                     33.59   5.67    41.43

SNOWFALL (IN)
  YESTERDAY        0.0
  MONTH TO DATE    0.0
  SINCE SEP 1      0.0
  SINCE JUL 1      0.0
  SNOW DEPTH       0

DEGREE DAYS
 HEATING
  YESTERDAY        0                         0      0        0
  MONTH TO DATE    0                         0      0        0
  SINCE SEP 1      0                         0      0        0
  SINCE JUL 1      0                         0      0        0

 COOLING
  YESTERDAY       16                         9      7       19
  MONTH TO DATE  287                       226     61      290
  SINCE SEP 1    287                       226     61      290
  SINCE JAN 1   2227                      2014    213     2259
..................................................................


WIND (MPH)
  HIGHEST WIND SPEED     8   HIGHEST WIND DIRECTION     E (110)
  HIGHEST GUST SPEED    13   HIGHEST GUST DIRECTION    SE (120)
  AVERAGE WIND SPEED     2.7


SKY COVER
  POSSIBLE SUNSHINE  MM
  AVERAGE SKY COVER 0.1


WEATHER CONDITIONS
 THE FOLLOWING WEATHER WAS RECORDED YESTERDAY.
  FOG


RELATIVE HUMIDITY (PERCENT)
 HIGHEST   100           100 AM
 LOWEST     56           300 PM
 AVERAGE    78

..........................................................


THE TEXARKANA CLIMATE NORMALS FOR TODAY
                         NORMAL    RECORD    YEAR
 MAXIMUM TEMPERATURE (F)   85       103      1936
 MINIMUM TEMPERATURE (F)   62        42      1918


SUNRISE AND SUNSET
SEPTEMBER 20 2016.....SUNRISE   703 AM CDT   SUNSET   715 PM CDT
SEPTEMBER 21 2016.....SUNRISE   704 AM CDT   SUNSET   713 PM CDT


-  INDICATES NEGATIVE NUMBERS.
R  INDICATES RECORD WAS SET OR TIED.
MM INDICATES DATA IS MISSING.
T  INDICATES TRACE AMOUNT.




$$
