000
CDUS44 KSHV 290735
CLITXK


CLIMATE REPORT
NATIONAL WEATHER SERVICE SHREVEPORT, LA
233 AM CDT MON JUN 29 2015


...................................

...THE TEXARKANA CLIMATE SUMMARY FOR JUNE 28 2015...

CLIMATE NORMAL PERIOD 1981 TO 2010
CLIMATE RECORD PERIOD 1896 TO 2015


WEATHER ITEM   OBSERVED TIME   RECORD YEAR NORMAL DEPARTURE LAST
                VALUE   (LST)  VALUE       VALUE  FROM      YEAR
                                                  NORMAL
..................................................................
TEMPERATURE (F)
 YESTERDAY
  MAXIMUM         88    341 PM 106    1914  91     -3       88
  MINIMUM         66    532 AM  60    1974  70     -4       71
  AVERAGE         77                        81     -4       80

PRECIPITATION (IN)
  YESTERDAY        0.00          2.12 1956   0.15  -0.15     0.03
  MONTH TO DATE    3.37                      4.16  -0.79     4.60
  SINCE DEC 1     39.93                     29.83  10.10    25.32
  SINCE JAN 1     37.25                     24.78  12.47    19.49

SNOWFALL (IN)
  YESTERDAY        0.0
  MONTH TO DATE    0.0
  SINCE JUN 1      0.0
  SINCE JUL 1      5.2
  SNOW DEPTH       0

DEGREE DAYS
 HEATING
  YESTERDAY        0                         0      0        0
  MONTH TO DATE    0                         0      0        0
  SINCE JUN 1      0                         0      0        0
  SINCE JUL 1   2811                      2616    195     3040

 COOLING
  YESTERDAY       12                        16     -4       15
  MONTH TO DATE  443                       374     69      390
  SINCE JUN 1    443                       374     69      390
  SINCE JAN 1    767                       694     73      684
..................................................................


WIND (MPH)
  HIGHEST WIND SPEED     8   HIGHEST WIND DIRECTION     S (180)
  HIGHEST GUST SPEED    11   HIGHEST GUST DIRECTION    SE (140)
  AVERAGE WIND SPEED     3.1


SKY COVER
  POSSIBLE SUNSHINE  MM
  AVERAGE SKY COVER 0.1


WEATHER CONDITIONS
 THE FOLLOWING WEATHER WAS RECORDED YESTERDAY.
  NO SIGNIFICANT WEATHER WAS OBSERVED.


RELATIVE HUMIDITY (PERCENT)
 HIGHEST    97           100 AM
 LOWEST     46           300 PM
 AVERAGE    72

..........................................................


THE TEXARKANA CLIMATE NORMALS FOR TODAY
                         NORMAL    RECORD    YEAR
 MAXIMUM TEMPERATURE (F)   91       104      1925
 MINIMUM TEMPERATURE (F)   70        61      1903


SUNRISE AND SUNSET
JUNE 29 2015..........SUNRISE   609 AM CDT   SUNSET   830 PM CDT
JUNE 30 2015..........SUNRISE   609 AM CDT   SUNSET   830 PM CDT


-  INDICATES NEGATIVE NUMBERS.
R  INDICATES RECORD WAS SET OR TIED.
MM INDICATES DATA IS MISSING.
T  INDICATES TRACE AMOUNT.




$$
