324
CDUS44 KSHV 172153
CLITXK


CLIMATE REPORT
NATIONAL WEATHER SERVICE SHREVEPORT, LA
450 PM CDT FRI MAR 17 2017


...................................

...THE TEXARKANA CLIMATE SUMMARY FOR MARCH 17 2017...
VALID TODAY AS OF 0400 PM LOCAL TIME.

CLIMATE NORMAL PERIOD 1981 TO 2010
CLIMATE RECORD PERIOD 1896 TO 2017


WEATHER ITEM   OBSERVED TIME   RECORD YEAR NORMAL DEPARTURE LAST
                VALUE   (LST)  VALUE       VALUE  FROM      YEAR
                                                  NORMAL
..................................................................
TEMPERATURE (F)
 TODAY
  MAXIMUM         74    117 PM  85    1982  68      6       59
  MINIMUM         60    606 AM  28    1960  45     15       48
  AVERAGE         67                        56     11       54

PRECIPITATION (IN)
  TODAY            0.00          2.06 2002   0.14  -0.14     0.80
  MONTH TO DATE    0.67                      2.34  -1.67     6.28
  SINCE DEC 1     15.73                     14.78   0.95    18.38
  SINCE JAN 1      9.31                      9.73  -0.42    12.40

SNOWFALL (IN)
  TODAY            0.0
  MONTH TO DATE    0.0
  SINCE MAR 1      0.0
  SINCE JUL 1      0.1
  SNOW DEPTH       0

DEGREE DAYS
 HEATING
  TODAY            0                         9     -9       11
  MONTH TO DATE  189                       193     -4       69
  SINCE MAR 1    189                       193     -4       69
  SINCE JUL 1   1640                      2387   -747     1722

 COOLING
  TODAY            2                         1      1        0
  MONTH TO DATE    4                         5     -1       13
  SINCE MAR 1      4                         5     -1       13
  SINCE JAN 1     36                         9     27       19
..................................................................


WIND (MPH)
  HIGHEST WIND SPEED    21   HIGHEST WIND DIRECTION     S (190)
  HIGHEST GUST SPEED    28   HIGHEST GUST DIRECTION     S (180)
  AVERAGE WIND SPEED    11.6


SKY COVER
  POSSIBLE SUNSHINE  MM
  AVERAGE SKY COVER 1.0


WEATHER CONDITIONS
 THE FOLLOWING WEATHER WAS RECORDED TODAY.
  NO SIGNIFICANT WEATHER WAS OBSERVED.


RELATIVE HUMIDITY (PERCENT)
 HIGHEST    97           700 AM
 LOWEST     64           300 PM
 AVERAGE    81

..........................................................


THE TEXARKANA CLIMATE NORMALS FOR TOMORROW
                         NORMAL    RECORD    YEAR
 MAXIMUM TEMPERATURE (F)   68        87      1907
 MINIMUM TEMPERATURE (F)   45        28      1934


SUNRISE AND SUNSET
MARCH 17 2017.........SUNRISE   723 AM CDT   SUNSET   726 PM CDT
MARCH 18 2017.........SUNRISE   722 AM CDT   SUNSET   726 PM CDT


-  INDICATES NEGATIVE NUMBERS.
R  INDICATES RECORD WAS SET OR TIED.
MM INDICATES DATA IS MISSING.
T  INDICATES TRACE AMOUNT.




$$
