000
CDUS44 KSHV 140210 CCA
CLITXK

CLIMATE REPORT
NATIONAL WEATHER SERVICE SHREVEPORT, LA
444 PM CDT WED AUG 13 2014


...................................

...THE TEXARKANA CLIMATE SUMMARY FOR AUGUST 13 2014...
VALID TODAY AS OF 0400 PM LOCAL TIME.

CLIMATE NORMAL PERIOD 1981 TO 2010
CLIMATE RECORD PERIOD 1896 TO 2014


WEATHER ITEM   OBSERVED TIME   RECORD YEAR NORMAL DEPARTURE LAST
                VALUE   (LST)  VALUE       VALUE  FROM      YEAR
                                                  NORMAL
..................................................................
TEMPERATURE (F)
 TODAY
  MAXIMUM         88    254 PM 109    1934  94     -6       88
  MINIMUM         65    603 AM  54    1967  71     -6       72
  AVERAGE         77                        83     -6       80

PRECIPITATION (IN)
  TODAY            0.00          2.93 1944   0.07  -0.06      T
  MONTH TO DATE    1.31                      1.18   0.13     0.18
  SINCE DEC 1     29.74                     34.74  -5.00    23.95
  SINCE JAN 1     23.91                     29.69  -5.78    19.49

DEGREE DAYS
 HEATING
  TODAY            0                         0      0        0
  MONTH TO DATE    0                         0      0        0
  SINCE JUN 1      0                         0      0        0
  SINCE JUL 1      0                         0      0        0

 COOLING
  TODAY           12                        18     -6       15
  MONTH TO DATE  190                       234    -44      279
  SINCE JUN 1   1037                      1174   -137     1228
  SINCE JAN 1   1331                      1494   -163     1526
..................................................................


WIND (MPH)
  HIGHEST WIND SPEED     8   HIGHEST WIND DIRECTION    NE (50)
  HIGHEST GUST SPEED    12   HIGHEST GUST DIRECTION    NW (320)
  AVERAGE WIND SPEED     2.3


SKY COVER
  POSSIBLE SUNSHINE  MM
  AVERAGE SKY COVER 0.0


WEATHER CONDITIONS
 THE FOLLOWING WEATHER WAS RECORDED TODAY.
  NO SIGNIFICANT WEATHER WAS OBSERVED.


RELATIVE HUMIDITY (PERCENT)
 HIGHEST    93           200 AM
 LOWEST     37           100 PM
 AVERAGE    65

..........................................................


THE TEXARKANA CLIMATE NORMALS FOR TOMORROW
                         NORMAL    RECORD    YEAR
 MAXIMUM TEMPERATURE (F)   94       107      1936
 MINIMUM TEMPERATURE (F)   71        55      1967


SUNRISE AND SUNSET
AUGUST 13 2014........SUNRISE   637 AM CDT   SUNSET   804 PM CDT
AUGUST 14 2014........SUNRISE   638 AM CDT   SUNSET   803 PM CDT


-  INDICATES NEGATIVE NUMBERS.
R  INDICATES RECORD WAS SET OR TIED.
MM INDICATES DATA IS MISSING.
T  INDICATES TRACE AMOUNT.




$$
