000
CDUS44 KSHV 102306
CLITXK


CLIMATE REPORT
NATIONAL WEATHER SERVICE SHREVEPORT, LA
503 PM CST WED DEC 10 2014


...................................

...THE TEXARKANA CLIMATE SUMMARY FOR DECEMBER 10 2014...
VALID TODAY AS OF 0500 PM LOCAL TIME.

CLIMATE NORMAL PERIOD 1981 TO 2010
CLIMATE RECORD PERIOD 1896 TO 2014


WEATHER ITEM   OBSERVED TIME   RECORD YEAR NORMAL DEPARTURE LAST
                VALUE   (LST)  VALUE       VALUE  FROM      YEAR
                                                  NORMAL
..................................................................
TEMPERATURE (F)
 TODAY
  MAXIMUM         51    315 PM  81    1896  56     -5       42
  MINIMUM         32    726 AM  10    1898  36     -4       25
  AVERAGE         42                        46     -4       34

PRECIPITATION (IN)
  TODAY            0.00          2.30 1963   0.17  -0.17     0.00
  MONTH TO DATE    0.32                      1.79  -1.47     2.30
  SINCE DEC 1      0.32                      1.79  -1.47     2.30
  SINCE JAN 1     32.88                     46.39 -13.51    41.81

SNOWFALL (IN)
  TODAY            0.0
  MONTH TO DATE    0.0
  SINCE DEC 1      0.0
  SINCE JUL 1      T
  SNOW DEPTH       0

DEGREE DAYS
 HEATING
  TODAY           23                        19      4       31
  MONTH TO DATE  147                       177    -30      201
  SINCE DEC 1    147                       177    -30      201
  SINCE JUL 1    657                       635     22      726

 COOLING
  TODAY            0                         0      0        0
  MONTH TO DATE    1                         0      1        0
  SINCE DEC 1      1                         0      1        0
  SINCE JAN 1   2134                      2204    -70     2352
..................................................................


WIND (MPH)
  HIGHEST WIND SPEED     9   HIGHEST WIND DIRECTION     E (80)
  HIGHEST GUST SPEED    13   HIGHEST GUST DIRECTION     E (80)
  AVERAGE WIND SPEED     3.9


SKY COVER
  POSSIBLE SUNSHINE  MM
  AVERAGE SKY COVER 0.0


WEATHER CONDITIONS
 THE FOLLOWING WEATHER WAS RECORDED TODAY.
  FOG


RELATIVE HUMIDITY (PERCENT)
 HIGHEST   100           700 AM
 LOWEST     56           200 PM
 AVERAGE    78

..........................................................


THE TEXARKANA CLIMATE NORMALS FOR TOMORROW
                         NORMAL    RECORD    YEAR
 MAXIMUM TEMPERATURE (F)   56        81      1949
 MINIMUM TEMPERATURE (F)   36        15      1898


SUNRISE AND SUNSET
DECEMBER 10 2014......SUNRISE   709 AM CST   SUNSET   508 PM CST
DECEMBER 11 2014......SUNRISE   710 AM CST   SUNSET   509 PM CST


-  INDICATES NEGATIVE NUMBERS.
R  INDICATES RECORD WAS SET OR TIED.
MM INDICATES DATA IS MISSING.
T  INDICATES TRACE AMOUNT.




$$
