953
CDUS44 KSHV 240743
CLITXK


CLIMATE REPORT
NATIONAL WEATHER SERVICE SHREVEPORT, LA
242 AM CDT SUN APR 24 2016


...................................

...THE TEXARKANA CLIMATE SUMMARY FOR APRIL 23 2016...

CLIMATE NORMAL PERIOD 1981 TO 2010
CLIMATE RECORD PERIOD 1896 TO 2016


WEATHER ITEM   OBSERVED TIME   RECORD YEAR NORMAL DEPARTURE LAST
                VALUE   (LST)  VALUE       VALUE  FROM      YEAR
                                                  NORMAL
..................................................................
TEMPERATURE (F)
 YESTERDAY
  MAXIMUM         82    252 PM  90    1926  77      5       66
  MINIMUM         55    610 AM  39    1931  55      0       56
  AVERAGE         69                        66      3       61

PRECIPITATION (IN)
  YESTERDAY        0.00          2.90 1941   0.14  -0.14     1.79
  MONTH TO DATE    4.62                      2.90   1.72     4.56
  SINCE DEC 1     24.95                     19.54   5.41    24.34
  SINCE JAN 1     18.97                     14.49   4.48    21.66

SNOWFALL (IN)
  YESTERDAY        0.0
  MONTH TO DATE    0.0
  SINCE MAR 1      0.0
  SINCE JUL 1      0.0
  SNOW DEPTH       0

DEGREE DAYS
 HEATING
  YESTERDAY        0                         2     -2        4
  MONTH TO DATE   60                        97    -37       62
  SINCE MAR 1    238                       397   -159      402
  SINCE JUL 1   1891                      2591   -700     2783

 COOLING
  YESTERDAY        4                         3      1        0
  MONTH TO DATE   29                        50    -21       68
  SINCE MAR 1     55                        69    -14       84
  SINCE JAN 1     61                        73    -12       84
..................................................................


WIND (MPH)
  HIGHEST WIND SPEED    10   HIGHEST WIND DIRECTION     S (160)
  HIGHEST GUST SPEED    13   HIGHEST GUST DIRECTION     S (160)
  AVERAGE WIND SPEED     3.5


SKY COVER
  POSSIBLE SUNSHINE  MM
  AVERAGE SKY COVER 0.0


WEATHER CONDITIONS
 THE FOLLOWING WEATHER WAS RECORDED YESTERDAY.
  FOG


RELATIVE HUMIDITY (PERCENT)
 HIGHEST    93           300 AM
 LOWEST     33           100 PM
 AVERAGE    63

..........................................................


THE TEXARKANA CLIMATE NORMALS FOR TODAY
                         NORMAL    RECORD    YEAR
 MAXIMUM TEMPERATURE (F)   77        95      1965
 MINIMUM TEMPERATURE (F)   55        38      1903


SUNRISE AND SUNSET
APRIL 24 2016.........SUNRISE   635 AM CDT   SUNSET   754 PM CDT
APRIL 25 2016.........SUNRISE   633 AM CDT   SUNSET   755 PM CDT


-  INDICATES NEGATIVE NUMBERS.
R  INDICATES RECORD WAS SET OR TIED.
MM INDICATES DATA IS MISSING.
T  INDICATES TRACE AMOUNT.




$$
