000
CDUS44 KSHV 222150
CLITXK


CLIMATE REPORT
NATIONAL WEATHER SERVICE SHREVEPORT, LA
450 PM CDT WED JUL 22 2015


...................................

...THE TEXARKANA CLIMATE SUMMARY FOR JULY 22 2015...
VALID TODAY AS OF 0400 PM LOCAL TIME.

CLIMATE NORMAL PERIOD 1981 TO 2010
CLIMATE RECORD PERIOD 1896 TO 2015


WEATHER ITEM   OBSERVED TIME   RECORD YEAR NORMAL DEPARTURE LAST
                VALUE   (LST)  VALUE       VALUE  FROM      YEAR
                                                  NORMAL
..................................................................
TEMPERATURE (F)
 TODAY
  MAXIMUM         95    244 PM 110    1939  94      1       90
  MINIMUM         77    546 AM  58    1970  72      5       68
  AVERAGE         86                        83      3       79

PRECIPITATION (IN)
  TODAY            0.00          2.44 1985   0.09  -0.09     0.00
  MONTH TO DATE    2.13                      2.59  -0.46     1.64
  SINCE DEC 1     42.06                     32.71   9.35    26.97
  SINCE JAN 1     39.38                     27.66  11.72    21.14

DEGREE DAYS
 HEATING
  TODAY            0                         0      0        0
  MONTH TO DATE    0                         0      0        0
  SINCE JUN 1      0                         0      0        0
  SINCE JUL 1      0                         0      0        0

 COOLING
  TODAY           21                        18      3       14
  MONTH TO DATE  416                       374     42      295
  SINCE JUN 1    895                       779    116      724
  SINCE JAN 1   1219                      1099    120     1018
..................................................................


WIND (MPH)
  HIGHEST WIND SPEED    15   HIGHEST WIND DIRECTION    SW (220)
  HIGHEST GUST SPEED    20   HIGHEST GUST DIRECTION    SW (230)
  AVERAGE WIND SPEED     7.5


SKY COVER
  POSSIBLE SUNSHINE  MM
  AVERAGE SKY COVER 0.1


WEATHER CONDITIONS
 THE FOLLOWING WEATHER WAS RECORDED TODAY.
  HAZE


RELATIVE HUMIDITY (PERCENT)
 HIGHEST    85           200 AM
 LOWEST     52          1200 PM
 AVERAGE    69

..........................................................


THE TEXARKANA CLIMATE NORMALS FOR TOMORROW
                         NORMAL    RECORD    YEAR
 MAXIMUM TEMPERATURE (F)   94       107      1934
 MINIMUM TEMPERATURE (F)   72        57      1915


SUNRISE AND SUNSET
JULY 22 2015..........SUNRISE   622 AM CDT   SUNSET   823 PM CDT
JULY 23 2015..........SUNRISE   622 AM CDT   SUNSET   822 PM CDT


-  INDICATES NEGATIVE NUMBERS.
R  INDICATES RECORD WAS SET OR TIED.
MM INDICATES DATA IS MISSING.
T  INDICATES TRACE AMOUNT.




$$
