253
CDUS44 KSHV 112235
CLITXK


CLIMATE REPORT
NATIONAL WEATHER SERVICE SHREVEPORT, LA
431 PM CST SAT FEB 11 2017


...................................

...THE TEXARKANA CLIMATE SUMMARY FOR FEBRUARY 11 2017...
VALID TODAY AS OF 0400 PM LOCAL TIME.

CLIMATE NORMAL PERIOD 1981 TO 2010
CLIMATE RECORD PERIOD 1896 TO 2017


WEATHER ITEM   OBSERVED TIME   RECORD YEAR NORMAL DEPARTURE LAST
                VALUE   (LST)  VALUE       VALUE  FROM      YEAR
                                                  NORMAL
..................................................................
TEMPERATURE (F)
 TODAY
  MAXIMUM         82    342 PM  84    1922  58     24       71
  MINIMUM         64    651 AM  13    1981  37     27       44
  AVERAGE         73                        47     26       58

PRECIPITATION (IN)
  TODAY            0.00          3.13 1965   0.14  -0.14     0.00
  MONTH TO DATE    1.11                      1.42  -0.31     0.01
  SINCE DEC 1     11.80                      9.87   1.93     7.94
  SINCE JAN 1      5.38                      4.82   0.56     1.96

SNOWFALL (IN)
  TODAY            0.0
  MONTH TO DATE    0.0
  SINCE DEC 1      0.1
  SINCE JUL 1      0.1
  SNOW DEPTH       0

DEGREE DAYS
 HEATING
  TODAY            0                        18    -18        7
  MONTH TO DATE  128                       207    -79      179
  SINCE DEC 1   1073                      1471   -398     1180
  SINCE JUL 1   1307                      1929   -622     1464

 COOLING
  TODAY            8                         0      8        0
  MONTH TO DATE    9                         0      9        0
  SINCE DEC 1     30                         4     26       14
  SINCE JAN 1     23                         1     22        1
..................................................................


WIND (MPH)
  HIGHEST WIND SPEED    25   HIGHEST WIND DIRECTION    SW (230)
  HIGHEST GUST SPEED    30   HIGHEST GUST DIRECTION    SW (240)
  AVERAGE WIND SPEED    12.0


SKY COVER
  POSSIBLE SUNSHINE  MM
  AVERAGE SKY COVER 0.9


WEATHER CONDITIONS
 THE FOLLOWING WEATHER WAS RECORDED TODAY.
  FOG


RELATIVE HUMIDITY (PERCENT)
 HIGHEST   100           800 AM
 LOWEST     54           200 PM
 AVERAGE    77

..........................................................


THE TEXARKANA CLIMATE NORMALS FOR TOMORROW
                         NORMAL    RECORD    YEAR
 MAXIMUM TEMPERATURE (F)   58        81      1962
 MINIMUM TEMPERATURE (F)   37         8      1905


SUNRISE AND SUNSET
FEBRUARY 11 2017......SUNRISE   704 AM CST   SUNSET   557 PM CST
FEBRUARY 12 2017......SUNRISE   703 AM CST   SUNSET   558 PM CST


-  INDICATES NEGATIVE NUMBERS.
R  INDICATES RECORD WAS SET OR TIED.
MM INDICATES DATA IS MISSING.
T  INDICATES TRACE AMOUNT.




$$
