210
CDUS44 KSHV 012302
CLITXK


CLIMATE REPORT
NATIONAL WEATHER SERVICE SHREVEPORT, LA
500 PM CST MON FEB 1 2016


...................................

...THE TEXARKANA CLIMATE SUMMARY FOR FEBRUARY 1 2016...
VALID TODAY AS OF 0500 PM LOCAL TIME.

CLIMATE NORMAL PERIOD 1981 TO 2010
CLIMATE RECORD PERIOD 1896 TO 2016


WEATHER ITEM   OBSERVED TIME   RECORD YEAR NORMAL DEPARTURE LAST
                VALUE   (LST)  VALUE       VALUE  FROM      YEAR
                                                  NORMAL
..................................................................
TEMPERATURE (F)
 TODAY
  MAXIMUM         71    333 PM  83    1989  56     15       58
  MINIMUM         45    407 AM   5    1951  35     10       32
  AVERAGE         58                        45     13       45

PRECIPITATION (IN)
  TODAY            0.00          3.48 1950   0.12  -0.12     0.50
  MONTH TO DATE    0.00                      0.12  -0.12     0.50
  SINCE DEC 1      7.93                      8.57  -0.64     7.42
  SINCE JAN 1      1.95                      3.52  -1.57     4.74

SNOWFALL (IN)
  TODAY            0.0
  MONTH TO DATE    0.0
  SINCE DEC 1      0.0
  SINCE JUL 1      0.0
  SNOW DEPTH       0

DEGREE DAYS
 HEATING
  TODAY            7                        20    -13       20
  MONTH TO DATE    7                        20    -13       20
  SINCE DEC 1   1008                      1284   -276     1241
  SINCE JUL 1   1292                      1742   -450     1751

 COOLING
  TODAY            0                         0      0        0
  MONTH TO DATE    0                         0      0        0
  SINCE DEC 1     14                         4     10        1
  SINCE JAN 1      1                         1      0        0
..................................................................


WIND (MPH)
  HIGHEST WIND SPEED    16   HIGHEST WIND DIRECTION     S (160)
  HIGHEST GUST SPEED    21   HIGHEST GUST DIRECTION     E (110)
  AVERAGE WIND SPEED     6.5


SKY COVER
  POSSIBLE SUNSHINE  MM
  AVERAGE SKY COVER 0.0


WEATHER CONDITIONS
 THE FOLLOWING WEATHER WAS RECORDED TODAY.
  NO SIGNIFICANT WEATHER WAS OBSERVED.


RELATIVE HUMIDITY (PERCENT)
 HIGHEST    86           400 AM
 LOWEST     60          1100 AM
 AVERAGE    73

..........................................................


THE TEXARKANA CLIMATE NORMALS FOR TOMORROW
                         NORMAL    RECORD    YEAR
 MAXIMUM TEMPERATURE (F)   56        80      1995
 MINIMUM TEMPERATURE (F)   35        -3      1951


SUNRISE AND SUNSET
FEBRUARY  1 2016......SUNRISE   712 AM CST   SUNSET   547 PM CST
FEBRUARY  2 2016......SUNRISE   712 AM CST   SUNSET   548 PM CST


-  INDICATES NEGATIVE NUMBERS.
R  INDICATES RECORD WAS SET OR TIED.
MM INDICATES DATA IS MISSING.
T  INDICATES TRACE AMOUNT.




$$
