000
CDUS44 KSHV 152150
CLITXK


CLIMATE REPORT
NATIONAL WEATHER SERVICE SHREVEPORT, LA
450 PM CDT WED APR 15 2015


...................................

...THE TEXARKANA CLIMATE SUMMARY FOR APRIL 15 2015...
VALID TODAY AS OF 0400 PM LOCAL TIME.

CLIMATE NORMAL PERIOD 1981 TO 2010
CLIMATE RECORD PERIOD 1896 TO 2015


WEATHER ITEM   OBSERVED TIME   RECORD YEAR NORMAL DEPARTURE LAST
                VALUE   (LST)  VALUE       VALUE  FROM      YEAR
                                                  NORMAL
..................................................................
TEMPERATURE (F)
 TODAY
  MAXIMUM         66    259 PM  92    1924  75     -9       60
  MINIMUM         60    804 AM  33    1928  52      8       34
  AVERAGE         63                        64     -1       47

PRECIPITATION (IN)
  TODAY            0.06          1.38 1946   0.12  -0.06     0.00
  MONTH TO DATE    1.51                      1.85  -0.34     2.24
  SINCE DEC 1     21.29                     18.49   2.80    15.30
  SINCE JAN 1     18.61                     13.44   5.17     9.47

SNOWFALL (IN)
  TODAY            0.0
  MONTH TO DATE    0.0
  SINCE MAR 1      1.0
  SINCE JUL 1      5.2
  SNOW DEPTH       0

DEGREE DAYS
 HEATING
  TODAY            2                         4     -2       18
  MONTH TO DATE   39                        74    -35      104
  SINCE MAR 1    379                       374      5      498
  SINCE JUL 1   2760                      2568    192     2966

 COOLING
  TODAY            0                         2     -2        0
  MONTH TO DATE   57                        27     30       29
  SINCE MAR 1     73                        46     27       36
  SINCE JAN 1     73                        50     23       36
..................................................................


WIND (MPH)
  HIGHEST WIND SPEED    14   HIGHEST WIND DIRECTION    SW (220)
  HIGHEST GUST SPEED    16   HIGHEST GUST DIRECTION    SW (220)
  AVERAGE WIND SPEED     7.3


SKY COVER
  POSSIBLE SUNSHINE  MM
  AVERAGE SKY COVER 1.0


WEATHER CONDITIONS
 THE FOLLOWING WEATHER WAS RECORDED TODAY.
  RAIN
  LIGHT RAIN
  FOG


RELATIVE HUMIDITY (PERCENT)
 HIGHEST   100           300 AM
 LOWEST     68           300 PM
 AVERAGE    84

..........................................................


THE TEXARKANA CLIMATE NORMALS FOR TOMORROW
                         NORMAL    RECORD    YEAR
 MAXIMUM TEMPERATURE (F)   76        93      1913
 MINIMUM TEMPERATURE (F)   53        36      1961


SUNRISE AND SUNSET
APRIL 15 2015.........SUNRISE   646 AM CDT   SUNSET   747 PM CDT
APRIL 16 2015.........SUNRISE   645 AM CDT   SUNSET   747 PM CDT


-  INDICATES NEGATIVE NUMBERS.
R  INDICATES RECORD WAS SET OR TIED.
MM INDICATES DATA IS MISSING.
T  INDICATES TRACE AMOUNT.




$$
