000
CDUS44 KSHV 180854
CLITXK


CLIMATE REPORT
NATIONAL WEATHER SERVICE SHREVEPORT, LA
250 AM CST WED FEB 18 2015


...................................

...THE TEXARKANA CLIMATE SUMMARY FOR FEBRUARY 17 2015...

CLIMATE NORMAL PERIOD 1981 TO 2010
CLIMATE RECORD PERIOD 1896 TO 2015


WEATHER ITEM   OBSERVED TIME   RECORD YEAR NORMAL DEPARTURE LAST
                VALUE   (LST)  VALUE       VALUE  FROM      YEAR
                                                  NORMAL
..................................................................
TEMPERATURE (F)
 YESTERDAY
  MAXIMUM         43    438 PM  82    1897  59    -16       78
  MINIMUM         24    405 AM  20    1903  38    -14       46
  AVERAGE         34                        49    -15       62

PRECIPITATION (IN)
  YESTERDAY        T             1.10 1932   0.15  -0.15     0.00
  MONTH TO DATE    1.62                      2.32  -0.70     2.92
  SINCE DEC 1      8.54                     10.77  -2.23     9.48
  SINCE JAN 1      5.86                      5.72   0.14     3.65

SNOWFALL (IN)
  YESTERDAY       MM
  MONTH TO DATE    0.0
  SINCE DEC 1      T
  SINCE JUL 1      T
  SNOW DEPTH       0

DEGREE DAYS
 HEATING
  YESTERDAY       31                        16     15        3
  MONTH TO DATE  335                       309     26      415
  SINCE DEC 1   1556                      1573    -17     1790
  SINCE JUL 1   2066                      2031     35     2315

 COOLING
  YESTERDAY        0                         0      0        0
  MONTH TO DATE    0                         0      0        0
  SINCE DEC 1      1                         4     -3        2
  SINCE JAN 1      0                         1     -1        0
..................................................................


WIND (MPH)
  HIGHEST WIND SPEED    16   HIGHEST WIND DIRECTION     W (270)
  HIGHEST GUST SPEED    24   HIGHEST GUST DIRECTION     W (250)
  AVERAGE WIND SPEED     3.5


SKY COVER
  POSSIBLE SUNSHINE  MM
  AVERAGE SKY COVER 0.2


WEATHER CONDITIONS
 THE FOLLOWING WEATHER WAS RECORDED YESTERDAY.
  LIGHT RAIN


RELATIVE HUMIDITY (PERCENT)
 HIGHEST    92           800 AM
 LOWEST     49           400 PM
 AVERAGE    71

..........................................................


THE TEXARKANA CLIMATE NORMALS FOR TODAY
                         NORMAL    RECORD    YEAR
 MAXIMUM TEMPERATURE (F)   60        84      1986
 MINIMUM TEMPERATURE (F)   38         7      1936


SUNRISE AND SUNSET
FEBRUARY 18 2015......SUNRISE   657 AM CST   SUNSET   603 PM CST
FEBRUARY 19 2015......SUNRISE   656 AM CST   SUNSET   604 PM CST


-  INDICATES NEGATIVE NUMBERS.
R  INDICATES RECORD WAS SET OR TIED.
MM INDICATES DATA IS MISSING.
T  INDICATES TRACE AMOUNT.




$$
