000
CXUS54 KAMA 160710
CF6AMA
PRELIMINARY LOCAL CLIMATOLOGICAL DATA (WS FORM: F-6)
STATION: AMARILLO
MONTH: APRIL
YEAR: 2024
LATITUDE: 35 13 N
LONGITUDE: 101 42 W
TEMPERATURE IN F: :PCPN: SNOW: WIND :SUNSHINE: SKY :PK WND
================================================================================
1 2 3 4 5 6A 6B 7 8 9 10 11 12 13 14 15 16 17 18
12Z AVG MX 2MIN
DY MAX MIN AVG DEP HDD CDD WTR SNW DPTH SPD SPD DIR MIN PSBL S-S WX SPD DR
================================================================================
1 71 41 56 2 9 0 0.02 0.0 0 14.5 37 250 M M 5 50 220
2 59 36 48 -6 17 0 0.07 0.0 0 16.5 30 360 M M 3 1 43 10
3 73 36 55 0 10 0 0.00 0.0 0 10.2 25 360 M M 0 36 20
4 83 42 63 8 2 0 0.00 0.0 0 12.0 21 250 M M 0 29 210
5 84 52 68 13 0 3 0.00 0.0 0 21.0 37 180 M M 0 46 210
6 64 48 56 1 9 0 0.00 0.0 0 29.1 48 250 M M 3 8 62 240
7 73 40 57 1 8 0 0.00 0.0 0 16.1 26 250 M M 0 40 250
8 66 38 52 -4 13 0 0.00 0.0 0 14.2 23 50 M M 0 30 60
9 46 39 43 -13 22 0 2.18 0.0 0 13.7 30 80 M M 8 138 39 80
10 68 39 54 -2 11 0 0.03 0.0 0 11.5 30 30 M M 4 1 42 30
11 65 39 52 -4 13 0 0.00 0.0 0 10.6 18 160 M M 1 27 40
12 82 44 63 6 2 0 0.00 0.0 0 16.5 25 200 M M 0 35 210
13 85 48 67 10 0 2 0.00 0.0 0 14.7 25 220 M M 0 34 220
14 87 50 69 12 0 4 0.00 0.0 0 13.0 25 220 M M 0 34 230
15 87 48 68 11 0 3 0.00 0.0 0 16.2 41 210 M M 1 60 200
================================================================================
SM 1093 640 116 12 2.30 0.0 229.8 M 25
================================================================================
AV 72.9 42.7 15.3 FASTST M M 2 MAX(MPH)
MISC ----> 48 250 62 240
================================================================================
NOTES:
# LAST OF SEVERAL OCCURRENCES
COLUMN 17 PEAK WIND IN M.P.H.
PRELIMINARY LOCAL CLIMATOLOGICAL DATA (WS FORM: F-6) , PAGE 2
STATION: AMARILLO
MONTH: APRIL
YEAR: 2024
LATITUDE: 35 13 N
LONGITUDE: 101 42 W
[TEMPERATURE DATA] [PRECIPITATION DATA] SYMBOLS USED IN COLUMN 16
AVERAGE MONTHLY: 57.8 TOTAL FOR MONTH: 2.30 1 = FOG OR MIST
DPTR FM NORMAL: 2.0 DPTR FM NORMAL: 1.67 2 = FOG REDUCING VISIBILITY
HIGHEST: 87 ON 15,14 GRTST 24HR 2.21 ON 9-10 TO 1/4 MILE OR LESS
LOWEST: 36 ON 3, 2 3 = THUNDER
SNOW, ICE PELLETS, HAIL 4 = ICE PELLETS
TOTAL MONTH: 0.0 INCH 5 = HAIL
GRTST 24HR 0.0 6 = FREEZING RAIN OR DRIZZLE
GRTST DEPTH: 0 7 = DUSTSTORM OR SANDSTORM:
VSBY 1/2 MILE OR LESS
8 = SMOKE OR HAZE
[NO. OF DAYS WITH] [WEATHER - DAYS WITH] 9 = BLOWING SNOW
X = TORNADO
MAX 32 OR BELOW: 0 0.01 INCH OR MORE: 4
MAX 90 OR ABOVE: 0 0.10 INCH OR MORE: 1
MIN 32 OR BELOW: 0 0.50 INCH OR MORE: 1
MIN 0 OR BELOW: 0 1.00 INCH OR MORE: 1
[HDD (BASE 65) ]
TOTAL THIS MO. 116 CLEAR (SCALE 0-3) 11
DPTR FM NORMAL -30 PTCLDY (SCALE 4-7) 4
TOTAL FM JUL 1 3350 CLOUDY (SCALE 8-10) 0
DPTR FM NORMAL -335
[CDD (BASE 65) ]
TOTAL THIS MO. 12
DPTR FM NORMAL 6 [PRESSURE DATA]
TOTAL FM JAN 1 14 HIGHEST SLP M ON M
DPTR FM NORMAL 3 LOWEST SLP 29.42 ON 15
[REMARKS]