000
CXUS55 KSEW 190930
CF6BLI
PRELIMINARY LOCAL CLIMATOLOGICAL DATA (WS FORM: F-6)
STATION: BELLINGHAM WA AIRPORT
MONTH: APRIL
YEAR: 2024
LATITUDE: 48 47 N
LONGITUDE: 122 32 W
TEMPERATURE IN F: :PCPN: SNOW: WIND :SUNSHINE: SKY :PK WND
================================================================================
1 2 3 4 5 6A 6B 7 8 9 10 11 12 13 14 15 16 17 18
12Z AVG MX 2MIN
DY MAX MIN AVG DEP HDD CDD WTR SNW DPTH SPD SPD DIR MIN PSBL S-S WX SPD DR
================================================================================
1 59 42 51 3 14 0 0.00 M M 6.3 15 180 M M 5 22 180
2 60 44 52 4 13 0 0.26 M M 6.9 15 190 M M 7 1 22 180
3 50 35 43 -5 22 0 0.00 M M 4.8 14 170 M M 4 19 170
4 52 36 44 -4 21 0 T M M 5.7 13 320 M M 7 19 20
5 51 39 45 -3 20 0 0.00 M M 5.3 16 170 M M 9 28 170
6 50 45 48 0 17 0 T M M 9.0 15 160 M M 9 22 170
7 52 44 48 0 17 0 0.01 M M 7.6 17 180 M M 9 27 200
8 50 43 47 -1 18 0 0.21 M M 13.1 26 160 M M 10 39 160
9 57 39 48 -1 17 0 0.00 M M 4.4 15 170 M M 3 23 160
10 58 33 46 -3 19 0 0.00 M M 2.1 10 280 M M 1 14 300
11 51 40 46 -3 19 0 0.08 M M 4.0 12 190 M M 9 1 17 170
12 56 39 48 -1 17 0 T M M 4.6 15 310 M M 6 18 21 320
13 59 34 47 -2 18 0 0.00 M M 3.7 13 300 M M 1 12 18 340
14 60 38 49 0 16 0 0.00 M M 6.1 16 180 M M 1 27 190
15 53 44 49 0 16 0 0.01 M M 5.6 14 180 M M 8 21 160
16 52 33 43 -7 22 0 T M M 3.3 13 310 M M 5 19 320
17 58 32 45 -5 20 0 0.00 M M 4.9 14 330 M M 0 20 300
18 64 31 48 -2 17 0 0.00 M M 7.3 20 30 M M 0 33 20
================================================================================
SM 992 691 323 0 0.57 M 104.7 M 94
================================================================================
AV 55.1 38.4 5.8 FASTST M M 5 MAX(MPH)
MISC ----> 26 160 39 160
================================================================================
NOTES:
# LAST OF SEVERAL OCCURRENCES
COLUMN 17 PEAK WIND IN M.P.H.
PRELIMINARY LOCAL CLIMATOLOGICAL DATA (WS FORM: F-6) , PAGE 2
STATION: BELLINGHAM WA AIRPORT
MONTH: APRIL
YEAR: 2024
LATITUDE: 48 47 N
LONGITUDE: 122 32 W
[TEMPERATURE DATA] [PRECIPITATION DATA] SYMBOLS USED IN COLUMN 16
AVERAGE MONTHLY: 46.8 TOTAL FOR MONTH: 0.57 1 = FOG OR MIST
DPTR FM NORMAL: -2.0 DPTR FM NORMAL: -1.22 2 = FOG REDUCING VISIBILITY
HIGHEST: 64 ON 18 GRTST 24HR 0.26 ON 2- 2 TO 1/4 MILE OR LESS
LOWEST: 31 ON 18 3 = THUNDER
SNOW, ICE PELLETS, HAIL 4 = ICE PELLETS
TOTAL MONTH: M 5 = HAIL
GRTST 24HR M ON M 6 = FREEZING RAIN OR DRIZZLE
GRTST DEPTH: M ON M 7 = DUSTSTORM OR SANDSTORM:
VSBY 1/2 MILE OR LESS
8 = SMOKE OR HAZE
[NO. OF DAYS WITH] [WEATHER - DAYS WITH] 9 = BLOWING SNOW
X = TORNADO
MAX 32 OR BELOW: 0 0.01 INCH OR MORE: 5
MAX 90 OR ABOVE: 0 0.10 INCH OR MORE: 2
MIN 32 OR BELOW: 2 0.50 INCH OR MORE: 0
MIN 0 OR BELOW: 0 1.00 INCH OR MORE: 0
[HDD (BASE 65) ]
TOTAL THIS MO. 323 CLEAR (SCALE 0-3) 6
DPTR FM NORMAL 29 PTCLDY (SCALE 4-7) 7
TOTAL FM JUL 1 4409 CLOUDY (SCALE 8-10) 5
DPTR FM NORMAL -72
[CDD (BASE 65) ]
TOTAL THIS MO. 0
DPTR FM NORMAL 0 [PRESSURE DATA]
TOTAL FM JAN 1 0 HIGHEST SLP M ON M
DPTR FM NORMAL 0 LOWEST SLP 29.75 ON 4
[REMARKS]