000
CXUS56 KLOX 271155
CF6CQT
PRELIMINARY LOCAL CLIMATOLOGICAL DATA (WS FORM: F-6)
STATION: DOWNTOWN LOS ANGELES (USC) CA
MONTH: MARCH
YEAR: 2024
LATITUDE: 34 1 N
LONGITUDE: 118 17 W
TEMPERATURE IN F: :PCPN: SNOW: WIND :SUNSHINE: SKY :PK WND
================================================================================
1 2 3 4 5 6A 6B 7 8 9 10 11 12 13 14 15 16 17 18
12Z AVG MX 2MIN
DY MAX MIN AVG DEP HDD CDD WTR SNW DPTH SPD SPD DIR MIN PSBL S-S WX SPD DR
================================================================================
1 65 56 61 1 4 0 0.07 M M 1.0 8 260 M M 9 1 16 270
2 62 53 58 -2 7 0 0.28 M M 1.5 9 270 M M 10 18 17 260
3 63 52 58 -2 7 0 0.03 M M 1.6 12 260 M M 6 1 26 270
4 67 49 58 -2 7 0 0.00 M M 0.8 8 260 M M 1 15 260
5 66 51 59 -1 6 0 0.00 M M 0.6 8 270 M M 2 15 260
6 65 50 58 -2 7 0 0.72 M M 2.0 9 110 M M 7 1 16 170
7 67 48 58 -2 7 0 0.01 M M 1.3 8 250 M M 2 19 260
8 72 50 61 1 4 0 0.00 M M 1.2 10 270 M M 0 22 270
9 73 50 62 1 3 0 0.00 M M 1.2 8 260 M M 0 15 250
10 71 50 61 0 4 0 0.00 M M 0.9 9 270 M M 0 15 260
11 67 54 61 0 4 0 0.00 M M 1.3 8 260 M M 2 17 260
12 66 54 60 -1 5 0 0.00 M M 1.3 9 260 M M 4 8 17 260
13 70 56 63 2 2 0 0.00 M M 2.0 8 260 M M 2 17 260
14 71 53 62 1 3 0 0.00 M M 3.5 16 10 M M 0 31 360
15 70 56 63 2 2 0 0.00 M M 2.7 9 260 M M 4 8 18 260
16 69 55 62 1 3 0 0.00 M M 1.3 10 270 M M 2 22 250
17 71 52 62 1 3 0 0.00 M M 1.7 9 270 M M 0 18 280
18 75 53 64 3 1 0 T M M 0.9 8 270 M M 1 16 250
19 73 55 64 3 1 0 0.00 M M 1.5 8 270 M M 0 14 260
20 71 54 63 1 2 0 0.00 M M 1.4 8 270 M M 3 18 16 260
21 71 57 64 2 1 0 0.00 M M 1.2 9 270 M M 4 8 20 290
22 72 54 63 1 2 0 0.00 M M 1.4 8 270 M M 5 18 14 260
23 64 54 59 -3 6 0 0.28 M M 3.8 12 260 M M 5 1 28 260
24 65 50 58 -4 7 0 0.01 M M 3.0 13 260 M M 1 25 260
25 67 50 59 -3 6 0 0.00 M M 2.2 8 270 M M 0 18 250
26 69 55 62 0 3 0 0.00 M M 2.5 9 270 M M 2 17 270
================================================================================
SM 1782 1371 107 0 1.40 M 43.8 M 72
================================================================================
AV 68.5 52.7 1.7 FASTST M M 3 MAX(MPH)
MISC ----> 16 10 31 360
================================================================================
NOTES:
# LAST OF SEVERAL OCCURRENCES
COLUMN 17 PEAK WIND IN M.P.H.
PRELIMINARY LOCAL CLIMATOLOGICAL DATA (WS FORM: F-6) , PAGE 2
STATION: DOWNTOWN LOS ANGELES (USC) CA
MONTH: MARCH
YEAR: 2024
LATITUDE: 34 1 N
LONGITUDE: 118 17 W
[TEMPERATURE DATA] [PRECIPITATION DATA] SYMBOLS USED IN COLUMN 16
AVERAGE MONTHLY: 60.6 TOTAL FOR MONTH: 1.40 1 = FOG OR MIST
DPTR FM NORMAL: -0.3 DPTR FM NORMAL: -0.58 2 = FOG REDUCING VISIBILITY
HIGHEST: 75 ON 18 GRTST 24HR 0.72 ON 6- 6 TO 1/4 MILE OR LESS
LOWEST: 48 ON 7 3 = THUNDER
SNOW, ICE PELLETS, HAIL 4 = ICE PELLETS
TOTAL MONTH: M 5 = HAIL
GRTST 24HR M ON M 6 = FREEZING RAIN OR DRIZZLE
GRTST DEPTH: M ON M 7 = DUSTSTORM OR SANDSTORM:
VSBY 1/2 MILE OR LESS
8 = SMOKE OR HAZE
[NO. OF DAYS WITH] [WEATHER - DAYS WITH] 9 = BLOWING SNOW
X = TORNADO
MAX 32 OR BELOW: 0 0.01 INCH OR MORE: 7
MAX 90 OR ABOVE: 0 0.10 INCH OR MORE: 3
MIN 32 OR BELOW: 0 0.50 INCH OR MORE: 1
MIN 0 OR BELOW: 0 1.00 INCH OR MORE: 0
[HDD (BASE 65) ]
TOTAL THIS MO. 107 CLEAR (SCALE 0-3) 17
DPTR FM NORMAL -16 PTCLDY (SCALE 4-7) 7
TOTAL FM JUL 1 633 CLOUDY (SCALE 8-10) 2
DPTR FM NORMAL -224
[CDD (BASE 65) ]
TOTAL THIS MO. 0
DPTR FM NORMAL -24 [PRESSURE DATA]
TOTAL FM JAN 1 8 HIGHEST SLP M ON M
DPTR FM NORMAL -36 LOWEST SLP 29.74 ON 14
[REMARKS]