000
CXUS56 KOTX 170910
CF6EAT
PRELIMINARY LOCAL CLIMATOLOGICAL DATA (WS FORM: F-6)
STATION: WENATCHEE WA PANGBORN FIELD
MONTH: APRIL
YEAR: 2024
LATITUDE: 47 23 N
LONGITUDE: 120 12 W
TEMPERATURE IN F: :PCPN: SNOW: WIND :SUNSHINE: SKY :PK WND
================================================================================
1 2 3 4 5 6A 6B 7 8 9 10 11 12 13 14 15 16 17 18
12Z AVG MX 2MIN
DY MAX MIN AVG DEP HDD CDD WTR SNW DPTH SPD SPD DIR MIN PSBL S-S WX SPD DR
================================================================================
1 72 48 60 13 5 0 0.00 M M 10.6 22 290 M M 0 27 290
2 76 49 63 15 2 0 0.00 M M 9.0 29 290 M M 0 37 290
3 58 43 51 3 14 0 0.00 M M 10.4 28 280 M M 1 33 280
4 43 37 40 -8 25 0 0.04 M M 8.4 15 280 M M 6 18 270
5 46 37 42 -6 23 0 0.02 M M 9.8 20 300 M M 8 24 300
6 57 40 49 1 16 0 0.00 M M 13.8 24 280 M M 5 31 280
7 58 37 48 -1 17 0 T M M 9.5 17 300 M M 3 23 290
8 60 37 49 0 16 0 0.00 M M 7.7 23 260 M M 4 30 250
9 63 38 51 2 14 0 0.00 M M 9.3 25 310 M M 2 32 290
10 61 36 49 -1 16 0 0.00 M M 6.2 13 130 M M 0 21 140
11 61 41 51 1 14 0 0.00 M M 5.1 20 310 M M 2 27 320
12 66 45 56 6 9 0 0.00 M M 7.2 14 300 M M 2 17 260
13 71 44 58 8 7 0 0.00 M M 7.1 15 320 M M 0 8 21 130
14 79 48 64 14 1 0 0.00 M M 12.5 29 320 M M 0 36 320
15 64 45 55 4 10 0 0.00 M M 18.2 32 310 M M 3 41 320
16 55 40 48 -3 17 0 0.00 M M 13.9 30 300 M M 3 40 310
================================================================================
SM 990 665 206 0 0.06 M 158.7 M 39
================================================================================
AV 61.9 41.6 9.9 FASTST M M 2 MAX(MPH)
MISC ----> 32 310 41 320
================================================================================
NOTES:
# LAST OF SEVERAL OCCURRENCES
COLUMN 17 PEAK WIND IN M.P.H.
PRELIMINARY LOCAL CLIMATOLOGICAL DATA (WS FORM: F-6) , PAGE 2
STATION: WENATCHEE WA PANGBORN FIELD
MONTH: APRIL
YEAR: 2024
LATITUDE: 47 23 N
LONGITUDE: 120 12 W
[TEMPERATURE DATA] [PRECIPITATION DATA] SYMBOLS USED IN COLUMN 16
AVERAGE MONTHLY: 51.7 TOTAL FOR MONTH: 0.06 1 = FOG OR MIST
DPTR FM NORMAL: 2.6 DPTR FM NORMAL: -0.28 2 = FOG REDUCING VISIBILITY
HIGHEST: 79 ON 14 GRTST 24HR 0.04 ON 4- 4 TO 1/4 MILE OR LESS
LOWEST: 36 ON 10 3 = THUNDER
SNOW, ICE PELLETS, HAIL 4 = ICE PELLETS
TOTAL MONTH: M 5 = HAIL
GRTST 24HR M ON M 6 = FREEZING RAIN OR DRIZZLE
GRTST DEPTH: M ON M 7 = DUSTSTORM OR SANDSTORM:
VSBY 1/2 MILE OR LESS
8 = SMOKE OR HAZE
[NO. OF DAYS WITH] [WEATHER - DAYS WITH] 9 = BLOWING SNOW
X = TORNADO
MAX 32 OR BELOW: 0 0.01 INCH OR MORE: 2
MAX 90 OR ABOVE: 0 0.10 INCH OR MORE: 0
MIN 32 OR BELOW: 0 0.50 INCH OR MORE: 0
MIN 0 OR BELOW: 0 1.00 INCH OR MORE: 0
[HDD (BASE 65) ]
TOTAL THIS MO. 206 CLEAR (SCALE 0-3) 12
DPTR FM NORMAL -47 PTCLDY (SCALE 4-7) 4
TOTAL FM JUL 1 5002 CLOUDY (SCALE 8-10) 0
DPTR FM NORMAL -403
[CDD (BASE 65) ]
TOTAL THIS MO. 0
DPTR FM NORMAL 0 [PRESSURE DATA]
TOTAL FM JAN 1 0 HIGHEST SLP M ON M
DPTR FM NORMAL 0 LOWEST SLP 29.62 ON 5
[REMARKS]