000
CXUS53 KIND 170600
CF6HUF
PRELIMINARY LOCAL CLIMATOLOGICAL DATA (WS FORM: F-6)
STATION: TERRE HAUTE IN
MONTH: APRIL
YEAR: 2024
LATITUDE: 39 27 N
LONGITUDE: 87 18 W
TEMPERATURE IN F: :PCPN: SNOW: WIND :SUNSHINE: SKY :PK WND
================================================================================
1 2 3 4 5 6A 6B 7 8 9 10 11 12 13 14 15 16 17 18
12Z AVG MX 2MIN
DY MAX MIN AVG DEP HDD CDD WTR SNW DPTH SPD SPD DIR MIN PSBL S-S WX SPD DR
================================================================================
1 75 53 64 15 1 0 0.57 M M 6.7 20 210 M M 7 13 28 220
2 70 41 56 7 9 0 1.56 M M 13.8 29 270 M M 9 13 43 270
3 43 37 40 -10 25 0 0.06 M M 15.0 28 260 M M 10 1 42 250
4 42 37 40 -10 25 0 0.09 M M 11.6 20 300 M M 10 32 300
5 47 35 41 -9 24 0 T M M 7.7 17 350 M M 8 24 350
6 58 27 43 -8 22 0 0.00 M M 3.6 10 170 M M 0 1 17 180
7 64 42 53 2 12 0 0.12 M M 12.5 25 130 M M 6 3 35 140
8 75 41 58 7 7 0 0.00 M M 4.5 14 210 M M 2 12 19 210
9 73 50 62 10 3 0 T M M 7.5 17 240 M M 6 8 23 220
10 63 53 58 6 7 0 0.77 M M 6.8 13 50 M M 10 1 17 70
11 60 52 56 4 9 0 0.95 M M 10.1 22 330 M M 9 13 31 330
12 63 47 55 2 10 0 0.09 M M 14.2 29 320 M M 8 1 43 300
13 71 40 56 3 9 0 0.00 M M 7.1 16 250 M M 0 20 300
14 81 59 70 17 0 5 0.00 M M 11.4 23 200 M M 0 34 240
15 87 59 73 19 0 8 0.00 M M 5.1 10 20 M M 0 16 220
16 83 62 73 19 0 8 0.28 M M 12.1 26 160 M M 3 13 37 160
================================================================================
SM 1055 735 163 21 4.49 M 149.7 M 88
================================================================================
AV 65.9 45.9 9.4 FASTST M M 6 MAX(MPH)
MISC ----> # 29 270 # 43 270
================================================================================
NOTES:
# LAST OF SEVERAL OCCURRENCES
COLUMN 17 PEAK WIND IN M.P.H.
PRELIMINARY LOCAL CLIMATOLOGICAL DATA (WS FORM: F-6) , PAGE 2
STATION: TERRE HAUTE IN
MONTH: APRIL
YEAR: 2024
LATITUDE: 39 27 N
LONGITUDE: 87 18 W
[TEMPERATURE DATA] [PRECIPITATION DATA] SYMBOLS USED IN COLUMN 16
AVERAGE MONTHLY: 55.9 TOTAL FOR MONTH: 4.49 1 = FOG OR MIST
DPTR FM NORMAL: 4.4 DPTR FM NORMAL: 2.16 2 = FOG REDUCING VISIBILITY
HIGHEST: 87 ON 15 GRTST 24HR 2.13 ON 1- 2 TO 1/4 MILE OR LESS
LOWEST: 27 ON 6 3 = THUNDER
SNOW, ICE PELLETS, HAIL 4 = ICE PELLETS
TOTAL MONTH: M 5 = HAIL
GRTST 24HR M ON M 6 = FREEZING RAIN OR DRIZZLE
GRTST DEPTH: M ON M 7 = DUSTSTORM OR SANDSTORM:
VSBY 1/2 MILE OR LESS
8 = SMOKE OR HAZE
[NO. OF DAYS WITH] [WEATHER - DAYS WITH] 9 = BLOWING SNOW
X = TORNADO
MAX 32 OR BELOW: 0 0.01 INCH OR MORE: 9
MAX 90 OR ABOVE: 0 0.10 INCH OR MORE: 6
MIN 32 OR BELOW: 1 0.50 INCH OR MORE: 4
MIN 0 OR BELOW: 0 1.00 INCH OR MORE: 1
[HDD (BASE 65) ]
TOTAL THIS MO. 163 CLEAR (SCALE 0-3) 6
DPTR FM NORMAL -58 PTCLDY (SCALE 4-7) 5
TOTAL FM JUL 1 3995 CLOUDY (SCALE 8-10) 5
DPTR FM NORMAL -981
[CDD (BASE 65) ]
TOTAL THIS MO. 21
DPTR FM NORMAL 21 [PRESSURE DATA]
TOTAL FM JAN 1 25 HIGHEST SLP M ON M
DPTR FM NORMAL 22 LOWEST SLP 29.32 ON 2
[REMARKS]