000
CXUS52 KMHX 230600
CF6MRH
PRELIMINARY LOCAL CLIMATOLOGICAL DATA (WS FORM: F-6)
STATION: BEAUFORT/SMITH FIELD NC
MONTH: APRIL
YEAR: 2024
LATITUDE: 34 43 N
LONGITUDE: 76 39 W
TEMPERATURE IN F: :PCPN: SNOW: WIND :SUNSHINE: SKY :PK WND
================================================================================
1 2 3 4 5 6A 6B 7 8 9 10 11 12 13 14 15 16 17 18
12Z AVG MX 2MIN
DY MAX MIN AVG DEP HDD CDD WTR SNW DPTH SPD SPD DIR MIN PSBL S-S WX SPD DR
================================================================================
1 71 62 67 9 0 2 0.00 0.0 0 13.4 20 220 M M 0 25 220
2 72 63 68 10 0 3 0.00 0.0 0 15.1 25 210 M M 1 35 210
3 70 64 67 9 0 2 0.39 0.0 0 17.5 28 280 M M 7 13 42 200
4 64 52 58 -1 7 0 0.00 0.0 0 14.2 26 230 M M 3 36 210
5 62 48 55 -4 10 0 0.00 0.0 0 12.9 21 330 M M 4 29 340
6 62 47 55 -4 10 0 0.00 0.0 0 12.0 28 330 M M 3 34 330
7 66 47 57 -3 8 0 0.00 0.0 0 7.7 16 350 M M 1 20 350
8 67 44 56 -4 9 0 0.00 0.0 0 7.2 17 210 M M 0 22 200
9 72 61 67 7 0 2 0.00 0.0 0 9.1 18 230 M M 4 24 230
10 75 63 69 8 0 4 0.00 0.0 0 8.4 17 200 M M 1 23 220
11 72 67 70 9 0 5 1.37 0.0 0 18.3 33 160 M M 7 18 53 170
12 70 56 63 2 2 0 0.05 0.0 0 23.0 43 300 M M 2 38 60 280
13 74 54 64 2 1 0 0.00 0.0 0 15.7 29 300 M M 0 38 300
14 74 54 64 2 1 0 0.00 0.0 0 9.8 18 200 M M 0 24 220
15 74 65 70 8 0 5 0.00 0.0 0 13.8 20 220 M M 0 26 210
16 81 62 72 10 0 7 0.00 0.0 0 7.6 18 220 M M 0 25 230
17 75 60 68 5 0 3 0.00 0.0 0 10.9 20 220 M M 1 1 28 240
18 79 67 73 10 0 8 0.00 0.0 0 10.3 20 230 M M 1 29 220
19 72 61 67 4 0 2 0.00 0.0 0 9.2 15 50 M M 5 23 60
20 79 67 73 9 0 8 0.00 0.0 0 7.4 15 220 M M 5 13 20 70
21 69 52 61 -3 4 0 0.85 0.0 0 10.3 22 10 M M 10 13 30 20
22 61 47 54 -10 11 0 T 0.0 0 11.9 22 10 M M 7 30 20
================================================================================
SM 1561 1263 63 51 2.66 0.0 265.7 M 62
================================================================================
AV 71.0 57.4 12.1 FASTST M M 3 MAX(MPH)
MISC ----> 43 300 60 280
================================================================================
NOTES:
# LAST OF SEVERAL OCCURRENCES
COLUMN 17 PEAK WIND IN M.P.H.
PRELIMINARY LOCAL CLIMATOLOGICAL DATA (WS FORM: F-6) , PAGE 2
STATION: BEAUFORT/SMITH FIELD NC
MONTH: APRIL
YEAR: 2024
LATITUDE: 34 43 N
LONGITUDE: 76 39 W
[TEMPERATURE DATA] [PRECIPITATION DATA] SYMBOLS USED IN COLUMN 16
AVERAGE MONTHLY: 64.2 TOTAL FOR MONTH: 2.66 1 = FOG OR MIST
DPTR FM NORMAL: 3.1 DPTR FM NORMAL: 0.18 2 = FOG REDUCING VISIBILITY
HIGHEST: 81 ON 16 GRTST 24HR 1.37 ON 11-11 TO 1/4 MILE OR LESS
LOWEST: 44 ON 8 3 = THUNDER
SNOW, ICE PELLETS, HAIL 4 = ICE PELLETS
TOTAL MONTH: 0.0 INCH 5 = HAIL
GRTST 24HR 0.0 6 = FREEZING RAIN OR DRIZZLE
GRTST DEPTH: 0 7 = DUSTSTORM OR SANDSTORM:
VSBY 1/2 MILE OR LESS
8 = SMOKE OR HAZE
[NO. OF DAYS WITH] [WEATHER - DAYS WITH] 9 = BLOWING SNOW
X = TORNADO
MAX 32 OR BELOW: 0 0.01 INCH OR MORE: 4
MAX 90 OR ABOVE: 0 0.10 INCH OR MORE: 3
MIN 32 OR BELOW: 0 0.50 INCH OR MORE: 2
MIN 0 OR BELOW: 0 1.00 INCH OR MORE: 1
[HDD (BASE 65) ]
TOTAL THIS MO. 63 CLEAR (SCALE 0-3) 13
DPTR FM NORMAL -50 PTCLDY (SCALE 4-7) 8
TOTAL FM JUL 1 1787 CLOUDY (SCALE 8-10) 1
DPTR FM NORMAL -550
[CDD (BASE 65) ]
TOTAL THIS MO. 51
DPTR FM NORMAL 26 [PRESSURE DATA]
TOTAL FM JAN 1 59 HIGHEST SLP M ON M
DPTR FM NORMAL 27 LOWEST SLP 29.37 ON 3
[REMARKS]