000
CXUS56 KSTO 191301
CF6RBL
PRELIMINARY LOCAL CLIMATOLOGICAL DATA (WS FORM: F-6)
STATION: RED BLUFF
MONTH: APRIL
YEAR: 2024
LATITUDE: 40 8 N
LONGITUDE: 122-15 E
TEMPERATURE IN F: :PCPN: SNOW: WIND :SUNSHINE: SKY :PK WND
================================================================================
1 2 3 4 5 6A 6B 7 8 9 10 11 12 13 14 15 16 17 18
12Z AVG MX 2MIN
DY MAX MIN AVG DEP HDD CDD WTR SNW DPTH SPD SPD DIR MIN PSBL S-S WX SPD DR
================================================================================
1 78 48 63 6 2 0 0.00 M M 6.9 17 350 M M 0 24 360
2 75 47 61 4 4 0 0.00 M M 6.8 16 160 M M 0 21 140
3 69 49 59 2 6 0 0.00 M M 7.3 17 170 M M 1 3 24 310
4 52 40 46 -11 19 0 0.73 M M 8.8 18 170 M M 10 1 24 140
5 61 38 50 -7 15 0 0.06 M M 5.4 13 360 M M 4 1 17 360
6 57 37 47 -10 18 0 0.00 M M 4.4 15 170 M M 6 22 220
7 68 44 56 -2 9 0 0.00 0.0 M 6.9 13 340 M M 3 25 10
8 74 43 59 1 6 0 0.00 0.0 M 6.9 17 360 M M 0 22 360
9 77 48 63 5 2 0 0.00 0.0 M 5.1 13 360 M M 0 16 10
10 81 49 65 7 0 0 0.00 M M 4.7 12 350 M M 0 15 360
11 81 51 66 8 0 1 0.00 M M 6.3 13 170 M M 0 16 160
12 70 56 63 4 2 0 T 0.0 M 10.4 20 170 M M 5 26 170
13 57 46 52 -7 13 0 0.13 0.0 M 9.8 22 140 M M 10 1 29 140
14 51 45 48 -11 17 0 0.64 M M 6.6 13 150 M M 10 1 15 160
15 73 47 60 1 5 0 0.00 M M 4.4 10 310 M M 3 15 300
16 78 49 64 4 1 0 0.00 M M 5.9 13 360 M M 0 17 350
17 79 50 65 5 0 0 0.00 M M 6.7 18 350 M M 0 25 350
18 79 55 67 7 0 2 0.00 M M 5.8 15 360 M M 0 20 330
================================================================================
SM 1260 842 119 3 1.56 0.0 119.1 M 52
================================================================================
AV 70.0 46.8 6.6 FASTST M M 3 MAX(MPH)
MISC ----> 22 140 29 140
================================================================================
NOTES:
# LAST OF SEVERAL OCCURRENCES
COLUMN 17 PEAK WIND IN M.P.H.
PRELIMINARY LOCAL CLIMATOLOGICAL DATA (WS FORM: F-6) , PAGE 2
STATION: RED BLUFF
MONTH: APRIL
YEAR: 2024
LATITUDE: 40 8 N
LONGITUDE: 122-15 E
[TEMPERATURE DATA] [PRECIPITATION DATA] SYMBOLS USED IN COLUMN 16
AVERAGE MONTHLY: 58.4 TOTAL FOR MONTH: 1.56 1 = FOG OR MIST
DPTR FM NORMAL: 0.2 DPTR FM NORMAL: 0.52 2 = FOG REDUCING VISIBILITY
HIGHEST: 81 ON 11,10 GRTST 24HR 0.79 ON 4- 5 TO 1/4 MILE OR LESS
LOWEST: 37 ON 6 3 = THUNDER
SNOW, ICE PELLETS, HAIL 4 = ICE PELLETS
TOTAL MONTH: 0.0 INCH 5 = HAIL
GRTST 24HR 0.0 6 = FREEZING RAIN OR DRIZZLE
GRTST DEPTH: M ON M 7 = DUSTSTORM OR SANDSTORM:
VSBY 1/2 MILE OR LESS
8 = SMOKE OR HAZE
[NO. OF DAYS WITH] [WEATHER - DAYS WITH] 9 = BLOWING SNOW
X = TORNADO
MAX 32 OR BELOW: 0 0.01 INCH OR MORE: 4
MAX 90 OR ABOVE: 0 0.10 INCH OR MORE: 3
MIN 32 OR BELOW: 0 0.50 INCH OR MORE: 2
MIN 0 OR BELOW: 0 1.00 INCH OR MORE: 0
[HDD (BASE 65) ]
TOTAL THIS MO. 119 CLEAR (SCALE 0-3) 12
DPTR FM NORMAL -12 PTCLDY (SCALE 4-7) 3
TOTAL FM JUL 1 2137 CLOUDY (SCALE 8-10) 3
DPTR FM NORMAL -267
[CDD (BASE 65) ]
TOTAL THIS MO. 3
DPTR FM NORMAL -2 [PRESSURE DATA]
TOTAL FM JAN 1 3 HIGHEST SLP M ON M
DPTR FM NORMAL -5 LOWEST SLP 29.60 ON 12
[REMARKS]