000
CDUS44 KSHV 210736
CLIDEQ


CLIMATE REPORT
NATIONAL WEATHER SERVICE SHREVEPORT, LA
236 AM CDT MON APR 21 2014


...................................

...THE DE QUEEN CLIMATE SUMMARY FOR APRIL 20 2014...

CLIMATE NORMAL PERIOD 1981 TO 2010
CLIMATE RECORD PERIOD 1902 TO 2014


WEATHER ITEM   OBSERVED TIME   RECORD YEAR NORMAL DEPARTURE LAST
                VALUE   (LST)  VALUE       VALUE  FROM      YEAR
                                                  NORMAL
..................................................................
TEMPERATURE (F)
 YESTERDAY
  MAXIMUM         79    337 PM  94    1987  75      4       70
  MINIMUM         49    529 AM  33    1956  50     -1       34
  AVERAGE         64                        62      2       52

PRECIPITATION (IN)
  YESTERDAY        0.03          2.20 1986   0.12  -0.09     0.00
  MONTH TO DATE    3.11                      2.32   0.79     1.53
  SINCE DEC 1     10.13                     18.32  -8.19    11.08
  SINCE JAN 1      8.20                     13.96  -5.76     7.03

SNOWFALL (IN)
  YESTERDAY        0.0
  MONTH TO DATE    0.0
  SINCE MAR 1      T
  SINCE JUL 1      1.2
  SNOW DEPTH       0

DEGREE DAYS
 HEATING
  YESTERDAY        1                         4     -3       13
  MONTH TO DATE  157                       125     32      147
  SINCE MAR 1    618                       502    116      613
  SINCE JUL 1   3390                      2993    397     2928

 COOLING
  YESTERDAY        0                         1     -1        0
  MONTH TO DATE   17                        20     -3       49
  SINCE MAR 1     18                        29    -11       49
  SINCE JAN 1     18                        31    -13       53
..................................................................


WIND (MPH)
  HIGHEST WIND SPEED    14   HIGHEST WIND DIRECTION    SE (120)
  HIGHEST GUST SPEED    18   HIGHEST GUST DIRECTION    SE (150)
  AVERAGE WIND SPEED     3.1


SKY COVER
  POSSIBLE SUNSHINE  MM
  AVERAGE SKY COVER 0.5


WEATHER CONDITIONS
 THE FOLLOWING WEATHER WAS RECORDED YESTERDAY.
  LIGHT RAIN
  FOG
  HAZE


RELATIVE HUMIDITY (PERCENT)
 HIGHEST   100          1200 AM
 LOWEST     45           200 PM
 AVERAGE    73

..........................................................


THE DE QUEEN CLIMATE NORMALS FOR TODAY
                         NORMAL    RECORD    YEAR
 MAXIMUM TEMPERATURE (F)   75        94      1987
 MINIMUM TEMPERATURE (F)   50        33      1953


SUNRISE AND SUNSET
APRIL 21 2014.........SUNRISE   639 AM CDT   SUNSET   754 PM CDT
APRIL 22 2014.........SUNRISE   638 AM CDT   SUNSET   754 PM CDT


-  INDICATES NEGATIVE NUMBERS.
R  INDICATES RECORD WAS SET OR TIED.
MM INDICATES DATA IS MISSING.
T  INDICATES TRACE AMOUNT.




$$
