000
CDUS44 KSHV 060008
CLIDEQ


CLIMATE REPORT
NATIONAL WEATHER SERVICE SHREVEPORT, LA
607 PM CST FRI FEB 5 2016


...................................

...THE DE QUEEN CLIMATE SUMMARY FOR FEBRUARY 5 2016...
VALID TODAY AS OF 0600 PM LOCAL TIME.

CLIMATE NORMAL PERIOD 1981 TO 2010
CLIMATE RECORD PERIOD 1902 TO 2016


WEATHER ITEM   OBSERVED TIME   RECORD YEAR NORMAL DEPARTURE LAST
                VALUE   (LST)  VALUE       VALUE  FROM      YEAR
                                                  NORMAL
..................................................................
TEMPERATURE (F)
 TODAY
  MAXIMUM         55    327 PM  75    2008  56     -1       48
  MINIMUM         22    639 AM   6    1996  30     -8       37
  AVERAGE         39                        43     -4       43

PRECIPITATION (IN)
  TODAY            0.00          1.68 1964   0.16  -0.16      T
  MONTH TO DATE    0.10                      0.80  -0.70     0.46
  SINCE DEC 1     11.25                      8.48   2.77     7.26
  SINCE JAN 1      0.97                      4.12  -3.15     5.54

SNOWFALL (IN)
  TODAY            0.0
  MONTH TO DATE    0.0
  SINCE DEC 1      0.0
  SINCE JUL 1      0.0
  SNOW DEPTH       0

DEGREE DAYS
 HEATING
  TODAY           26                        22      4       22
  MONTH TO DATE   98                       113    -15      123
  SINCE DEC 1   1232                      1523   -291     1459
  SINCE JUL 1   1573                      2049   -476     2081

 COOLING
  TODAY            0                         0      0        0
  MONTH TO DATE    0                         0      0        0
  SINCE DEC 1      3                         1      2        0
  SINCE JAN 1      0                         1     -1        0
..................................................................


WIND (MPH)
  HIGHEST WIND SPEED    10   HIGHEST WIND DIRECTION     S (190)
  HIGHEST GUST SPEED    15   HIGHEST GUST DIRECTION     S (180)
  AVERAGE WIND SPEED     1.9


SKY COVER
  POSSIBLE SUNSHINE  MM
  AVERAGE SKY COVER 0.0


WEATHER CONDITIONS
 THE FOLLOWING WEATHER WAS RECORDED TODAY.
  FOG


RELATIVE HUMIDITY (PERCENT)
 HIGHEST    96           400 AM
 LOWEST     24           200 PM
 AVERAGE    60

..........................................................


THE DE QUEEN CLIMATE NORMALS FOR TOMORROW
                         NORMAL    RECORD    YEAR
 MAXIMUM TEMPERATURE (F)   56        74      1963
 MINIMUM TEMPERATURE (F)   30        10      1996


SUNRISE AND SUNSET
FEBRUARY  5 2016......SUNRISE   712 AM CST   SUNSET   552 PM CST
FEBRUARY  6 2016......SUNRISE   711 AM CST   SUNSET   553 PM CST


-  INDICATES NEGATIVE NUMBERS.
R  INDICATES RECORD WAS SET OR TIED.
MM INDICATES DATA IS MISSING.
T  INDICATES TRACE AMOUNT.




$$
