000
CDUS44 KSHV 250737
CLIDEQ


CLIMATE REPORT
NATIONAL WEATHER SERVICE SHREVEPORT, LA
234 AM CDT SAT OCT 25 2014


...................................

...THE DE QUEEN CLIMATE SUMMARY FOR OCTOBER 24 2014...

CLIMATE NORMAL PERIOD 1981 TO 2010
CLIMATE RECORD PERIOD 1902 TO 2014


WEATHER ITEM   OBSERVED TIME   RECORD YEAR NORMAL DEPARTURE LAST
                VALUE   (LST)  VALUE       VALUE  FROM      YEAR
                                                  NORMAL
..................................................................
TEMPERATURE (F)
 YESTERDAY
  MAXIMUM         75    441 PM  85    1975  74      1       74
  MINIMUM         47    647 AM  25    1938  48     -1       44
  AVERAGE         61                        61      0       59

PRECIPITATION (IN)
  YESTERDAY        0.00          2.05 1954   0.14  -0.14     0.00
  MONTH TO DATE    4.64                      3.59   1.05     1.70
  SINCE DEC 1     40.01                     43.15  -3.14    32.00
  SINCE JAN 1     38.08                     38.79  -0.71    27.95

SNOWFALL (IN)
  YESTERDAY        0.0
  MONTH TO DATE    0.0
  SINCE SEP 1      0.0
  SINCE JUL 1      0.0
  SNOW DEPTH       0

DEGREE DAYS
 HEATING
  YESTERDAY        4                         6     -2        6
  MONTH TO DATE   51                        79    -28      102
  SINCE SEP 1     52                        88    -36      102
  SINCE JUL 1     52                        88    -36      102

 COOLING
  YESTERDAY        0                         2     -2        0
  MONTH TO DATE   70                        62      8       79
  SINCE SEP 1    372                       335     37      452
  SINCE JAN 1   1702                      1927   -225     2015
..................................................................


WIND (MPH)
  HIGHEST WIND SPEED     7   HIGHEST WIND DIRECTION     W (260)
  HIGHEST GUST SPEED    11   HIGHEST GUST DIRECTION     W (270)
  AVERAGE WIND SPEED     1.1


SKY COVER
  POSSIBLE SUNSHINE  MM
  AVERAGE SKY COVER 0.4


WEATHER CONDITIONS
 THE FOLLOWING WEATHER WAS RECORDED YESTERDAY.
  FOG
  FOG W/VISIBILITY <= 1/4 MILE
  HAZE


RELATIVE HUMIDITY (PERCENT)
 HIGHEST   100          1200 AM
 LOWEST     57           100 PM
 AVERAGE    79

..........................................................


THE DE QUEEN CLIMATE NORMALS FOR TODAY
                         NORMAL    RECORD    YEAR
 MAXIMUM TEMPERATURE (F)   74        88      1940
 MINIMUM TEMPERATURE (F)   48        28      1980


SUNRISE AND SUNSET
OCTOBER 25 2014.......SUNRISE   731 AM CDT   SUNSET   632 PM CDT
OCTOBER 26 2014.......SUNRISE   732 AM CDT   SUNSET   631 PM CDT


-  INDICATES NEGATIVE NUMBERS.
R  INDICATES RECORD WAS SET OR TIED.
MM INDICATES DATA IS MISSING.
T  INDICATES TRACE AMOUNT.




$$
