000
CDUS44 KSHV 070733
CLIDEQ


CLIMATE REPORT
NATIONAL WEATHER SERVICE SHREVEPORT, LA
233 AM CDT THU MAY 7 2015


...................................

...THE DE QUEEN CLIMATE SUMMARY FOR MAY 6 2015...

CLIMATE NORMAL PERIOD 1981 TO 2010
CLIMATE RECORD PERIOD 1902 TO 2015


WEATHER ITEM   OBSERVED TIME   RECORD YEAR NORMAL DEPARTURE LAST
                VALUE   (LST)  VALUE       VALUE  FROM      YEAR
                                                  NORMAL
..................................................................
TEMPERATURE (F)
 YESTERDAY
  MAXIMUM         80    405 PM  89    1959  79      1       84
  MINIMUM         66    522 AM  39    2013  56     10       53
  AVERAGE         73                        67      6       69

PRECIPITATION (IN)
  YESTERDAY        T             2.37 2009   0.23  -0.23     0.00
  MONTH TO DATE    T                         1.38  -1.38     0.00
  SINCE DEC 1     17.94                     21.31  -3.37    10.33
  SINCE JAN 1     16.22                     16.95  -0.73     8.40

SNOWFALL (IN)
  YESTERDAY        0.0
  MONTH TO DATE    0.0
  SINCE MAR 1      2.6
  SINCE JUL 1      7.9
  SNOW DEPTH       0

DEGREE DAYS
 HEATING
  YESTERDAY        0                         2     -2        0
  MONTH TO DATE    2                        12    -10       23
  SINCE MAR 1    447                       542    -95      664
  SINCE JUL 1   3099                      3033     66     3436

 COOLING
  YESTERDAY        8                         4      4        4
  MONTH TO DATE   21                        19      2        9
  SINCE MAR 1     69                        64      5       47
  SINCE JAN 1     69                        66      3       47
..................................................................


WIND (MPH)
  HIGHEST WIND SPEED    14   HIGHEST WIND DIRECTION     S (170)
  HIGHEST GUST SPEED    19   HIGHEST GUST DIRECTION    SE (120)
  AVERAGE WIND SPEED     6.1


SKY COVER
  POSSIBLE SUNSHINE  MM
  AVERAGE SKY COVER 0.8


WEATHER CONDITIONS
 THE FOLLOWING WEATHER WAS RECORDED YESTERDAY.
  LIGHT RAIN


RELATIVE HUMIDITY (PERCENT)
 HIGHEST    87           700 AM
 LOWEST     54          1100 AM
 AVERAGE    71

..........................................................


THE DE QUEEN CLIMATE NORMALS FOR TODAY
                         NORMAL    RECORD    YEAR
 MAXIMUM TEMPERATURE (F)   79        93      1956
 MINIMUM TEMPERATURE (F)   56        39      1989


SUNRISE AND SUNSET
MAY  7 2015...........SUNRISE   623 AM CDT   SUNSET   806 PM CDT
MAY  8 2015...........SUNRISE   622 AM CDT   SUNSET   807 PM CDT


-  INDICATES NEGATIVE NUMBERS.
R  INDICATES RECORD WAS SET OR TIED.
MM INDICATES DATA IS MISSING.
T  INDICATES TRACE AMOUNT.




$$
