000
CDUS44 KSHV 280850
CLIDEQ


CLIMATE REPORT
NATIONAL WEATHER SERVICE SHREVEPORT, LA
350 AM CDT TUE MAR 28 2017


...................................

...THE DE QUEEN CLIMATE SUMMARY FOR MARCH 27 2017...

CLIMATE NORMAL PERIOD 1981 TO 2010
CLIMATE RECORD PERIOD 1902 TO 2017


WEATHER ITEM   OBSERVED TIME   RECORD YEAR NORMAL DEPARTURE LAST
                VALUE   (LST)  VALUE       VALUE  FROM      YEAR
                                                  NORMAL
..................................................................
TEMPERATURE (F)
 YESTERDAY
  MAXIMUM         80    411 PM  85    1972  69     11       67
  MINIMUM         43    557 AM  17    1955  43      0       39
  AVERAGE         62                        56      6       53

PRECIPITATION (IN)
  YESTERDAY        0.53          1.94 1984   0.18   0.35     0.00
  MONTH TO DATE    3.34                      3.87  -0.53     3.53
  SINCE DEC 1     10.23                     15.23  -5.00    16.06
  SINCE JAN 1      7.52                     10.87  -3.35     5.78

SNOWFALL (IN)
  YESTERDAY        0.0
  MONTH TO DATE    0.0
  SINCE MAR 1      0.0
  SINCE JUL 1      0.3
  SNOW DEPTH       0

DEGREE DAYS
 HEATING
  YESTERDAY        3                        10     -7       12
  MONTH TO DATE  219                       340   -121      234
  SINCE MAR 1    219                       340   -121      234
  SINCE JUL 1   1988                      2831   -843     2186

 COOLING
  YESTERDAY        0                         0      0        0
  MONTH TO DATE   26                         0     26        5
  SINCE MAR 1     26                         0     26        5
  SINCE JAN 1     36                         2     34        5
..................................................................


WIND (MPH)
  HIGHEST WIND SPEED    18   HIGHEST WIND DIRECTION     W (250)
  HIGHEST GUST SPEED    22   HIGHEST GUST DIRECTION    SW (240)
  AVERAGE WIND SPEED     6.1


SKY COVER
  POSSIBLE SUNSHINE  MM
  AVERAGE SKY COVER 0.4


WEATHER CONDITIONS
 THE FOLLOWING WEATHER WAS RECORDED YESTERDAY.
  THUNDERSTORM
  LIGHT RAIN
  FOG
  FOG W/VISIBILITY <= 1/4 MILE


RELATIVE HUMIDITY (PERCENT)
 HIGHEST   100           300 AM
 LOWEST     57           500 PM
 AVERAGE    79

..........................................................


THE DE QUEEN CLIMATE NORMALS FOR TODAY
                         NORMAL    RECORD    YEAR
 MAXIMUM TEMPERATURE (F)   69        88      1967
 MINIMUM TEMPERATURE (F)   43        27      1942


SUNRISE AND SUNSET
MARCH 28 2017.........SUNRISE   710 AM CDT   SUNSET   736 PM CDT
MARCH 29 2017.........SUNRISE   709 AM CDT   SUNSET   736 PM CDT


-  INDICATES NEGATIVE NUMBERS.
R  INDICATES RECORD WAS SET OR TIED.
MM INDICATES DATA IS MISSING.
T  INDICATES TRACE AMOUNT.




$$
