000
CDUS44 KSHV 242142
CLIDEQ


CLIMATE REPORT
NATIONAL WEATHER SERVICE SHREVEPORT, LA
441 PM CDT FRI JUN 24 2016


...................................

...THE DE QUEEN CLIMATE SUMMARY FOR JUNE 24 2016...
VALID TODAY AS OF 0400 PM LOCAL TIME.

CLIMATE NORMAL PERIOD 1981 TO 2010
CLIMATE RECORD PERIOD 1902 TO 2016


WEATHER ITEM   OBSERVED TIME   RECORD YEAR NORMAL DEPARTURE LAST
                VALUE   (LST)  VALUE       VALUE  FROM      YEAR
                                                  NORMAL
..................................................................
TEMPERATURE (F)
 TODAY
  MAXIMUM         92    259 PM 101    1988  90      2       93
  MINIMUM         71    530 AM  55    1974  69      2       71
  AVERAGE         82                        80      2       82

PRECIPITATION (IN)
  TODAY           MM             2.09 1968   0.15  MM        0.00
  MONTH TO DATE    3.78                      3.67   0.11     2.67
  SINCE DEC 1     32.63                     29.16   3.47    34.14
  SINCE JAN 1     22.35                     24.80  -2.45    32.42

DEGREE DAYS
 HEATING
  TODAY            0                         0      0        0
  MONTH TO DATE    0                         0      0        0
  SINCE JUN 1      0                         0      0        0
  SINCE JUL 1   2322                      3042   -720     3107

 COOLING
  TODAY           17                        15      2       17
  MONTH TO DATE  339                       287     52      346
  SINCE JUN 1    339                       287     52      346
  SINCE JAN 1    536                       504     32      580
..................................................................


WIND (MPH)
  HIGHEST WIND SPEED    12   HIGHEST WIND DIRECTION     S (190)
  HIGHEST GUST SPEED    16   HIGHEST GUST DIRECTION     S (200)
  AVERAGE WIND SPEED     4.0


SKY COVER
  POSSIBLE SUNSHINE  MM
  AVERAGE SKY COVER 0.1


WEATHER CONDITIONS
 THE FOLLOWING WEATHER WAS RECORDED TODAY.
  LIGHT RAIN
  FOG
  FOG W/VISIBILITY <= 1/4 MILE


RELATIVE HUMIDITY (PERCENT)
 HIGHEST   100          1200 AM
 LOWEST     56           200 PM
 AVERAGE    78

..........................................................


THE DE QUEEN CLIMATE NORMALS FOR TOMORROW
                         NORMAL    RECORD    YEAR
 MAXIMUM TEMPERATURE (F)   91       106      2012
 MINIMUM TEMPERATURE (F)   69        53      1974


SUNRISE AND SUNSET
JUNE 24 2016..........SUNRISE   608 AM CDT   SUNSET   833 PM CDT
JUNE 25 2016..........SUNRISE   608 AM CDT   SUNSET   833 PM CDT


-  INDICATES NEGATIVE NUMBERS.
R  INDICATES RECORD WAS SET OR TIED.
MM INDICATES DATA IS MISSING.
T  INDICATES TRACE AMOUNT.




$$
