000
CDUS44 KSHV 220742
CLIDEQ


CLIMATE REPORT
NATIONAL WEATHER SERVICE SHREVEPORT, LA
241 AM CDT SUN OCT 22 2017


...................................

...THE DE QUEEN CLIMATE SUMMARY FOR OCTOBER 21 2017...

CLIMATE NORMAL PERIOD 1981 TO 2010
CLIMATE RECORD PERIOD 1902 TO 2017


WEATHER ITEM   OBSERVED TIME   RECORD YEAR NORMAL DEPARTURE LAST
                VALUE   (LST)  VALUE       VALUE  FROM      YEAR
                                                  NORMAL
..................................................................
TEMPERATURE (F)
 YESTERDAY
  MAXIMUM         85    239 PM  92    1939  75     10       74
  MINIMUM         63    137 AM  22    1989  49     14       44
  AVERAGE         74                        62     12       59

PRECIPITATION (IN)
  YESTERDAY        T             1.53 1949   0.15  -0.15     0.00
  MONTH TO DATE    0.42                      3.13  -2.71     0.80
  SINCE DEC 1     36.38                     42.69  -6.31    41.07
  SINCE JAN 1     33.67                     38.33  -4.66    30.79

SNOWFALL (IN)
  YESTERDAY        0.0
  MONTH TO DATE    0.0
  SINCE SEP 1      0.0
  SINCE JUL 1      0.0
  SNOW DEPTH       0

DEGREE DAYS
 HEATING
  YESTERDAY        0                         5     -5        6
  MONTH TO DATE   41                        63    -22       14
  SINCE SEP 1     41                        72    -31       16
  SINCE JUL 1     41                        72    -31       16

 COOLING
  YESTERDAY        9                         2      7        0
  MONTH TO DATE  117                        56     61      115
  SINCE SEP 1    409                       329     80      460
  SINCE JAN 1   2043                      1921    122     2197
..................................................................


WIND (MPH)
  HIGHEST WIND SPEED    13   HIGHEST WIND DIRECTION    SE (130)
  HIGHEST GUST SPEED    18   HIGHEST GUST DIRECTION     S (190)
  AVERAGE WIND SPEED     5.7


SKY COVER
  POSSIBLE SUNSHINE  MM
  AVERAGE SKY COVER 0.8


WEATHER CONDITIONS
 THE FOLLOWING WEATHER WAS RECORDED YESTERDAY.
  LIGHT RAIN
  FOG


RELATIVE HUMIDITY (PERCENT)
 HIGHEST   100           600 AM
 LOWEST     61           300 PM
 AVERAGE    81

..........................................................


THE DE QUEEN CLIMATE NORMALS FOR TODAY
                         NORMAL    RECORD    YEAR
 MAXIMUM TEMPERATURE (F)   74        93      1939
 MINIMUM TEMPERATURE (F)   49        34      1995


SUNRISE AND SUNSET
OCTOBER 22 2017.......SUNRISE   729 AM CDT   SUNSET   635 PM CDT
OCTOBER 23 2017.......SUNRISE   730 AM CDT   SUNSET   634 PM CDT


-  INDICATES NEGATIVE NUMBERS.
R  INDICATES RECORD WAS SET OR TIED.
MM INDICATES DATA IS MISSING.
T  INDICATES TRACE AMOUNT.




$$
