000
CDUS44 KSHV 272256
CLIDEQ


CLIMATE REPORT
NATIONAL WEATHER SERVICE SHREVEPORT, LA
555 PM CDT MON JUL 27 2015


...................................

...THE DE QUEEN CLIMATE SUMMARY FOR JULY 27 2015...
VALID TODAY AS OF 0500 PM LOCAL TIME.

CLIMATE NORMAL PERIOD 1981 TO 2010
CLIMATE RECORD PERIOD 1902 TO 2015


WEATHER ITEM   OBSERVED TIME   RECORD YEAR NORMAL DEPARTURE LAST
                VALUE   (LST)  VALUE       VALUE  FROM      YEAR
                                                  NORMAL
..................................................................
TEMPERATURE (F)
 TODAY
  MAXIMUM         97    359 PM 103    2011  93      4       94
                                      1998
  MINIMUM         75    556 AM  58    2004  70      5       72
  AVERAGE         86                        81      5       83

PRECIPITATION (IN)
  TODAY            0.00          3.80 1979   0.08  -0.08      T
  MONTH TO DATE    2.69                      3.34  -0.65     5.34
  SINCE DEC 1     37.52                     33.34   4.18    23.68
  SINCE JAN 1     35.80                     28.98   6.82    21.75

DEGREE DAYS
 HEATING
  TODAY            0                         0      0        0
  MONTH TO DATE    0                         0      0        0
  SINCE JUN 1      0                         0      0        0
  SINCE JUL 1      0                         0      0        0

 COOLING
  TODAY           21                        16      5       18
  MONTH TO DATE  466                       431     35      323
  SINCE JUN 1    899                       809     90      645
  SINCE JAN 1   1133                      1026    107      852
..................................................................


WIND (MPH)
  HIGHEST WIND SPEED    12   HIGHEST WIND DIRECTION     S (200)
  HIGHEST GUST SPEED    16   HIGHEST GUST DIRECTION     S (200)
  AVERAGE WIND SPEED     2.1


SKY COVER
  POSSIBLE SUNSHINE  MM
  AVERAGE SKY COVER 0.1


WEATHER CONDITIONS
 THE FOLLOWING WEATHER WAS RECORDED TODAY.
  FOG
  FOG W/VISIBILITY <= 1/4 MILE
  HAZE


RELATIVE HUMIDITY (PERCENT)
 HIGHEST   100           400 AM
 LOWEST     45           400 PM
 AVERAGE    73

..........................................................


THE DE QUEEN CLIMATE NORMALS FOR TOMORROW
                         NORMAL    RECORD    YEAR
 MAXIMUM TEMPERATURE (F)   93       104      1998
 MINIMUM TEMPERATURE (F)   70        58      1902


SUNRISE AND SUNSET
JULY 27 2015..........SUNRISE   625 AM CDT   SUNSET   823 PM CDT
JULY 28 2015..........SUNRISE   626 AM CDT   SUNSET   822 PM CDT


-  INDICATES NEGATIVE NUMBERS.
R  INDICATES RECORD WAS SET OR TIED.
MM INDICATES DATA IS MISSING.
T  INDICATES TRACE AMOUNT.




$$
