000
CDUS44 KSHV 250737
CLIELD


CLIMATE REPORT
NATIONAL WEATHER SERVICE SHREVEPORT, LA
234 AM CDT SAT OCT 25 2014


...................................

...THE EL DORADO CLIMATE SUMMARY FOR OCTOBER 24 2014...

CLIMATE NORMAL PERIOD 1981 TO 2010
CLIMATE RECORD PERIOD 1907 TO 2014


WEATHER ITEM   OBSERVED TIME   RECORD YEAR NORMAL DEPARTURE LAST
                VALUE   (LST)  VALUE       VALUE  FROM      YEAR
                                                  NORMAL
..................................................................
TEMPERATURE (F)
 YESTERDAY
  MAXIMUM         77    303 PM  90    2003  74      3       74
                                      1927
  MINIMUM         42    603 AM  26    1917  49     -7       44
  AVERAGE         60                        61     -1       59

PRECIPITATION (IN)
  YESTERDAY        0.00          2.03 1975   0.17  -0.17     0.00
  MONTH TO DATE    2.91                      4.01  -1.10     2.81
  SINCE DEC 1     40.36                     46.85  -6.49    38.81
  SINCE JAN 1     33.80                     41.67  -7.87    32.75

SNOWFALL (IN)
  YESTERDAY        0.0
  MONTH TO DATE    0.0
  SINCE SEP 1      0.0
  SINCE JUL 1      0.0
  SNOW DEPTH       0

DEGREE DAYS
 HEATING
  YESTERDAY        5                         6     -1        6
  MONTH TO DATE   48                        76    -28       76
  SINCE SEP 1     51                        88    -37       76
  SINCE JUL 1     51                        88    -37       76

 COOLING
  YESTERDAY        0                         2     -2        0
  MONTH TO DATE   88                        73     15       72
  SINCE SEP 1    418                       373     45      472
  SINCE JAN 1   1866                      2100   -234     2140
..................................................................


WIND (MPH)
  HIGHEST WIND SPEED     8   HIGHEST WIND DIRECTION    NW (320)
  HIGHEST GUST SPEED    13   HIGHEST GUST DIRECTION    NW (330)
  AVERAGE WIND SPEED     1.2


SKY COVER
  POSSIBLE SUNSHINE  MM
  AVERAGE SKY COVER 0.0


WEATHER CONDITIONS
 THE FOLLOWING WEATHER WAS RECORDED YESTERDAY.
  FOG


RELATIVE HUMIDITY (PERCENT)
 HIGHEST   100           200 AM
 LOWEST     43           200 PM
 AVERAGE    72

..........................................................


THE EL DORADO CLIMATE NORMALS FOR TODAY
                         NORMAL    RECORD    YEAR
 MAXIMUM TEMPERATURE (F)   73        90      1931
 MINIMUM TEMPERATURE (F)   49        27      1917


SUNRISE AND SUNSET
OCTOBER 25 2014.......SUNRISE   724 AM CDT   SUNSET   626 PM CDT
OCTOBER 26 2014.......SUNRISE   725 AM CDT   SUNSET   625 PM CDT


-  INDICATES NEGATIVE NUMBERS.
R  INDICATES RECORD WAS SET OR TIED.
MM INDICATES DATA IS MISSING.
T  INDICATES TRACE AMOUNT.




$$
