000
CDUS44 KSHV 180836
CLIELD


CLIMATE REPORT
NATIONAL WEATHER SERVICE SHREVEPORT, LA
235 AM CST THU DEC 18 2014


...................................

...THE EL DORADO CLIMATE SUMMARY FOR DECEMBER 17 2014...

CLIMATE NORMAL PERIOD 1981 TO 2010
CLIMATE RECORD PERIOD 1907 TO 2014


WEATHER ITEM   OBSERVED TIME   RECORD YEAR NORMAL DEPARTURE LAST
                VALUE   (LST)  VALUE       VALUE  FROM      YEAR
                                                  NORMAL
..................................................................
TEMPERATURE (F)
 YESTERDAY
  MAXIMUM         48    214 PM  80    1924  56     -8       67
  MINIMUM         32    749 AM  15    1972  34     -2       30
  AVERAGE         40                        45     -5       49

PRECIPITATION (IN)
  YESTERDAY        T             4.80 1931   0.17  -0.17     0.00
  MONTH TO DATE    1.44                      3.06  -1.62     2.52
  SINCE DEC 1      1.44                      3.06  -1.62     2.52
  SINCE JAN 1     39.14                     50.80 -11.66    43.45

SNOWFALL (IN)
  YESTERDAY        0.0
  MONTH TO DATE    0.0
  SINCE DEC 1      0.0
  SINCE JUL 1      0.0
  SNOW DEPTH       0

DEGREE DAYS
 HEATING
  YESTERDAY       25                        20      5       16
  MONTH TO DATE  263                       314    -51      369
  SINCE DEC 1    263                       314    -51      369
  SINCE JUL 1    814                       793     21      954

 COOLING
  YESTERDAY        0                         0      0        0
  MONTH TO DATE    0                         0      0        4
  SINCE DEC 1      0                         0      0        4
  SINCE JAN 1   1884                      2126   -242     2157
..................................................................


WIND (MPH)
  HIGHEST WIND SPEED    13   HIGHEST WIND DIRECTION    NE (60)
  HIGHEST GUST SPEED    15   HIGHEST GUST DIRECTION    NE (50)
  AVERAGE WIND SPEED     5.3


SKY COVER
  POSSIBLE SUNSHINE  MM
  AVERAGE SKY COVER 0.4


WEATHER CONDITIONS
 THE FOLLOWING WEATHER WAS RECORDED YESTERDAY.
  RAIN


RELATIVE HUMIDITY (PERCENT)
 HIGHEST    92           600 AM
 LOWEST     60           100 PM
 AVERAGE    76

..........................................................


THE EL DORADO CLIMATE NORMALS FOR TODAY
                         NORMAL    RECORD    YEAR
 MAXIMUM TEMPERATURE (F)   55        77      1924
 MINIMUM TEMPERATURE (F)   34       -99      2005


SUNRISE AND SUNSET
DECEMBER 18 2014......SUNRISE   709 AM CST   SUNSET   507 PM CST
DECEMBER 19 2014......SUNRISE   710 AM CST   SUNSET   507 PM CST


-  INDICATES NEGATIVE NUMBERS.
R  INDICATES RECORD WAS SET OR TIED.
MM INDICATES DATA IS MISSING.
T  INDICATES TRACE AMOUNT.




$$
