000
CDUS44 KSHV 170846
CLIELD


CLIMATE REPORT
NATIONAL WEATHER SERVICE SHREVEPORT, LA
245 AM CST WED JAN 17 2018


...................................

...THE EL DORADO CLIMATE SUMMARY FOR JANUARY 16 2018...

CLIMATE NORMAL PERIOD 1981 TO 2010
CLIMATE RECORD PERIOD 1907 TO 2018


WEATHER ITEM   OBSERVED TIME   RECORD YEAR NORMAL DEPARTURE LAST
                VALUE   (LST)  VALUE       VALUE  FROM      YEAR
                                                  NORMAL
..................................................................
TEMPERATURE (F)
 YESTERDAY
  MAXIMUM         33   1225 AM  78    1907  55    -22       73
  MINIMUM         10R  1159 PM  11    1972  33    -23       57
  AVERAGE         22                        44    -22       65

PRECIPITATION (IN)
  YESTERDAY        0.05          1.73 2011   0.13  -0.08     0.69
  MONTH TO DATE    1.73                      2.11  -0.38     1.07
  SINCE DEC 1      7.36                      7.29   0.07     7.36
  SINCE JAN 1      1.73                      2.11  -0.38     1.07

SNOWFALL (IN)
  YESTERDAY        2.7
  MONTH TO DATE    2.8
  SINCE DEC 1      2.8
  SINCE JUL 1      2.8
  SNOW DEPTH       3

DEGREE DAYS
 HEATING
  YESTERDAY       43                        21     22        0
  MONTH TO DATE  456                       345    111      242
  SINCE DEC 1   1049                       953     96      762
  SINCE JUL 1   1451                      1432     19     1035

 COOLING
  YESTERDAY        0                         0      0        0
  MONTH TO DATE    0                         0      0        9
  SINCE DEC 1      0                         4     -4       23
  SINCE JAN 1      0                         0      0        9
..................................................................


WIND (MPH)
  HIGHEST WIND SPEED    17   HIGHEST WIND DIRECTION     N (360)
  HIGHEST GUST SPEED    26   HIGHEST GUST DIRECTION     N (10)
  AVERAGE WIND SPEED     7.9


SKY COVER
  POSSIBLE SUNSHINE  MM
  AVERAGE SKY COVER 0.7


WEATHER CONDITIONS
 THE FOLLOWING WEATHER WAS RECORDED YESTERDAY.
  LIGHT SNOW
  FOG


RELATIVE HUMIDITY (PERCENT)
 HIGHEST   100           100 AM
 LOWEST     68           300 PM
 AVERAGE    84

..........................................................


THE EL DORADO CLIMATE NORMALS FOR TODAY
                         NORMAL    RECORD    YEAR
 MAXIMUM TEMPERATURE (F)   55        78      1999
 MINIMUM TEMPERATURE (F)   33         8      1982


SUNRISE AND SUNSET
JANUARY 17 2018.......SUNRISE   714 AM CST   SUNSET   529 PM CST
JANUARY 18 2018.......SUNRISE   714 AM CST   SUNSET   530 PM CST


-  INDICATES NEGATIVE NUMBERS.
R  INDICATES RECORD WAS SET OR TIED.
MM INDICATES DATA IS MISSING.
T  INDICATES TRACE AMOUNT.




$$
