000
CDUS44 KSHV 010742
CLIELD


CLIMATE REPORT
NATIONAL WEATHER SERVICE SHREVEPORT, LA
235 AM CDT FRI JUL 1 2016


...................................

...THE EL DORADO CLIMATE SUMMARY FOR JUNE 30 2016...

CLIMATE NORMAL PERIOD 1981 TO 2010
CLIMATE RECORD PERIOD 1907 TO 2016


WEATHER ITEM   OBSERVED TIME   RECORD YEAR NORMAL DEPARTURE LAST
                VALUE   (LST)  VALUE       VALUE  FROM      YEAR
                                                  NORMAL
..................................................................
TEMPERATURE (F)
 YESTERDAY
  MAXIMUM         94    344 PM 103    1925  91      3       93
  MINIMUM         67    538 AM  59    2006  70     -3       72
  AVERAGE         81                        81      0       83

PRECIPITATION (IN)
  YESTERDAY        0.00          1.22 1994   0.17  -0.17     0.00
  MONTH TO DATE    2.92                      4.90  -1.98     2.08
  SINCE DEC 1     40.69                     33.06   7.63    32.47
  SINCE JAN 1     32.63                     27.88   4.75    29.14

SNOWFALL (IN)
  YESTERDAY        0.0
  MONTH TO DATE    0.0
  SINCE JUN 1      0.0
  SINCE JUL 1      1.5
  SNOW DEPTH       0

DEGREE DAYS
 HEATING
  YESTERDAY        0                         0      0        0
  MONTH TO DATE    0                         0      0        0
  SINCE JUN 1      0                         0      0        0
  SINCE JUL 1   2034                      2673   -639     2919

 COOLING
  YESTERDAY       16                        16      0       18
  MONTH TO DATE  463                       396     67      430
  SINCE JUN 1    463                       396     67      430
  SINCE JAN 1    744                       707     37      770
..................................................................


WIND (MPH)
  HIGHEST WIND SPEED    12   HIGHEST WIND DIRECTION     E (110)
  HIGHEST GUST SPEED    13   HIGHEST GUST DIRECTION     E (110)
  AVERAGE WIND SPEED     2.7


SKY COVER
  POSSIBLE SUNSHINE  MM
  AVERAGE SKY COVER 0.0


WEATHER CONDITIONS
 THE FOLLOWING WEATHER WAS RECORDED YESTERDAY.
  FOG


RELATIVE HUMIDITY (PERCENT)
 HIGHEST   100           200 AM
 LOWEST     33           300 PM
 AVERAGE    67

..........................................................


THE EL DORADO CLIMATE NORMALS FOR TODAY
                         NORMAL    RECORD    YEAR
 MAXIMUM TEMPERATURE (F)   91       102      1954
 MINIMUM TEMPERATURE (F)   70        57      1950


SUNRISE AND SUNSET
JULY  1 2016..........SUNRISE   606 AM CDT   SUNSET   824 PM CDT
JULY  2 2016..........SUNRISE   606 AM CDT   SUNSET   824 PM CDT


-  INDICATES NEGATIVE NUMBERS.
R  INDICATES RECORD WAS SET OR TIED.
MM INDICATES DATA IS MISSING.
T  INDICATES TRACE AMOUNT.




$$
