000
CDUS44 KSHV 222153
CLIELD


CLIMATE REPORT
NATIONAL WEATHER SERVICE SHREVEPORT, LA
450 PM CDT TUE AUG 22 2017


...................................

...THE EL DORADO CLIMATE SUMMARY FOR AUGUST 22 2017...
VALID TODAY AS OF 0400 PM LOCAL TIME.

CLIMATE NORMAL PERIOD 1981 TO 2010
CLIMATE RECORD PERIOD 1907 TO 2017


WEATHER ITEM   OBSERVED TIME   RECORD YEAR NORMAL DEPARTURE LAST
                VALUE   (LST)  VALUE       VALUE  FROM      YEAR
                                                  NORMAL
..................................................................
TEMPERATURE (F)
 TODAY
  MAXIMUM         94    259 PM 106    2000  92      2       86
  MINIMUM         73    611 AM  56    1961  70      3       71
  AVERAGE         84                        81      3       79

PRECIPITATION (IN)
  TODAY            0.00          1.70 1988   0.10  -0.10     0.31
  MONTH TO DATE    3.24                      2.27   0.97     7.99
  SINCE DEC 1     41.37                     38.89   2.48    51.98
  SINCE JAN 1     35.08                     33.71   1.37    43.92

DEGREE DAYS
 HEATING
  TODAY            0                         0      0        0
  MONTH TO DATE    0                         0      0        0
  SINCE JUN 1      0                         0      0        0
  SINCE JUL 1      0                         0      0        0

 COOLING
  TODAY           19                        16      3       14
  MONTH TO DATE  359                       368     -9      374
  SINCE JUN 1   1285                      1280      5     1418
  SINCE JAN 1   1631                      1591     40     1699
..................................................................


WIND (MPH)
  HIGHEST WIND SPEED    10   HIGHEST WIND DIRECTION    SW (240)
  HIGHEST GUST SPEED    14   HIGHEST GUST DIRECTION     W (270)
  AVERAGE WIND SPEED     3.4


SKY COVER
  POSSIBLE SUNSHINE  MM
  AVERAGE SKY COVER 0.1


WEATHER CONDITIONS
 THE FOLLOWING WEATHER WAS RECORDED TODAY.
  FOG


RELATIVE HUMIDITY (PERCENT)
 HIGHEST   100          1200 AM
 LOWEST     49           100 PM
 AVERAGE    75

..........................................................


THE EL DORADO CLIMATE NORMALS FOR TOMORROW
                         NORMAL    RECORD    YEAR
 MAXIMUM TEMPERATURE (F)   92       103      2005
                                             1924
 MINIMUM TEMPERATURE (F)   69        51      1956


SUNRISE AND SUNSET
AUGUST 22 2017........SUNRISE   639 AM CDT   SUNSET   748 PM CDT
AUGUST 23 2017........SUNRISE   640 AM CDT   SUNSET   747 PM CDT


-  INDICATES NEGATIVE NUMBERS.
R  INDICATES RECORD WAS SET OR TIED.
MM INDICATES DATA IS MISSING.
T  INDICATES TRACE AMOUNT.




$$
