000
CDUS44 KSHV 230742
CLIELD


CLIMATE REPORT
NATIONAL WEATHER SERVICE SHREVEPORT, LA
241 AM CDT THU MAR 23 2017


...................................

...THE EL DORADO CLIMATE SUMMARY FOR MARCH 22 2017...

CLIMATE NORMAL PERIOD 1981 TO 2010
CLIMATE RECORD PERIOD 1907 TO 2017


WEATHER ITEM   OBSERVED TIME   RECORD YEAR NORMAL DEPARTURE LAST
                VALUE   (LST)  VALUE       VALUE  FROM      YEAR
                                                  NORMAL
..................................................................
TEMPERATURE (F)
 YESTERDAY
  MAXIMUM         77    439 PM  89    1995  70      7       72
  MINIMUM         53    646 AM  24    1915  45      8       39
  AVERAGE         65                        57      8       56

PRECIPITATION (IN)
  YESTERDAY        0.00          1.27 1948   0.15  -0.15     0.00
  MONTH TO DATE    1.01                      3.45  -2.44     9.76
  SINCE DEC 1     15.71                     17.72  -2.01    25.42
  SINCE JAN 1      9.42                     12.54  -3.12    17.36

SNOWFALL (IN)
  YESTERDAY        0.0
  MONTH TO DATE    0.0
  SINCE MAR 1      0.0
  SINCE JUL 1      T
  SNOW DEPTH       0

DEGREE DAYS
 HEATING
  YESTERDAY        0                         8     -8        9
  MONTH TO DATE  203                       242    -39      153
  SINCE MAR 1    203                       242    -39      153
  SINCE JUL 1   1655                      2470   -815     1892

 COOLING
  YESTERDAY        0                         1     -1        0
  MONTH TO DATE   24                        13     11       15
  SINCE MAR 1     24                        13     11       15
  SINCE JAN 1     51                        19     32       21
..................................................................


WIND (MPH)
  HIGHEST WIND SPEED    21   HIGHEST WIND DIRECTION     N (10)
  HIGHEST GUST SPEED    26   HIGHEST GUST DIRECTION     N (10)
  AVERAGE WIND SPEED     6.9


SKY COVER
  POSSIBLE SUNSHINE  MM
  AVERAGE SKY COVER 0.0


WEATHER CONDITIONS
 THE FOLLOWING WEATHER WAS RECORDED YESTERDAY.
  NO SIGNIFICANT WEATHER WAS OBSERVED.


RELATIVE HUMIDITY (PERCENT)
 HIGHEST    89           600 AM
 LOWEST     46           300 PM
 AVERAGE    68

..........................................................


THE EL DORADO CLIMATE NORMALS FOR TODAY
                         NORMAL    RECORD    YEAR
 MAXIMUM TEMPERATURE (F)   70        91      1995
 MINIMUM TEMPERATURE (F)   45        28      2002
                                             1915


SUNRISE AND SUNSET
MARCH 23 2017.........SUNRISE   711 AM CDT   SUNSET   725 PM CDT
MARCH 24 2017.........SUNRISE   709 AM CDT   SUNSET   726 PM CDT


-  INDICATES NEGATIVE NUMBERS.
R  INDICATES RECORD WAS SET OR TIED.
MM INDICATES DATA IS MISSING.
T  INDICATES TRACE AMOUNT.




$$
