000
CDUS44 KSHV 090929
CLIELD


CLIMATE REPORT
NATIONAL WEATHER SERVICE SHREVEPORT, LA
250 AM CST FRI DEC 9 2016


...................................

...THE EL DORADO CLIMATE SUMMARY FOR DECEMBER 8 2016...

CLIMATE NORMAL PERIOD 1981 TO 2010
CLIMATE RECORD PERIOD 1907 TO 2016


WEATHER ITEM   OBSERVED TIME   RECORD YEAR NORMAL DEPARTURE LAST
                VALUE   (LST)  VALUE       VALUE  FROM      YEAR
                                                  NORMAL
..................................................................
TEMPERATURE (F)
 YESTERDAY
  MAXIMUM         44    135 PM  79    2007  58    -14       67
  MINIMUM         27   1147 PM  16    2006  36     -9       36
  AVERAGE         36                        47    -11       52

PRECIPITATION (IN)
  YESTERDAY        T             1.67 1986   0.18  -0.18     0.00
  MONTH TO DATE    2.27                      1.49   0.78     0.00
  SINCE DEC 1      2.27                      1.49   0.78     0.00
  SINCE JAN 1     57.62                     49.23   8.39    47.29

SNOWFALL (IN)
  YESTERDAY       MM
  MONTH TO DATE    0.0
  SINCE DEC 1      0.0
  SINCE JUL 1      0.0
  SNOW DEPTH       0

DEGREE DAYS
 HEATING
  YESTERDAY       29                        18     11       13
  MONTH TO DATE  152                       139     13      140
  SINCE DEC 1    152                       139     13      140
  SINCE JUL 1    425                       618   -193      434

 COOLING
  YESTERDAY        0                         0      0        0
  MONTH TO DATE    0                         0      0        0
  SINCE DEC 1      0                         0      0        0
  SINCE JAN 1   2391                      2126    265     2379
..................................................................


WIND (MPH)
  HIGHEST WIND SPEED    16   HIGHEST WIND DIRECTION     N (360)
  HIGHEST GUST SPEED    24   HIGHEST GUST DIRECTION     N (360)
  AVERAGE WIND SPEED     6.8


SKY COVER
  POSSIBLE SUNSHINE  MM
  AVERAGE SKY COVER 0.5


WEATHER CONDITIONS
 THE FOLLOWING WEATHER WAS RECORDED YESTERDAY.
  LIGHT RAIN
  FOG


RELATIVE HUMIDITY (PERCENT)
 HIGHEST    92          1200 AM
 LOWEST     43           200 PM
 AVERAGE    68

..........................................................


THE EL DORADO CLIMATE NORMALS FOR TODAY
                         NORMAL    RECORD    YEAR
 MAXIMUM TEMPERATURE (F)   57        80      1922
 MINIMUM TEMPERATURE (F)   36        16      2005
                                             1917


SUNRISE AND SUNSET
DECEMBER  9 2016......SUNRISE   703 AM CST   SUNSET   504 PM CST
DECEMBER 10 2016......SUNRISE   704 AM CST   SUNSET   504 PM CST


-  INDICATES NEGATIVE NUMBERS.
R  INDICATES RECORD WAS SET OR TIED.
MM INDICATES DATA IS MISSING.
T  INDICATES TRACE AMOUNT.




$$
