000
CDUS44 KSHV 172133
CLIELD


CLIMATE REPORT
NATIONAL WEATHER SERVICE SHREVEPORT, LA
432 PM CDT WED SEP 17 2014


...................................

...THE EL DORADO CLIMATE SUMMARY FOR SEPTEMBER 17 2014...
VALID TODAY AS OF 0400 PM LOCAL TIME.

CLIMATE NORMAL PERIOD 1981 TO 2010
CLIMATE RECORD PERIOD 1907 TO 2014


WEATHER ITEM   OBSERVED TIME   RECORD YEAR NORMAL DEPARTURE LAST
                VALUE   (LST)  VALUE       VALUE  FROM      YEAR
                                                  NORMAL
..................................................................
TEMPERATURE (F)
 TODAY
  MAXIMUM         90    259 PM 102    1935  86      4       94
  MINIMUM         67    646 AM  41    1916  62      5       67
  AVERAGE         79                        74      5       81

PRECIPITATION (IN)
  TODAY            0.00          3.86 2009   0.09  -0.09     0.01
  MONTH TO DATE    0.77                      1.71  -0.94     0.08
  SINCE DEC 1     37.45                     41.44  -3.99    32.98
  SINCE JAN 1     30.89                     36.26  -5.37    26.92

DEGREE DAYS
 HEATING
  TODAY            0                         0      0        0
  MONTH TO DATE    3                         0      3        0
  SINCE SEP 1      3                         0      3        0
  SINCE JUL 1      3                         0      3        0

 COOLING
  TODAY           14                        10      4       16
  MONTH TO DATE  213                       204      9      280
  SINCE SEP 1    213                       204      9      280
  SINCE JAN 1   1661                      1931   -270     1948
..................................................................


WIND (MPH)
  HIGHEST WIND SPEED     8   HIGHEST WIND DIRECTION     S (160)
  HIGHEST GUST SPEED    11   HIGHEST GUST DIRECTION     S (160)
  AVERAGE WIND SPEED     1.9


SKY COVER
  POSSIBLE SUNSHINE  MM
  AVERAGE SKY COVER 0.4


WEATHER CONDITIONS
 THE FOLLOWING WEATHER WAS RECORDED TODAY.
  FOG
  FOG W/VISIBILITY <= 1/4 MILE
  HAZE


RELATIVE HUMIDITY (PERCENT)
 HIGHEST   100          1200 AM
 LOWEST     53           300 PM
 AVERAGE    77

..........................................................


THE EL DORADO CLIMATE NORMALS FOR TOMORROW
                         NORMAL    RECORD    YEAR
 MAXIMUM TEMPERATURE (F)   86       100      2010
                                             2005
                                             1930
 MINIMUM TEMPERATURE (F)   62        44      1981


SUNRISE AND SUNSET
SEPTEMBER 17 2014.....SUNRISE   656 AM CDT   SUNSET   715 PM CDT
SEPTEMBER 18 2014.....SUNRISE   657 AM CDT   SUNSET   713 PM CDT


-  INDICATES NEGATIVE NUMBERS.
R  INDICATES RECORD WAS SET OR TIED.
MM INDICATES DATA IS MISSING.
T  INDICATES TRACE AMOUNT.




$$
