000
CDUS44 KSHV 030853
CLIELD


CLIMATE REPORT
NATIONAL WEATHER SERVICE SHREVEPORT, LA
253 AM CST TUE MAR 3 2015


...................................

...THE EL DORADO CLIMATE SUMMARY FOR MARCH 2 2015...

CLIMATE NORMAL PERIOD 1981 TO 2010
CLIMATE RECORD PERIOD 1907 TO 2015


WEATHER ITEM   OBSERVED TIME   RECORD YEAR NORMAL DEPARTURE LAST
                VALUE   (LST)  VALUE       VALUE  FROM      YEAR
                                                  NORMAL
..................................................................
TEMPERATURE (F)
 YESTERDAY
  MAXIMUM         41    207 AM  84    1916  63    -22       69
  MINIMUM         37   1159 PM  16    1980  40     -3       34
  AVERAGE         39                        52    -13       52

PRECIPITATION (IN)
  YESTERDAY       MM             2.86 1934   0.16  MM        1.13
  MONTH TO DATE   MM                         0.32  MM        1.13
  SINCE DEC 1      9.56                     14.59  -5.03    12.27
  SINCE JAN 1      6.23                      9.41  -3.18     5.71

SNOWFALL (IN)
  YESTERDAY        0.0
  MONTH TO DATE    0.0
  SINCE MAR 1      0.0
  SINCE JUL 1      T
  SNOW DEPTH       0

DEGREE DAYS
 HEATING
  YESTERDAY       26                        13     13       13
  MONTH TO DATE   54                        27     27       18
  SINCE MAR 1     54                        27     27       18
  SINCE JUL 1   2540                      2255    285     2625

 COOLING
  YESTERDAY        0                         0      0        0
  MONTH TO DATE    0                         0      0        0
  SINCE MAR 1      0                         0      0        0
  SINCE JAN 1      0                         6     -6        0
..................................................................


WIND (MPH)
  HIGHEST WIND SPEED    15   HIGHEST WIND DIRECTION    NE (40)
  HIGHEST GUST SPEED    20   HIGHEST GUST DIRECTION    NE (30)
  AVERAGE WIND SPEED     8.1


SKY COVER
  POSSIBLE SUNSHINE  MM
  AVERAGE SKY COVER 1.0


WEATHER CONDITIONS
 THE FOLLOWING WEATHER WAS RECORDED YESTERDAY.
  LIGHT RAIN
  FOG


RELATIVE HUMIDITY (PERCENT)
 HIGHEST   100           300 AM
 LOWEST     92           400 AM
 AVERAGE    96

..........................................................


THE EL DORADO CLIMATE NORMALS FOR TODAY
                         NORMAL    RECORD    YEAR
 MAXIMUM TEMPERATURE (F)   64        86      1916
 MINIMUM TEMPERATURE (F)   41        13      1943


SUNRISE AND SUNSET
MARCH  3 2015.........SUNRISE   637 AM CST   SUNSET   610 PM CST
MARCH  4 2015.........SUNRISE   636 AM CST   SUNSET   610 PM CST


-  INDICATES NEGATIVE NUMBERS.
R  INDICATES RECORD WAS SET OR TIED.
MM INDICATES DATA IS MISSING.
T  INDICATES TRACE AMOUNT.




$$
