000
CDUS44 KSHV 190836
CLIELD


CLIMATE REPORT
NATIONAL WEATHER SERVICE SHREVEPORT, LA
236 AM CST SUN FEB 19 2017


...................................

...THE EL DORADO CLIMATE SUMMARY FOR FEBRUARY 18 2017...

CLIMATE NORMAL PERIOD 1981 TO 2010
CLIMATE RECORD PERIOD 1907 TO 2017


WEATHER ITEM   OBSERVED TIME   RECORD YEAR NORMAL DEPARTURE LAST
                VALUE   (LST)  VALUE       VALUE  FROM      YEAR
                                                  NORMAL
..................................................................
TEMPERATURE (F)
 YESTERDAY
  MAXIMUM         64    454 PM  85    1986  60      4       76
  MINIMUM         51   1152 PM   8    1910  37     14       35
  AVERAGE         58                        48     10       56

PRECIPITATION (IN)
  YESTERDAY        0.00          2.18 1938   0.18  -0.18     0.00
  MONTH TO DATE    1.46                      3.05  -1.59     1.33
  SINCE DEC 1     11.94                     12.53  -0.59    12.14
  SINCE JAN 1      5.65                      7.35  -1.70     4.08

SNOWFALL (IN)
  YESTERDAY        0.0
  MONTH TO DATE    0.0
  SINCE DEC 1      T
  SINCE JUL 1      T
  SNOW DEPTH       0

DEGREE DAYS
 HEATING
  YESTERDAY        7                        17    -10        9
  MONTH TO DATE  207                       334   -127      284
  SINCE DEC 1   1125                      1598   -473     1326
  SINCE JUL 1   1398                      2077   -679     1620

 COOLING
  YESTERDAY        0                         0      0        0
  MONTH TO DATE   10                         0     10        0
  SINCE DEC 1     33                         6     27       19
  SINCE JAN 1     19                         2     17        4
..................................................................


WIND (MPH)
  HIGHEST WIND SPEED    10   HIGHEST WIND DIRECTION    SE (150)
  HIGHEST GUST SPEED    14   HIGHEST GUST DIRECTION    SE (150)
  AVERAGE WIND SPEED     4.5


SKY COVER
  POSSIBLE SUNSHINE  MM
  AVERAGE SKY COVER 0.6


WEATHER CONDITIONS
 THE FOLLOWING WEATHER WAS RECORDED YESTERDAY.
  FOG


RELATIVE HUMIDITY (PERCENT)
 HIGHEST   100           400 AM
 LOWEST     73           500 PM
 AVERAGE    87

..........................................................


THE EL DORADO CLIMATE NORMALS FOR TODAY
                         NORMAL    RECORD    YEAR
 MAXIMUM TEMPERATURE (F)   60        84      1986
 MINIMUM TEMPERATURE (F)   37        14      1978


SUNRISE AND SUNSET
FEBRUARY 19 2017......SUNRISE   650 AM CST   SUNSET   600 PM CST
FEBRUARY 20 2017......SUNRISE   649 AM CST   SUNSET   601 PM CST


-  INDICATES NEGATIVE NUMBERS.
R  INDICATES RECORD WAS SET OR TIED.
MM INDICATES DATA IS MISSING.
T  INDICATES TRACE AMOUNT.




$$
