000
CDUS44 KSHV 062134
CLIELD


CLIMATE REPORT
NATIONAL WEATHER SERVICE SHREVEPORT, LA
431 PM CDT MON JUL 6 2015


...................................

...THE EL DORADO CLIMATE SUMMARY FOR JULY 6 2015...
VALID TODAY AS OF 0400 PM LOCAL TIME.

CLIMATE NORMAL PERIOD 1981 TO 2010
CLIMATE RECORD PERIOD 1907 TO 2015


WEATHER ITEM   OBSERVED TIME   RECORD YEAR NORMAL DEPARTURE LAST
                VALUE   (LST)  VALUE       VALUE  FROM      YEAR
                                                  NORMAL
..................................................................
TEMPERATURE (F)
 TODAY
  MAXIMUM         91    206 PM 105    1954  92     -1       91
  MINIMUM         68    548 AM  57    1970  71     -3       64
  AVERAGE         80                        81     -1       78

PRECIPITATION (IN)
  TODAY            0.00          2.16 1973   0.13  -0.13     0.00
  MONTH TO DATE    2.01                      0.84   1.17     0.00
  SINCE DEC 1     34.48                     33.90   0.58    31.46
  SINCE JAN 1     31.15                     28.72   2.43    24.90

DEGREE DAYS
 HEATING
  TODAY            0                         0      0        0
  MONTH TO DATE    0                         0      0        0
  SINCE JUN 1      0                         0      0        0
  SINCE JUL 1      0                         0      0        0

 COOLING
  TODAY           15                        16     -1       13
  MONTH TO DATE   86                        96    -10       75
  SINCE JUN 1    516                       492     24      492
  SINCE JAN 1    856                       803     53      744
..................................................................


WIND (MPH)
  HIGHEST WIND SPEED    16   HIGHEST WIND DIRECTION     S (200)
  HIGHEST GUST SPEED    23   HIGHEST GUST DIRECTION     S (200)
  AVERAGE WIND SPEED     7.0


SKY COVER
  POSSIBLE SUNSHINE  MM
  AVERAGE SKY COVER 0.4


WEATHER CONDITIONS
 THE FOLLOWING WEATHER WAS RECORDED TODAY.
  FOG


RELATIVE HUMIDITY (PERCENT)
 HIGHEST    97           600 AM
 LOWEST     59           200 PM
 AVERAGE    78

..........................................................


THE EL DORADO CLIMATE NORMALS FOR TOMORROW
                         NORMAL    RECORD    YEAR
 MAXIMUM TEMPERATURE (F)   92       105      1964
 MINIMUM TEMPERATURE (F)   71        56      1972


SUNRISE AND SUNSET
JULY  6 2015..........SUNRISE   608 AM CDT   SUNSET   824 PM CDT
JULY  7 2015..........SUNRISE   608 AM CDT   SUNSET   824 PM CDT


-  INDICATES NEGATIVE NUMBERS.
R  INDICATES RECORD WAS SET OR TIED.
MM INDICATES DATA IS MISSING.
T  INDICATES TRACE AMOUNT.




$$
