000
CDUS44 KSHV 160732
CLIELD


CLIMATE REPORT
NATIONAL WEATHER SERVICE SHREVEPORT, LA
232 AM CDT WED APR 16 2014


...................................

...THE EL DORADO CLIMATE SUMMARY FOR APRIL 15 2014...

CLIMATE NORMAL PERIOD 1981 TO 2010
CLIMATE RECORD PERIOD 1907 TO 2014


WEATHER ITEM   OBSERVED TIME   RECORD YEAR NORMAL DEPARTURE LAST
                VALUE   (LST)  VALUE       VALUE  FROM      YEAR
                                                  NORMAL
..................................................................
TEMPERATURE (F)
 YESTERDAY
  MAXIMUM         59    346 PM  92    1925  76    -17       86
  MINIMUM         33    616 AM  31    1980  51    -18       61
  AVERAGE         46                        63    -17       74

PRECIPITATION (IN)
  YESTERDAY        0.00          1.50 2012   0.13  -0.13     0.00
  MONTH TO DATE    5.12                      2.00   3.12     2.91
  SINCE DEC 1     20.25                     21.02  -0.77    18.69
  SINCE JAN 1     13.69                     15.84  -2.15    12.63

SNOWFALL (IN)
  YESTERDAY        0.0
  MONTH TO DATE    0.0
  SINCE MAR 1      T
  SINCE JUL 1      1.1
  SNOW DEPTH       0

DEGREE DAYS
 HEATING
  YESTERDAY       19                         4     15        0
  MONTH TO DATE  110                        78     32      102
  SINCE MAR 1    552                       386    166      535
  SINCE JUL 1   3159                      2614    545     2575

 COOLING
  YESTERDAY        0                         2     -2        9
  MONTH TO DATE   21                        28     -7       27
  SINCE MAR 1     26                        50    -24       33
  SINCE JAN 1     26                        56    -30       39
..................................................................


WIND (MPH)
  HIGHEST WIND SPEED    17   HIGHEST WIND DIRECTION     N (340)
  HIGHEST GUST SPEED    26   HIGHEST GUST DIRECTION     N (340)
  AVERAGE WIND SPEED     5.9


SKY COVER
  POSSIBLE SUNSHINE  MM
  AVERAGE SKY COVER 0.0


WEATHER CONDITIONS
 THE FOLLOWING WEATHER WAS RECORDED YESTERDAY.
  NO SIGNIFICANT WEATHER WAS OBSERVED.


RELATIVE HUMIDITY (PERCENT)
 HIGHEST    92           200 AM
 LOWEST     30           500 PM
 AVERAGE    61

..........................................................


THE EL DORADO CLIMATE NORMALS FOR TODAY
                         NORMAL    RECORD    YEAR
 MAXIMUM TEMPERATURE (F)   76        90      1914
 MINIMUM TEMPERATURE (F)   51        32      1961


SUNRISE AND SUNSET
APRIL 16 2014.........SUNRISE   640 AM CDT   SUNSET   743 PM CDT
APRIL 17 2014.........SUNRISE   639 AM CDT   SUNSET   743 PM CDT


-  INDICATES NEGATIVE NUMBERS.
R  INDICATES RECORD WAS SET OR TIED.
MM INDICATES DATA IS MISSING.
T  INDICATES TRACE AMOUNT.




$$
