981
CDUS44 KSHV 290830
CLIELD


CLIMATE REPORT
NATIONAL WEATHER SERVICE SHREVEPORT, LA
326 AM CDT FRI JUL 29 2016


...................................

...THE EL DORADO CLIMATE SUMMARY FOR JULY 28 2016...

CLIMATE NORMAL PERIOD 1981 TO 2010
CLIMATE RECORD PERIOD 1907 TO 2016


WEATHER ITEM   OBSERVED TIME   RECORD YEAR NORMAL DEPARTURE LAST
                VALUE   (LST)  VALUE       VALUE  FROM      YEAR
                                                  NORMAL
..................................................................
TEMPERATURE (F)
 YESTERDAY
  MAXIMUM         77    527 PM 105    1930  93    -16       98
  MINIMUM         71   1159 PM  61    2004  71      0       75
  AVERAGE         74                        82     -8       87

PRECIPITATION (IN)
  YESTERDAY        0.77          2.17 1992   0.11   0.66     0.00
  MONTH TO DATE    2.90                      3.24  -0.34     2.01
  SINCE DEC 1     43.59                     36.30   7.29    34.48
  SINCE JAN 1     35.53                     31.12   4.41    31.15

SNOWFALL (IN)
  YESTERDAY        0.0
  MONTH TO DATE    0.0
  SINCE JUN 1      0.0
  SINCE JUL 1      0.0
  SNOW DEPTH       0

DEGREE DAYS
 HEATING
  YESTERDAY        0                         0      0        0
  MONTH TO DATE    0                         0      0        0
  SINCE JUN 1      0                         0      0        0
  SINCE JUL 1      0                         0      0        0

 COOLING
  YESTERDAY        9                        17     -8       22
  MONTH TO DATE  528                       467     61      520
  SINCE JUN 1    991                       863    128      950
  SINCE JAN 1   1272                      1174     98     1290
..................................................................


WIND (MPH)
  HIGHEST WIND SPEED    20   HIGHEST WIND DIRECTION    SW (240)
  HIGHEST GUST SPEED    30   HIGHEST GUST DIRECTION     W (250)
  AVERAGE WIND SPEED     4.4


SKY COVER
  POSSIBLE SUNSHINE  MM
  AVERAGE SKY COVER 0.7


WEATHER CONDITIONS
 THE FOLLOWING WEATHER WAS RECORDED YESTERDAY.
  THUNDERSTORM
  HEAVY RAIN
  RAIN
  LIGHT RAIN
  FOG


RELATIVE HUMIDITY (PERCENT)
 HIGHEST   100           400 AM
 LOWEST     88           500 PM
 AVERAGE    94

..........................................................


THE EL DORADO CLIMATE NORMALS FOR TODAY
                         NORMAL    RECORD    YEAR
 MAXIMUM TEMPERATURE (F)   93       110      1930
 MINIMUM TEMPERATURE (F)   71        62      1946


SUNRISE AND SUNSET
JULY 29 2016..........SUNRISE   623 AM CDT   SUNSET   812 PM CDT
JULY 30 2016..........SUNRISE   623 AM CDT   SUNSET   812 PM CDT


-  INDICATES NEGATIVE NUMBERS.
R  INDICATES RECORD WAS SET OR TIED.
MM INDICATES DATA IS MISSING.
T  INDICATES TRACE AMOUNT.




$$
