000
CDUS44 KSHV 310851
CLIELD


CLIMATE REPORT
NATIONAL WEATHER SERVICE SHREVEPORT, LA
318 AM CDT FRI OCT 31 2014


...................................

...THE EL DORADO CLIMATE SUMMARY FOR OCTOBER 30 2014...

CLIMATE NORMAL PERIOD 1981 TO 2010
CLIMATE RECORD PERIOD 1907 TO 2014


WEATHER ITEM   OBSERVED TIME   RECORD YEAR NORMAL DEPARTURE LAST
                VALUE   (LST)  VALUE       VALUE  FROM      YEAR
                                                  NORMAL
..................................................................
TEMPERATURE (F)
 YESTERDAY
  MAXIMUM         72    327 PM  90    1937  72      0       68
  MINIMUM         41    626 AM  24    1917  47     -6       63
  AVERAGE         57                        59     -2       66

PRECIPITATION (IN)
  YESTERDAY        0.00          2.02 1985   0.17  -0.17     0.86
  MONTH TO DATE    3.70                      5.03  -1.33     3.68
  SINCE DEC 1     41.15                     47.87  -6.72    39.68
  SINCE JAN 1     34.59                     42.69  -8.10    33.62

SNOWFALL (IN)
  YESTERDAY        0.0
  MONTH TO DATE    0.0
  SINCE SEP 1      0.0
  SINCE JUL 1      0.0
  SNOW DEPTH       0

DEGREE DAYS
 HEATING
  YESTERDAY        8                         7      1        0
  MONTH TO DATE   62                       114    -52      113
  SINCE SEP 1     65                       126    -61      113
  SINCE JUL 1     65                       126    -61      113

 COOLING
  YESTERDAY        0                         1     -1        1
  MONTH TO DATE   99                        82     17       76
  SINCE SEP 1    429                       382     47      476
  SINCE JAN 1   1877                      2109   -232     2144
..................................................................


WIND (MPH)
  HIGHEST WIND SPEED     9   HIGHEST WIND DIRECTION    MM
  HIGHEST GUST SPEED    12   HIGHEST GUST DIRECTION     W (290)
  AVERAGE WIND SPEED     5.0


SKY COVER
  POSSIBLE SUNSHINE  MM
  AVERAGE SKY COVER 0.0


WEATHER CONDITIONS
 THE FOLLOWING WEATHER WAS RECORDED YESTERDAY.
  NO SIGNIFICANT WEATHER WAS OBSERVED.


RELATIVE HUMIDITY (PERCENT)
 HIGHEST    MM
 LOWEST     MM
 AVERAGE    MM

..........................................................


THE EL DORADO CLIMATE NORMALS FOR TODAY
                         NORMAL    RECORD    YEAR
 MAXIMUM TEMPERATURE (F)   71        90      1937
 MINIMUM TEMPERATURE (F)   47        26      1993


SUNRISE AND SUNSET
OCTOBER 31 2014.......SUNRISE   729 AM CDT   SUNSET   621 PM CDT
NOVEMBER  1 2014......SUNRISE   730 AM CDT   SUNSET   620 PM CDT


-  INDICATES NEGATIVE NUMBERS.
R  INDICATES RECORD WAS SET OR TIED.
MM INDICATES DATA IS MISSING.
T  INDICATES TRACE AMOUNT.




$$
