000
CDUS44 KSHV 280746
CLIELD


CLIMATE REPORT
NATIONAL WEATHER SERVICE SHREVEPORT, LA
246 AM CDT FRI AUG 28 2015


...................................

...THE EL DORADO CLIMATE SUMMARY FOR AUGUST 27 2015...

CLIMATE NORMAL PERIOD 1981 TO 2010
CLIMATE RECORD PERIOD 1907 TO 2015


WEATHER ITEM   OBSERVED TIME   RECORD YEAR NORMAL DEPARTURE LAST
                VALUE   (LST)  VALUE       VALUE  FROM      YEAR
                                                  NORMAL
..................................................................
TEMPERATURE (F)
 YESTERDAY
  MAXIMUM         86    306 PM 106    2000  92     -6       91
  MINIMUM         59    558 AM  52    1917  69    -10       68
  AVERAGE         73                        80     -7       80

PRECIPITATION (IN)
  YESTERDAY        0.00          1.69 1944   0.08  -0.08     0.00
  MONTH TO DATE    0.57                      2.73  -2.16     2.06
  SINCE DEC 1     35.05                     39.35  -4.30    36.38
  SINCE JAN 1     31.72                     34.17  -2.45    29.82

SNOWFALL (IN)
  YESTERDAY        0.0
  MONTH TO DATE    0.0
  SINCE JUN 1      0.0
  SINCE JUL 1      0.0
  SNOW DEPTH       0

DEGREE DAYS
 HEATING
  YESTERDAY        0                         0      0        0
  MONTH TO DATE    0                         0      0        0
  SINCE JUN 1      0                         0      0        0
  SINCE JUL 1      0                         0      0        0

 COOLING
  YESTERDAY        8                        15     -7       15
  MONTH TO DATE  467                       446     21      329
  SINCE JUN 1   1478                      1358    120     1137
  SINCE JAN 1   1818                      1669    149     1389
..................................................................


WIND (MPH)
  HIGHEST WIND SPEED    14   HIGHEST WIND DIRECTION     N (350)
  HIGHEST GUST SPEED    19   HIGHEST GUST DIRECTION     N (340)
  AVERAGE WIND SPEED     3.1


SKY COVER
  POSSIBLE SUNSHINE  MM
  AVERAGE SKY COVER 0.0


WEATHER CONDITIONS
 THE FOLLOWING WEATHER WAS RECORDED YESTERDAY.
  NO SIGNIFICANT WEATHER WAS OBSERVED.


RELATIVE HUMIDITY (PERCENT)
 HIGHEST    93          1200 AM
 LOWEST     37          1100 AM
 AVERAGE    65

..........................................................


THE EL DORADO CLIMATE NORMALS FOR TODAY
                         NORMAL    RECORD    YEAR
 MAXIMUM TEMPERATURE (F)   92       105      2000
 MINIMUM TEMPERATURE (F)   69        50      1906


SUNRISE AND SUNSET
AUGUST 28 2015........SUNRISE   643 AM CDT   SUNSET   742 PM CDT
AUGUST 29 2015........SUNRISE   643 AM CDT   SUNSET   740 PM CDT


-  INDICATES NEGATIVE NUMBERS.
R  INDICATES RECORD WAS SET OR TIED.
MM INDICATES DATA IS MISSING.
T  INDICATES TRACE AMOUNT.




$$
