000
CDUS44 KSHV 172234
CLIELD


CLIMATE REPORT
NATIONAL WEATHER SERVICE SHREVEPORT, LA
433 PM CST FRI NOV 17 2017


...................................

...THE EL DORADO CLIMATE SUMMARY FOR NOVEMBER 17 2017...
VALID TODAY AS OF 0400 PM LOCAL TIME.

CLIMATE NORMAL PERIOD 1981 TO 2010
CLIMATE RECORD PERIOD 1907 TO 2017


WEATHER ITEM   OBSERVED TIME   RECORD YEAR NORMAL DEPARTURE LAST
                VALUE   (LST)  VALUE       VALUE  FROM      YEAR
                                                  NORMAL
..................................................................
TEMPERATURE (F)
 TODAY
  MAXIMUM         75    358 PM  83    2013  65     10       80
                                      1938
  MINIMUM         57    531 AM  19    1920  42     15       47
  AVERAGE         66                        54     12       64

PRECIPITATION (IN)
  TODAY            0.00          4.09 1969   0.17  -0.17     0.00
  MONTH TO DATE    1.47                      2.60  -1.13     0.05
  SINCE DEC 1     47.36                     50.63  -3.27    60.68
  SINCE JAN 1     41.07                     45.45  -4.38    52.62

SNOWFALL (IN)
  TODAY            0.0
  MONTH TO DATE    0.0
  SINCE SEP 1      0.0
  SINCE JUL 1      0.0
  SNOW DEPTH       0

DEGREE DAYS
 HEATING
  TODAY            0                        12    -12        1
  MONTH TO DATE  100                       162    -62       78
  SINCE SEP 1    232                       295    -63      107
  SINCE JUL 1    232                       295    -63      107

 COOLING
  TODAY            1                         0      1        0
  MONTH TO DATE   56                        13     43       18
  SINCE SEP 1    506                       397    109      533
  SINCE JAN 1   2241                      2124    117     2391
..................................................................


WIND (MPH)
  HIGHEST WIND SPEED    21   HIGHEST WIND DIRECTION     S (190)
  HIGHEST GUST SPEED    26   HIGHEST GUST DIRECTION     S (200)
  AVERAGE WIND SPEED     8.2


SKY COVER
  POSSIBLE SUNSHINE  MM
  AVERAGE SKY COVER 0.8


WEATHER CONDITIONS
 THE FOLLOWING WEATHER WAS RECORDED TODAY.
  NO SIGNIFICANT WEATHER WAS OBSERVED.


RELATIVE HUMIDITY (PERCENT)
 HIGHEST   100           100 AM
 LOWEST     73          1200 PM
 AVERAGE    87

..........................................................


THE EL DORADO CLIMATE NORMALS FOR TOMORROW
                         NORMAL    RECORD    YEAR
 MAXIMUM TEMPERATURE (F)   65        82      1921
 MINIMUM TEMPERATURE (F)   42        18      1959


SUNRISE AND SUNSET
NOVEMBER 17 2017......SUNRISE   644 AM CST   SUNSET   508 PM CST
NOVEMBER 18 2017......SUNRISE   645 AM CST   SUNSET   507 PM CST


-  INDICATES NEGATIVE NUMBERS.
R  INDICATES RECORD WAS SET OR TIED.
MM INDICATES DATA IS MISSING.
T  INDICATES TRACE AMOUNT.




$$
