000
CDUS44 KSHV 010750
CLIELD


CLIMATE REPORT
NATIONAL WEATHER SERVICE SHREVEPORT, LA
247 AM CDT FRI AUG 1 2014


...................................

...THE EL DORADO CLIMATE SUMMARY FOR JULY 31 2014...

CLIMATE NORMAL PERIOD 1981 TO 2010
CLIMATE RECORD PERIOD 1907 TO 2014


WEATHER ITEM   OBSERVED TIME   RECORD YEAR NORMAL DEPARTURE LAST
                VALUE   (LST)  VALUE       VALUE  FROM      YEAR
                                                  NORMAL
..................................................................
TEMPERATURE (F)
 YESTERDAY
  MAXIMUM         76    326 PM 105    1998  93    -17       92
  MINIMUM         66    623 AM  56    1971  71     -5       75
  AVERAGE         71                        82    -11       84

PRECIPITATION (IN)
  YESTERDAY        0.06          2.33 1996   0.11  -0.05     0.00
  MONTH TO DATE    2.86                      3.56  -0.70     4.56
  SINCE DEC 1     34.32                     36.62  -2.30    31.88
  SINCE JAN 1     27.76                     31.44  -3.68    25.82

SNOWFALL (IN)
  YESTERDAY        0.0
  MONTH TO DATE    0.0
  SINCE JUN 1      0.0
  SINCE JUL 1      0.0
  SNOW DEPTH       0

DEGREE DAYS
 HEATING
  YESTERDAY        0                         0      0        0
  MONTH TO DATE    0                         0      0        0
  SINCE JUN 1      0                         0      0        0
  SINCE JUL 1      0                         0      0        0

 COOLING
  YESTERDAY        6                        17    -11       19
  MONTH TO DATE  391                       516   -125      465
  SINCE JUN 1    808                       912   -104      879
  SINCE JAN 1   1060                      1223   -163     1157
..................................................................


WIND (MPH)
  HIGHEST WIND SPEED    13   HIGHEST WIND DIRECTION     E (100)
  HIGHEST GUST SPEED    16   HIGHEST GUST DIRECTION    SE (120)
  AVERAGE WIND SPEED     6.6


SKY COVER
  POSSIBLE SUNSHINE  MM
  AVERAGE SKY COVER 0.7


WEATHER CONDITIONS
 THE FOLLOWING WEATHER WAS RECORDED YESTERDAY.
  LIGHT RAIN
  FOG


RELATIVE HUMIDITY (PERCENT)
 HIGHEST   100           500 AM
 LOWEST     74          1200 PM
 AVERAGE    87

..........................................................


THE EL DORADO CLIMATE NORMALS FOR TODAY
                         NORMAL    RECORD    YEAR
 MAXIMUM TEMPERATURE (F)   93       103      2008
 MINIMUM TEMPERATURE (F)   71        57      1936


SUNRISE AND SUNSET
AUGUST  1 2014........SUNRISE   624 AM CDT   SUNSET   810 PM CDT
AUGUST  2 2014........SUNRISE   625 AM CDT   SUNSET   810 PM CDT


-  INDICATES NEGATIVE NUMBERS.
R  INDICATES RECORD WAS SET OR TIED.
MM INDICATES DATA IS MISSING.
T  INDICATES TRACE AMOUNT.




$$
