000
CDUS44 KSHV 290732
CLIGGG


CLIMATE REPORT
NATIONAL WEATHER SERVICE SHREVEPORT, LA
231 AM CDT WED JUN 29 2016


...................................

...THE LONGVIEW CLIMATE SUMMARY FOR JUNE 28 2016...

CLIMATE NORMAL PERIOD 1981 TO 2010
CLIMATE RECORD PERIOD 1902 TO 2016


WEATHER ITEM   OBSERVED TIME   RECORD YEAR NORMAL DEPARTURE LAST
                VALUE   (LST)  VALUE       VALUE  FROM      YEAR
                                                  NORMAL
..................................................................
TEMPERATURE (F)
 YESTERDAY
  MAXIMUM         92    112 PM 105    2013  92      0       91
                                      1918
  MINIMUM         73    523 AM  57    1968  72      1       71
  AVERAGE         83                        82      1       81

PRECIPITATION (IN)
  YESTERDAY        0.00          1.90 1975   0.15  -0.15     0.00
  MONTH TO DATE    4.69                      4.70  -0.01     6.65
  SINCE DEC 1     39.07                     28.92  10.15    43.76
  SINCE JAN 1     33.01                     24.43   8.58    41.46

SNOWFALL (IN)
  YESTERDAY        0.0
  MONTH TO DATE    0.0
  SINCE JUN 1      0.0
  SINCE JUL 1      0.0
  SNOW DEPTH       0

DEGREE DAYS
 HEATING
  YESTERDAY        0                         0      0        0
  MONTH TO DATE    0                         0      0        0
  SINCE JUN 1      0                         0      0        0
  SINCE JUL 1   1654                      2258   -604     2282

 COOLING
  YESTERDAY       18                        17      1       16
  MONTH TO DATE  447                       406     41      468
  SINCE JUN 1    447                       406     41      468
  SINCE JAN 1    809                       785     24      926
..................................................................


WIND (MPH)
  HIGHEST WIND SPEED    15   HIGHEST WIND DIRECTION     N (350)
  HIGHEST GUST SPEED    20   HIGHEST GUST DIRECTION     N (20)
  AVERAGE WIND SPEED     5.0


SKY COVER
  POSSIBLE SUNSHINE  MM
  AVERAGE SKY COVER 0.2


WEATHER CONDITIONS
 THE FOLLOWING WEATHER WAS RECORDED YESTERDAY.
  NO SIGNIFICANT WEATHER WAS OBSERVED.


RELATIVE HUMIDITY (PERCENT)
 HIGHEST   100           200 AM
 LOWEST     49           200 PM
 AVERAGE    75

..........................................................


THE LONGVIEW CLIMATE NORMALS FOR TODAY
                         NORMAL    RECORD    YEAR
 MAXIMUM TEMPERATURE (F)   92       105      1917
 MINIMUM TEMPERATURE (F)   72        58      1926


SUNRISE AND SUNSET
JUNE 29 2016..........SUNRISE   615 AM CDT   SUNSET   830 PM CDT
JUNE 30 2016..........SUNRISE   615 AM CDT   SUNSET   830 PM CDT


-  INDICATES NEGATIVE NUMBERS.
R  INDICATES RECORD WAS SET OR TIED.
MM INDICATES DATA IS MISSING.
T  INDICATES TRACE AMOUNT.




$$
