000
CDUS44 KSHV 310734
CLIGGG


CLIMATE REPORT
NATIONAL WEATHER SERVICE SHREVEPORT, LA
233 AM CDT THU JUL 31 2014


...................................

...THE LONGVIEW CLIMATE SUMMARY FOR JULY 30 2014...

CLIMATE NORMAL PERIOD 1981 TO 2010
CLIMATE RECORD PERIOD 1902 TO 2014


WEATHER ITEM   OBSERVED TIME   RECORD YEAR NORMAL DEPARTURE LAST
                VALUE   (LST)  VALUE       VALUE  FROM      YEAR
                                                  NORMAL
..................................................................
TEMPERATURE (F)
 YESTERDAY
  MAXIMUM         86    405 PM 107    1930  94     -8       98
  MINIMUM         72    357 AM  63    2005  73     -1       77
  AVERAGE         79                        84     -5       88

PRECIPITATION (IN)
  YESTERDAY        0.00          2.73 1902   0.07  -0.07      T
  MONTH TO DATE    2.21                      2.82  -0.61     1.12
  SINCE DEC 1     28.53                     32.05  -3.52    23.62
  SINCE JAN 1     24.38                     27.56  -3.18    19.27

SNOWFALL (IN)
  YESTERDAY        0.0
  MONTH TO DATE    0.0
  SINCE JUN 1      0.0
  SINCE JUL 1      0.0
  SNOW DEPTH       0

DEGREE DAYS
 HEATING
  YESTERDAY        0                         0      0        0
  MONTH TO DATE    0                         0      0        0
  SINCE JUN 1      0                         0      0        0
  SINCE JUL 1      0                         0      0        0

 COOLING
  YESTERDAY       14                        19     -5       23
  MONTH TO DATE  478                       557    -79      529
  SINCE JUN 1    938                       996    -58     1045
  SINCE JAN 1   1292                      1375    -83     1433
..................................................................


WIND (MPH)
  HIGHEST WIND SPEED    13   HIGHEST WIND DIRECTION     E (90)
  HIGHEST GUST SPEED    17   HIGHEST GUST DIRECTION    SE (120)
  AVERAGE WIND SPEED     7.4


SKY COVER
  POSSIBLE SUNSHINE  MM
  AVERAGE SKY COVER 0.3


WEATHER CONDITIONS
 THE FOLLOWING WEATHER WAS RECORDED YESTERDAY.
  NO SIGNIFICANT WEATHER WAS OBSERVED.


RELATIVE HUMIDITY (PERCENT)
 HIGHEST    73           200 AM
 LOWEST     57           200 PM
 AVERAGE    65

..........................................................


THE LONGVIEW CLIMATE NORMALS FOR TODAY
                         NORMAL    RECORD    YEAR
 MAXIMUM TEMPERATURE (F)   94       106      1998
 MINIMUM TEMPERATURE (F)   73        59      1925


SUNRISE AND SUNSET
JULY 31 2014..........SUNRISE   633 AM CDT   SUNSET   817 PM CDT
AUGUST  1 2014........SUNRISE   633 AM CDT   SUNSET   816 PM CDT


-  INDICATES NEGATIVE NUMBERS.
R  INDICATES RECORD WAS SET OR TIED.
MM INDICATES DATA IS MISSING.
T  INDICATES TRACE AMOUNT.




$$
