000
CDUS44 KSHV 240839
CLIGGG


CLIMATE REPORT
NATIONAL WEATHER SERVICE SHREVEPORT, LA
239 AM CST SAT FEB 24 2018


...................................

...THE LONGVIEW CLIMATE SUMMARY FOR FEBRUARY 23 2018...

CLIMATE NORMAL PERIOD 1981 TO 2010
CLIMATE RECORD PERIOD 1902 TO 2018


WEATHER ITEM   OBSERVED TIME   RECORD YEAR NORMAL DEPARTURE LAST
                VALUE   (LST)  VALUE       VALUE  FROM      YEAR
                                                  NORMAL
..................................................................
TEMPERATURE (F)
 YESTERDAY
  MAXIMUM         76    400 PM  90    1996  64     12       84
  MINIMUM         49    127 AM  24    1914  41      8       53
  AVERAGE         63                        52     11       69

PRECIPITATION (IN)
  YESTERDAY        0.07          2.08 1902   0.15  -0.08     0.00
  MONTH TO DATE    6.60                      3.28   3.32     2.36
  SINCE DEC 1     14.68                     11.09   3.59    12.66
  SINCE JAN 1      9.35                      6.60   2.75     7.86

SNOWFALL (IN)
  YESTERDAY       MM
  MONTH TO DATE    T
  SINCE DEC 1      1.5
  SINCE JUL 1      1.5
  SNOW DEPTH       0

DEGREE DAYS
 HEATING
  YESTERDAY        2                        13    -11        0
  MONTH TO DATE  309                       360    -51      141
  SINCE DEC 1   1488                      1471     17      907
  SINCE JUL 1   1768                      1843    -75     1067

 COOLING
  YESTERDAY        0                         0      0        4
  MONTH TO DATE   23                         0     23       34
  SINCE DEC 1     30                        10     20       71
  SINCE JAN 1     26                         4     22       53
..................................................................


WIND (MPH)
  HIGHEST WIND SPEED    15   HIGHEST WIND DIRECTION     W (290)
  HIGHEST GUST SPEED    17   HIGHEST GUST DIRECTION     W (290)
  AVERAGE WIND SPEED     4.6


SKY COVER
  POSSIBLE SUNSHINE  MM
  AVERAGE SKY COVER 0.8


WEATHER CONDITIONS
 THE FOLLOWING WEATHER WAS RECORDED YESTERDAY.
  THUNDERSTORM
  RAIN
  LIGHT RAIN
  FOG


RELATIVE HUMIDITY (PERCENT)
 HIGHEST   100          1200 AM
 LOWEST     79           300 PM
 AVERAGE    90

..........................................................


THE LONGVIEW CLIMATE NORMALS FOR TODAY
                         NORMAL    RECORD    YEAR
 MAXIMUM TEMPERATURE (F)   64        87      1996
 MINIMUM TEMPERATURE (F)   41        21      1914


SUNRISE AND SUNSET
FEBRUARY 24 2018......SUNRISE   652 AM CST   SUNSET   612 PM CST
FEBRUARY 25 2018......SUNRISE   651 AM CST   SUNSET   613 PM CST


-  INDICATES NEGATIVE NUMBERS.
R  INDICATES RECORD WAS SET OR TIED.
MM INDICATES DATA IS MISSING.
T  INDICATES TRACE AMOUNT.




$$
