000
CDUS44 KSHV 170853
CLIGGG


CLIMATE REPORT
NATIONAL WEATHER SERVICE SHREVEPORT, LA
253 AM CST FRI NOV 17 2017


...................................

...THE LONGVIEW CLIMATE SUMMARY FOR NOVEMBER 16 2017...

CLIMATE NORMAL PERIOD 1981 TO 2010
CLIMATE RECORD PERIOD 1902 TO 2017


WEATHER ITEM   OBSERVED TIME   RECORD YEAR NORMAL DEPARTURE LAST
                VALUE   (LST)  VALUE       VALUE  FROM      YEAR
                                                  NORMAL
..................................................................
TEMPERATURE (F)
 YESTERDAY
  MAXIMUM         72    317 PM  86    2016  67      5       86
  MINIMUM         MM        MM  20    1916  45     MM       50
  AVERAGE         MM                        56     MM       68

PRECIPITATION (IN)
  YESTERDAY        T             2.42 1941   0.17  -0.17     0.00
  MONTH TO DATE    1.89                      2.32  -0.43     0.02
  SINCE DEC 1     44.30                     45.38  -1.08    47.88
  SINCE JAN 1     39.50                     40.89  -1.39    41.82

SNOWFALL (IN)
  YESTERDAY        0.0
  MONTH TO DATE    0.0
  SINCE SEP 1      0.0
  SINCE JUL 1      0.0
  SNOW DEPTH       0

DEGREE DAYS
 HEATING
  YESTERDAY       MM                         9     MM        0
  MONTH TO DATE   59                       114    -55       35
  SINCE SEP 1    148                       203    -55       49
  SINCE JUL 1    148                       203    -55       49

 COOLING
  YESTERDAY       MM                         1     MM        3
  MONTH TO DATE   72                        19     53       47
  SINCE SEP 1    620                       474    146      680
  SINCE JAN 1   2688                      2414    274     2725
..................................................................


WIND (MPH)
  HIGHEST WIND SPEED    10   HIGHEST WIND DIRECTION    SE (150)
  HIGHEST GUST SPEED    13   HIGHEST GUST DIRECTION    SE (150)
  AVERAGE WIND SPEED     5.4


SKY COVER
  POSSIBLE SUNSHINE  MM
  AVERAGE SKY COVER 0.8


WEATHER CONDITIONS
 THE FOLLOWING WEATHER WAS RECORDED YESTERDAY.
  LIGHT RAIN
  FOG


RELATIVE HUMIDITY (PERCENT)
 HIGHEST   100           600 AM
 LOWEST     84           200 PM
 AVERAGE    92

..........................................................


THE LONGVIEW CLIMATE NORMALS FOR TODAY
                         NORMAL    RECORD    YEAR
 MAXIMUM TEMPERATURE (F)   67        86      2013
 MINIMUM TEMPERATURE (F)   45        24      1916


SUNRISE AND SUNSET
NOVEMBER 17 2017......SUNRISE   650 AM CST   SUNSET   517 PM CST
NOVEMBER 18 2017......SUNRISE   651 AM CST   SUNSET   517 PM CST


-  INDICATES NEGATIVE NUMBERS.
R  INDICATES RECORD WAS SET OR TIED.
MM INDICATES DATA IS MISSING.
T  INDICATES TRACE AMOUNT.




$$
