000
CDUS44 KSHV 242139
CLIGGG


CLIMATE REPORT
NATIONAL WEATHER SERVICE SHREVEPORT, LA
438 PM CDT TUE MAY 24 2016


...................................

...THE LONGVIEW CLIMATE SUMMARY FOR MAY 24 2016...
VALID TODAY AS OF 0400 PM LOCAL TIME.

CLIMATE NORMAL PERIOD 1981 TO 2010
CLIMATE RECORD PERIOD 1902 TO 2016


WEATHER ITEM   OBSERVED TIME   RECORD YEAR NORMAL DEPARTURE LAST
                VALUE   (LST)  VALUE       VALUE  FROM      YEAR
                                                  NORMAL
..................................................................
TEMPERATURE (F)
 TODAY
  MAXIMUM         85    247 PM  99    1936  85      0       78
  MINIMUM         69    558 AM  50    1931  64      5       70
  AVERAGE         77                        75      2       74

PRECIPITATION (IN)
  TODAY            T             2.05 1952   0.15  -0.15     0.44
  MONTH TO DATE    1.83                      3.66  -1.83     8.33
  SINCE DEC 1     32.18                     23.08   9.10    33.87
  SINCE JAN 1     26.12                     18.59   7.53    31.57

DEGREE DAYS
 HEATING
  TODAY            0                         0      0        0
  MONTH TO DATE   15                         8      7        0
  SINCE MAR 1    205                       353   -148      309
  SINCE JUL 1   1654                      2257   -603     2282

 COOLING
  TODAY           12                        10      2        9
  MONTH TO DATE  140                       180    -40      214
  SINCE MAR 1    277                       291    -14      377
  SINCE JAN 1    283                       303    -20      377
..................................................................


WIND (MPH)
  HIGHEST WIND SPEED    14   HIGHEST WIND DIRECTION     S (190)
  HIGHEST GUST SPEED    17   HIGHEST GUST DIRECTION    SE (150)
  AVERAGE WIND SPEED     8.2


SKY COVER
  POSSIBLE SUNSHINE  MM
  AVERAGE SKY COVER 0.5


WEATHER CONDITIONS
 THE FOLLOWING WEATHER WAS RECORDED TODAY.
  NO SIGNIFICANT WEATHER WAS OBSERVED.


RELATIVE HUMIDITY (PERCENT)
 HIGHEST    97           300 AM
 LOWEST     69          1200 PM
 AVERAGE    83

..........................................................


THE LONGVIEW CLIMATE NORMALS FOR TOMORROW
                         NORMAL    RECORD    YEAR
 MAXIMUM TEMPERATURE (F)   86        99      1937
 MINIMUM TEMPERATURE (F)   65        50      1967


SUNRISE AND SUNSET
MAY 24 2016...........SUNRISE   615 AM CDT   SUNSET   816 PM CDT
MAY 25 2016...........SUNRISE   615 AM CDT   SUNSET   817 PM CDT


-  INDICATES NEGATIVE NUMBERS.
R  INDICATES RECORD WAS SET OR TIED.
MM INDICATES DATA IS MISSING.
T  INDICATES TRACE AMOUNT.




$$
