000
CDUS44 KSHV 200735
CLIGGG


CLIMATE REPORT
NATIONAL WEATHER SERVICE SHREVEPORT, LA
235 AM CDT MON OCT 20 2014


...................................

...THE LONGVIEW CLIMATE SUMMARY FOR OCTOBER 19 2014...

CLIMATE NORMAL PERIOD 1981 TO 2010
CLIMATE RECORD PERIOD 1902 TO 2014


WEATHER ITEM   OBSERVED TIME   RECORD YEAR NORMAL DEPARTURE LAST
                VALUE   (LST)  VALUE       VALUE  FROM      YEAR
                                                  NORMAL
..................................................................
TEMPERATURE (F)
 YESTERDAY
  MAXIMUM         75    336 PM  95    1947  77     -2       66
  MINIMUM         53   1159 PM  30    1967  53      0       44
  AVERAGE         64                        65     -1       55

PRECIPITATION (IN)
  YESTERDAY        0.00          2.42 1985   0.15  -0.15     0.00
  MONTH TO DATE    5.26                      2.88   2.38     1.51
  SINCE DEC 1     36.16                     41.36  -5.20    32.73
  SINCE JAN 1     32.01                     36.87  -4.86    28.38

SNOWFALL (IN)
  YESTERDAY        0.0
  MONTH TO DATE    0.0
  SINCE SEP 1      0.0
  SINCE JUL 1      0.0
  SNOW DEPTH       0

DEGREE DAYS
 HEATING
  YESTERDAY        1                         3     -2       10
  MONTH TO DATE    8                        32    -24       24
  SINCE SEP 1      8                        38    -30       24
  SINCE JUL 1      8                        38    -30       24

 COOLING
  YESTERDAY        0                         3     -3        0
  MONTH TO DATE  129                        84     45      118
  SINCE SEP 1    555                       423    132      603
  SINCE JAN 1   2409                      2363     46     2698
..................................................................


WIND (MPH)
  HIGHEST WIND SPEED    13   HIGHEST WIND DIRECTION     E (110)
  HIGHEST GUST SPEED    18   HIGHEST GUST DIRECTION     E (90)
  AVERAGE WIND SPEED     2.9


SKY COVER
  POSSIBLE SUNSHINE  MM
  AVERAGE SKY COVER 0.0


WEATHER CONDITIONS
 THE FOLLOWING WEATHER WAS RECORDED YESTERDAY.
  NO SIGNIFICANT WEATHER WAS OBSERVED.


RELATIVE HUMIDITY (PERCENT)
 HIGHEST    93           400 AM
 LOWEST     41           200 PM
 AVERAGE    67

..........................................................


THE LONGVIEW CLIMATE NORMALS FOR TODAY
                         NORMAL    RECORD    YEAR
 MAXIMUM TEMPERATURE (F)   77        97      1947
 MINIMUM TEMPERATURE (F)   53        34      1966


SUNRISE AND SUNSET
OCTOBER 20 2014.......SUNRISE   726 AM CDT   SUNSET   640 PM CDT
OCTOBER 21 2014.......SUNRISE   727 AM CDT   SUNSET   639 PM CDT


-  INDICATES NEGATIVE NUMBERS.
R  INDICATES RECORD WAS SET OR TIED.
MM INDICATES DATA IS MISSING.
T  INDICATES TRACE AMOUNT.




$$
