000
CDUS44 KSHV 242132
CLIGGG


CLIMATE REPORT
NATIONAL WEATHER SERVICE SHREVEPORT, LA
431 PM CDT MON JUL 24 2017


...................................

...THE LONGVIEW CLIMATE SUMMARY FOR JULY 24 2017...
VALID TODAY AS OF 0400 PM LOCAL TIME.

CLIMATE NORMAL PERIOD 1981 TO 2010
CLIMATE RECORD PERIOD 1902 TO 2017


WEATHER ITEM   OBSERVED TIME   RECORD YEAR NORMAL DEPARTURE LAST
                VALUE   (LST)  VALUE       VALUE  FROM      YEAR
                                                  NORMAL
..................................................................
TEMPERATURE (F)
 TODAY
  MAXIMUM         91    259 PM 106    1943  94     -3       96
  MINIMUM         73    528 AM  60    1947  74     -1       74
  AVERAGE         82                        84     -2       85

PRECIPITATION (IN)
  TODAY            0.00          1.36 1902   0.07  -0.07     0.00
  MONTH TO DATE    2.33                      2.40  -0.07     1.26
  SINCE DEC 1     34.74                     31.63   3.11    40.33
  SINCE JAN 1     29.94                     27.14   2.80    34.27

DEGREE DAYS
 HEATING
  TODAY            0                         0      0        0
  MONTH TO DATE    0                         0      0        0
  SINCE JUN 1      0                         0      0        0
  SINCE JUL 1      0                         0      0        0

 COOLING
  TODAY           17                        19     -2       20
  MONTH TO DATE  460                       443     17      501
  SINCE JUN 1    906                       882     24      983
  SINCE JAN 1   1419                      1261    158     1345
..................................................................


WIND (MPH)
  HIGHEST WIND SPEED    21   HIGHEST WIND DIRECTION     S (200)
  HIGHEST GUST SPEED    25   HIGHEST GUST DIRECTION     S (200)
  AVERAGE WIND SPEED     8.2


SKY COVER
  POSSIBLE SUNSHINE  MM
  AVERAGE SKY COVER 0.4


WEATHER CONDITIONS
 THE FOLLOWING WEATHER WAS RECORDED TODAY.
  NO SIGNIFICANT WEATHER WAS OBSERVED.


RELATIVE HUMIDITY (PERCENT)
 HIGHEST   100           300 AM
 LOWEST     64           300 PM
 AVERAGE    82

..........................................................


THE LONGVIEW CLIMATE NORMALS FOR TOMORROW
                         NORMAL    RECORD    YEAR
 MAXIMUM TEMPERATURE (F)   94       107      1943
 MINIMUM TEMPERATURE (F)   74        63      1911


SUNRISE AND SUNSET
JULY 24 2017..........SUNRISE   628 AM CDT   SUNSET   822 PM CDT
JULY 25 2017..........SUNRISE   629 AM CDT   SUNSET   821 PM CDT


-  INDICATES NEGATIVE NUMBERS.
R  INDICATES RECORD WAS SET OR TIED.
MM INDICATES DATA IS MISSING.
T  INDICATES TRACE AMOUNT.




$$
