000
CDUS44 KSHV 232133
CLIGGG


CLIMATE REPORT
NATIONAL WEATHER SERVICE SHREVEPORT, LA
431 PM CDT TUE MAY 23 2017


...................................

...THE LONGVIEW CLIMATE SUMMARY FOR MAY 23 2017...
VALID TODAY AS OF 0400 PM LOCAL TIME.

CLIMATE NORMAL PERIOD 1981 TO 2010
CLIMATE RECORD PERIOD 1902 TO 2017


WEATHER ITEM   OBSERVED TIME   RECORD YEAR NORMAL DEPARTURE LAST
                VALUE   (LST)  VALUE       VALUE  FROM      YEAR
                                                  NORMAL
..................................................................
TEMPERATURE (F)
 TODAY
  MAXIMUM         79    218 PM  99    1942  85     -6       84
  MINIMUM         60    517 AM  48    1931  64     -4       65
  AVERAGE         70                        75     -5       75

PRECIPITATION (IN)
  TODAY            0.00          3.23 1944   0.15  -0.15     0.00
  MONTH TO DATE    3.71                      3.51   0.20     1.83
  SINCE DEC 1     25.51                     22.93   2.58    32.18
  SINCE JAN 1     20.71                     18.44   2.27    26.12

DEGREE DAYS
 HEATING
  TODAY            0                         0      0        0
  MONTH TO DATE    7                         8     -1       15
  SINCE MAR 1    190                       353   -163      205
  SINCE JUL 1   1291                      2257   -966     1654

 COOLING
  TODAY            5                        10     -5       10
  MONTH TO DATE  142                       170    -28      128
  SINCE MAR 1    380                       281     99      265
  SINCE JAN 1    451                       293    158      271
..................................................................


WIND (MPH)
  HIGHEST WIND SPEED    12   HIGHEST WIND DIRECTION    NW (300)
  HIGHEST GUST SPEED    16   HIGHEST GUST DIRECTION    NW (300)
  AVERAGE WIND SPEED     5.1


SKY COVER
  POSSIBLE SUNSHINE  MM
  AVERAGE SKY COVER 0.9


WEATHER CONDITIONS
 THE FOLLOWING WEATHER WAS RECORDED TODAY.
  FOG


RELATIVE HUMIDITY (PERCENT)
 HIGHEST   100           200 AM
 LOWEST     64           200 PM
 AVERAGE    82

..........................................................


THE LONGVIEW CLIMATE NORMALS FOR TOMORROW
                         NORMAL    RECORD    YEAR
 MAXIMUM TEMPERATURE (F)   85        99      1936
 MINIMUM TEMPERATURE (F)   64        50      1931


SUNRISE AND SUNSET
MAY 23 2017...........SUNRISE   616 AM CDT   SUNSET   816 PM CDT
MAY 24 2017...........SUNRISE   615 AM CDT   SUNSET   816 PM CDT


-  INDICATES NEGATIVE NUMBERS.
R  INDICATES RECORD WAS SET OR TIED.
MM INDICATES DATA IS MISSING.
T  INDICATES TRACE AMOUNT.




$$
