000
CDUS44 KSHV 010741
CLIGGG


CLIMATE REPORT
NATIONAL WEATHER SERVICE SHREVEPORT, LA
234 AM CDT SAT OCT 1 2016


...................................

...THE LONGVIEW CLIMATE SUMMARY FOR SEPTEMBER 30 2016...

CLIMATE NORMAL PERIOD 1981 TO 2010
CLIMATE RECORD PERIOD 1902 TO 2016


WEATHER ITEM   OBSERVED TIME   RECORD YEAR NORMAL DEPARTURE LAST
                VALUE   (LST)  VALUE       VALUE  FROM      YEAR
                                                  NORMAL
..................................................................
TEMPERATURE (F)
 YESTERDAY
  MAXIMUM         81    409 PM 101    1938  83     -2       94
  MINIMUM         50    626 AM  38    1920  59     -9       65
  AVERAGE         66                        71     -5       80

PRECIPITATION (IN)
  YESTERDAY        0.00          1.27 1980   0.12  -0.12     0.00
  MONTH TO DATE    0.31                      3.34  -3.03     0.04
  SINCE DEC 1     47.07                     38.48   8.59    45.74
  SINCE JAN 1     41.01                     33.99   7.02    43.44

SNOWFALL (IN)
  YESTERDAY        0.0
  MONTH TO DATE    0.0
  SINCE SEP 1      0.0
  SINCE JUL 1      0.0
  SNOW DEPTH       0

DEGREE DAYS
 HEATING
  YESTERDAY        0                         1     -1        0
  MONTH TO DATE    0                         4     -4        0
  SINCE SEP 1      0                         6     -6        0
  SINCE JUL 1      0                         6     -6        0

 COOLING
  YESTERDAY        1                         7     -6       15
  MONTH TO DATE  422                       339     83      471
  SINCE SEP 1    422                       339     83      471
  SINCE JAN 1   2467                      2279    188     2643
..................................................................


WIND (MPH)
  HIGHEST WIND SPEED     8   HIGHEST WIND DIRECTION     S (170)
  HIGHEST GUST SPEED    11   HIGHEST GUST DIRECTION     W (260)
  AVERAGE WIND SPEED     3.5


SKY COVER
  POSSIBLE SUNSHINE  MM
  AVERAGE SKY COVER 0.0


WEATHER CONDITIONS
 THE FOLLOWING WEATHER WAS RECORDED YESTERDAY.
  NO SIGNIFICANT WEATHER WAS OBSERVED.


RELATIVE HUMIDITY (PERCENT)
 HIGHEST   100           500 AM
 LOWEST     35           200 PM
 AVERAGE    68

..........................................................


THE LONGVIEW CLIMATE NORMALS FOR TODAY
                         NORMAL    RECORD    YEAR
 MAXIMUM TEMPERATURE (F)   83       101      1938
 MINIMUM TEMPERATURE (F)   59        44      1949


SUNRISE AND SUNSET
OCTOBER  1 2016.......SUNRISE   713 AM CDT   SUNSET   703 PM CDT
OCTOBER  2 2016.......SUNRISE   714 AM CDT   SUNSET   702 PM CDT


-  INDICATES NEGATIVE NUMBERS.
R  INDICATES RECORD WAS SET OR TIED.
MM INDICATES DATA IS MISSING.
T  INDICATES TRACE AMOUNT.




$$
