000
CDUS44 KSHV 230835
CLIGGG


CLIMATE REPORT
NATIONAL WEATHER SERVICE SHREVEPORT, LA
234 AM CST SUN NOV 23 2014


...................................

...THE LONGVIEW CLIMATE SUMMARY FOR NOVEMBER 22 2014...

CLIMATE NORMAL PERIOD 1981 TO 2010
CLIMATE RECORD PERIOD 1902 TO 2014


WEATHER ITEM   OBSERVED TIME   RECORD YEAR NORMAL DEPARTURE LAST
                VALUE   (LST)  VALUE       VALUE  FROM      YEAR
                                                  NORMAL
..................................................................
TEMPERATURE (F)
 YESTERDAY
  MAXIMUM         71    146 PM  85    1967  65      6       72
  MINIMUM         56    323 AM  26    1903  43     13       43
  AVERAGE         64                        54     10       58

PRECIPITATION (IN)
  YESTERDAY        1.22          2.92 1961   0.15   1.07     1.89
  MONTH TO DATE    3.82                      3.24   0.58     2.77
  SINCE DEC 1     40.23                     46.30  -6.07    39.30
  SINCE JAN 1     36.08                     41.81  -5.73    34.95

SNOWFALL (IN)
  YESTERDAY        0.0
  MONTH TO DATE    0.0
  SINCE SEP 1      0.0
  SINCE JUL 1      0.0
  SNOW DEPTH       0

DEGREE DAYS
 HEATING
  YESTERDAY        1                        11    -10        7
  MONTH TO DATE  317                       177    140      185
  SINCE SEP 1    338                       266     72      234
  SINCE JUL 1    338                       266     72      234

 COOLING
  YESTERDAY        0                         0      0        0
  MONTH TO DATE    3                        22    -19       15
  SINCE SEP 1    593                       477    116      632
  SINCE JAN 1   2447                      2417     30     2727
..................................................................


WIND (MPH)
  HIGHEST WIND SPEED    17   HIGHEST WIND DIRECTION    SE (150)
  HIGHEST GUST SPEED    22   HIGHEST GUST DIRECTION    SE (140)
  AVERAGE WIND SPEED     9.0


SKY COVER
  POSSIBLE SUNSHINE  MM
  AVERAGE SKY COVER 0.7


WEATHER CONDITIONS
 THE FOLLOWING WEATHER WAS RECORDED YESTERDAY.
  THUNDERSTORM
  HEAVY RAIN
  RAIN
  LIGHT RAIN
  FOG


RELATIVE HUMIDITY (PERCENT)
 HIGHEST    93           900 PM
 LOWEST     57          1200 PM
 AVERAGE    75

..........................................................


THE LONGVIEW CLIMATE NORMALS FOR TODAY
                         NORMAL    RECORD    YEAR
 MAXIMUM TEMPERATURE (F)   65        83      2010
 MINIMUM TEMPERATURE (F)   43        23      1929


SUNRISE AND SUNSET
NOVEMBER 23 2014......SUNRISE   655 AM CST   SUNSET   515 PM CST
NOVEMBER 24 2014......SUNRISE   656 AM CST   SUNSET   515 PM CST


-  INDICATES NEGATIVE NUMBERS.
R  INDICATES RECORD WAS SET OR TIED.
MM INDICATES DATA IS MISSING.
T  INDICATES TRACE AMOUNT.




$$
