000
CDUS44 KSHV 180836
CLIGGG


CLIMATE REPORT
NATIONAL WEATHER SERVICE SHREVEPORT, LA
235 AM CST THU DEC 18 2014


...................................

...THE LONGVIEW CLIMATE SUMMARY FOR DECEMBER 17 2014...

CLIMATE NORMAL PERIOD 1981 TO 2010
CLIMATE RECORD PERIOD 1902 TO 2014


WEATHER ITEM   OBSERVED TIME   RECORD YEAR NORMAL DEPARTURE LAST
                VALUE   (LST)  VALUE       VALUE  FROM      YEAR
                                                  NORMAL
..................................................................
TEMPERATURE (F)
 YESTERDAY
  MAXIMUM         49    233 PM  80    1924  58     -9       71
  MINIMUM         33    143 AM  20    1926  37     -4       34
  AVERAGE         41                        47     -6       53

PRECIPITATION (IN)
  YESTERDAY        0.06          1.65 1937   0.15  -0.09     0.00
  MONTH TO DATE    1.30                      2.65  -1.35     1.87
  SINCE DEC 1      1.30                      2.65  -1.35     1.87
  SINCE JAN 1     37.81                     45.71  -7.90    38.27

SNOWFALL (IN)
  YESTERDAY        0.0
  MONTH TO DATE    0.0
  SINCE DEC 1      0.0
  SINCE JUL 1      0.0
  SNOW DEPTH       0

DEGREE DAYS
 HEATING
  YESTERDAY       24                        18      6       12
  MONTH TO DATE  184                       277    -93      325
  SINCE DEC 1    184                       277    -93      325
  SINCE JUL 1    594                       649    -55      753

 COOLING
  YESTERDAY        0                         0      0        0
  MONTH TO DATE    5                         0      5        6
  SINCE DEC 1      5                         0      5        6
  SINCE JAN 1   2461                      2417     44     2733
..................................................................


WIND (MPH)
  HIGHEST WIND SPEED    14   HIGHEST WIND DIRECTION     E (90)
  HIGHEST GUST SPEED    16   HIGHEST GUST DIRECTION     E (100)
  AVERAGE WIND SPEED     5.1


SKY COVER
  POSSIBLE SUNSHINE  MM
  AVERAGE SKY COVER 0.7


WEATHER CONDITIONS
 THE FOLLOWING WEATHER WAS RECORDED YESTERDAY.
  LIGHT RAIN
  FOG


RELATIVE HUMIDITY (PERCENT)
 HIGHEST    92           600 AM
 LOWEST     61           300 PM
 AVERAGE    77

..........................................................


THE LONGVIEW CLIMATE NORMALS FOR TODAY
                         NORMAL    RECORD    YEAR
 MAXIMUM TEMPERATURE (F)   58        78      2012
 MINIMUM TEMPERATURE (F)   37        20      1964


SUNRISE AND SUNSET
DECEMBER 18 2014......SUNRISE   715 AM CST   SUNSET   516 PM CST
DECEMBER 19 2014......SUNRISE   715 AM CST   SUNSET   517 PM CST


-  INDICATES NEGATIVE NUMBERS.
R  INDICATES RECORD WAS SET OR TIED.
MM INDICATES DATA IS MISSING.
T  INDICATES TRACE AMOUNT.




$$
