000
CDUS44 KSHV 252202
CLIGGG


CLIMATE REPORT
NATIONAL WEATHER SERVICE SHREVEPORT, LA
501 PM CDT MON SEP 25 2017


...................................

...THE LONGVIEW CLIMATE SUMMARY FOR SEPTEMBER 25 2017...
VALID TODAY AS OF 0500 PM LOCAL TIME.

CLIMATE NORMAL PERIOD 1981 TO 2010
CLIMATE RECORD PERIOD 1902 TO 2017


WEATHER ITEM   OBSERVED TIME   RECORD YEAR NORMAL DEPARTURE LAST
                VALUE   (LST)  VALUE       VALUE  FROM      YEAR
                                                  NORMAL
..................................................................
TEMPERATURE (F)
 TODAY
  MAXIMUM         91    146 PM 100    1945  85      6       92
  MINIMUM         67    629 AM  45    1994  61      6       69
  AVERAGE         79                        73      6       81

PRECIPITATION (IN)
  TODAY            0.00          2.00 1972   0.12  -0.12     0.00
  MONTH TO DATE    0.01                      2.69  -2.68     0.03
  SINCE DEC 1     40.34                     37.83   2.51    46.79
  SINCE JAN 1     35.54                     33.34   2.20    40.73

DEGREE DAYS
 HEATING
  TODAY            0                         0      0        0
  MONTH TO DATE    0                         0      0        0
  SINCE SEP 1      0                         0      0        0
  SINCE JUL 1      0                         0      0        0

 COOLING
  TODAY           14                         8      6       16
  MONTH TO DATE  295                       302     -7      400
  SINCE SEP 1    295                       302     -7      400
  SINCE JAN 1   2363                      2242    121     2445
..................................................................


WIND (MPH)
  HIGHEST WIND SPEED    14   HIGHEST WIND DIRECTION    SE (150)
  HIGHEST GUST SPEED    17   HIGHEST GUST DIRECTION     E (80)
  AVERAGE WIND SPEED     4.4


SKY COVER
  POSSIBLE SUNSHINE  MM
  AVERAGE SKY COVER 0.2


WEATHER CONDITIONS
 THE FOLLOWING WEATHER WAS RECORDED TODAY.
  FOG


RELATIVE HUMIDITY (PERCENT)
 HIGHEST   100           300 AM
 LOWEST     47           100 PM
 AVERAGE    74

..........................................................


THE LONGVIEW CLIMATE NORMALS FOR TOMORROW
                         NORMAL    RECORD    YEAR
 MAXIMUM TEMPERATURE (F)   84        99      1938
 MINIMUM TEMPERATURE (F)   61        44      2000


SUNRISE AND SUNSET
SEPTEMBER 25 2017.....SUNRISE   709 AM CDT   SUNSET   711 PM CDT
SEPTEMBER 26 2017.....SUNRISE   710 AM CDT   SUNSET   710 PM CDT


-  INDICATES NEGATIVE NUMBERS.
R  INDICATES RECORD WAS SET OR TIED.
MM INDICATES DATA IS MISSING.
T  INDICATES TRACE AMOUNT.




$$
