000
CDUS44 KSHV 280733
CLILFK


CLIMATE REPORT
NATIONAL WEATHER SERVICE SHREVEPORT, LA
233 AM CDT MON JUL 28 2014


...................................

...THE LUFKIN CLIMATE SUMMARY FOR JULY 27 2014...

CLIMATE NORMAL PERIOD 1981 TO 2010
CLIMATE RECORD PERIOD 1906 TO 2014


WEATHER ITEM   OBSERVED TIME   RECORD YEAR NORMAL DEPARTURE LAST
                VALUE   (LST)  VALUE       VALUE  FROM      YEAR
                                                  NORMAL
..................................................................
TEMPERATURE (F)
 YESTERDAY
  MAXIMUM         97    532 PM 105    1934  94      3       87
  MINIMUM         76    525 AM  64    1994  72      4       71
                                      2000
  AVERAGE         87                        83      4       79

PRECIPITATION (IN)
  YESTERDAY        0.00          2.00 1927   0.08  -0.08     0.39
  MONTH TO DATE    7.18                      2.69   4.49     3.60
  SINCE DEC 1     29.57                     31.33  -1.76    28.91
  SINCE JAN 1     27.36                     26.89   0.47    24.60

SNOWFALL (IN)
  YESTERDAY        0.0
  MONTH TO DATE    0.0
  SINCE JUN 1      0.0
  SINCE JUL 1      0.0
  SNOW DEPTH       0

DEGREE DAYS
 HEATING
  YESTERDAY        0                         0      0        0
  MONTH TO DATE    0                         0      0        0
  SINCE JUN 1      0                         0      0        0
  SINCE JUL 1      0                         0      0        0

 COOLING
  YESTERDAY       22                        18      4       14
  MONTH TO DATE  503                       477     26      460
  SINCE JUN 1   1042                       929    113      983
  SINCE JAN 1   1538                      1398    140     1497
..................................................................


WIND (MPH)
  HIGHEST WIND SPEED    13   HIGHEST WIND DIRECTION     S (200)
  HIGHEST GUST SPEED    17   HIGHEST GUST DIRECTION    SW (240)
  AVERAGE WIND SPEED     4.9


SKY COVER
  POSSIBLE SUNSHINE  MM
  AVERAGE SKY COVER 0.1


WEATHER CONDITIONS
 THE FOLLOWING WEATHER WAS RECORDED YESTERDAY.
  FOG


RELATIVE HUMIDITY (PERCENT)
 HIGHEST    91           700 AM
 LOWEST     40           500 PM
 AVERAGE    66

..........................................................


THE LUFKIN CLIMATE NORMALS FOR TODAY
                         NORMAL    RECORD    YEAR
 MAXIMUM TEMPERATURE (F)   94       104      1931
 MINIMUM TEMPERATURE (F)   72        59      1994


SUNRISE AND SUNSET
JULY 28 2014..........SUNRISE   633 AM CDT   SUNSET   817 PM CDT
JULY 29 2014..........SUNRISE   634 AM CDT   SUNSET   817 PM CDT


-  INDICATES NEGATIVE NUMBERS.
R  INDICATES RECORD WAS SET OR TIED.
MM INDICATES DATA IS MISSING.
T  INDICATES TRACE AMOUNT.




$$
