000
CDUS44 KSHV 242142
CLILFK


CLIMATE REPORT
NATIONAL WEATHER SERVICE SHREVEPORT, LA
441 PM CDT FRI JUN 24 2016


...................................

...THE LUFKIN CLIMATE SUMMARY FOR JUNE 24 2016...
VALID TODAY AS OF 0400 PM LOCAL TIME.

CLIMATE NORMAL PERIOD 1981 TO 2010
CLIMATE RECORD PERIOD 1906 TO 2016


WEATHER ITEM   OBSERVED TIME   RECORD YEAR NORMAL DEPARTURE LAST
                VALUE   (LST)  VALUE       VALUE  FROM      YEAR
                                                  NORMAL
..................................................................
TEMPERATURE (F)
 TODAY
  MAXIMUM         92    259 PM 102    1933  91      1       96
  MINIMUM         73    548 AM  62    2001  71      2       76
  AVERAGE         83                        81      2       86

PRECIPITATION (IN)
  TODAY            0.00          2.15 1946   0.15  -0.15     0.00
  MONTH TO DATE    1.96                      3.81  -1.85     8.42
  SINCE DEC 1     35.08                     27.77   7.31    46.55
  SINCE JAN 1     31.03                     23.33   7.70    44.50

DEGREE DAYS
 HEATING
  TODAY            0                         0      0        0
  MONTH TO DATE    0                         0      0        0
  SINCE JUN 1      0                         0      0        0
  SINCE JUL 1   1472                      1917   -445     1691

 COOLING
  TODAY           18                        16      2       21
  MONTH TO DATE  365                       353     12      433
  SINCE JUN 1    365                       353     12      433
  SINCE JAN 1    811                       822    -11     1116
..................................................................


WIND (MPH)
  HIGHEST WIND SPEED    12   HIGHEST WIND DIRECTION    SE (150)
  HIGHEST GUST SPEED    15   HIGHEST GUST DIRECTION     S (180)
  AVERAGE WIND SPEED     4.3


SKY COVER
  POSSIBLE SUNSHINE  MM
  AVERAGE SKY COVER 0.3


WEATHER CONDITIONS
 THE FOLLOWING WEATHER WAS RECORDED TODAY.
  FOG


RELATIVE HUMIDITY (PERCENT)
 HIGHEST   100           600 AM
 LOWEST     49           100 PM
 AVERAGE    75

..........................................................


THE LUFKIN CLIMATE NORMALS FOR TOMORROW
                         NORMAL    RECORD    YEAR
 MAXIMUM TEMPERATURE (F)   92       104      2012
 MINIMUM TEMPERATURE (F)   71        54      1974


SUNRISE AND SUNSET
JUNE 24 2016..........SUNRISE   616 AM CDT   SUNSET   827 PM CDT
JUNE 25 2016..........SUNRISE   617 AM CDT   SUNSET   827 PM CDT


-  INDICATES NEGATIVE NUMBERS.
R  INDICATES RECORD WAS SET OR TIED.
MM INDICATES DATA IS MISSING.
T  INDICATES TRACE AMOUNT.




$$
