000
CDUS44 KSHV 182138
CLILFK


CLIMATE REPORT
NATIONAL WEATHER SERVICE SHREVEPORT, LA
438 PM CDT FRI AUG 18 2017


...................................

...THE LUFKIN CLIMATE SUMMARY FOR AUGUST 18 2017...
VALID TODAY AS OF 0400 PM LOCAL TIME.

CLIMATE NORMAL PERIOD 1981 TO 2010
CLIMATE RECORD PERIOD 1906 TO 2017


WEATHER ITEM   OBSERVED TIME   RECORD YEAR NORMAL DEPARTURE LAST
                VALUE   (LST)  VALUE       VALUE  FROM      YEAR
                                                  NORMAL
..................................................................
TEMPERATURE (F)
 TODAY
  MAXIMUM         95    251 PM 109    1909  94      1       86
  MINIMUM         73    556 AM  59    1962  72      1       72
  AVERAGE         84                        83      1       79

PRECIPITATION (IN)
  TODAY            0.00          3.92 1977   0.12  -0.12     0.44
  MONTH TO DATE    1.79                      1.86  -0.07     2.89
  SINCE DEC 1     37.70                     33.55   4.15    39.49
  SINCE JAN 1     32.79                     29.11   3.68    35.44

DEGREE DAYS
 HEATING
  TODAY            0                         0      0        0
  MONTH TO DATE    0                         0      0        0
  SINCE JUN 1      0                         0      0        0
  SINCE JUL 1      0                         0      0        0

 COOLING
  TODAY           19                        18      1       14
  MONTH TO DATE  316                       324     -8      346
  SINCE JUN 1   1320                      1326     -6     1432
  SINCE JAN 1   1845                      1795     50     1878
..................................................................


WIND (MPH)
  HIGHEST WIND SPEED    14   HIGHEST WIND DIRECTION    SW (240)
  HIGHEST GUST SPEED    20   HIGHEST GUST DIRECTION     W (250)
  AVERAGE WIND SPEED     5.4


SKY COVER
  POSSIBLE SUNSHINE  MM
  AVERAGE SKY COVER 0.1


WEATHER CONDITIONS
 THE FOLLOWING WEATHER WAS RECORDED TODAY.
  FOG


RELATIVE HUMIDITY (PERCENT)
 HIGHEST   100           600 AM
 LOWEST     49           200 PM
 AVERAGE    75

..........................................................


THE LUFKIN CLIMATE NORMALS FOR TOMORROW
                         NORMAL    RECORD    YEAR
 MAXIMUM TEMPERATURE (F)   94       110      1909
 MINIMUM TEMPERATURE (F)   72        63      1920


SUNRISE AND SUNSET
AUGUST 18 2017........SUNRISE   647 AM CDT   SUNSET   758 PM CDT
AUGUST 19 2017........SUNRISE   647 AM CDT   SUNSET   757 PM CDT


-  INDICATES NEGATIVE NUMBERS.
R  INDICATES RECORD WAS SET OR TIED.
MM INDICATES DATA IS MISSING.
T  INDICATES TRACE AMOUNT.




$$
