000
CDUS44 KSHV 230742
CLILFK


CLIMATE REPORT
NATIONAL WEATHER SERVICE SHREVEPORT, LA
241 AM CDT THU MAR 23 2017


...................................

...THE LUFKIN CLIMATE SUMMARY FOR MARCH 22 2017...

CLIMATE NORMAL PERIOD 1981 TO 2010
CLIMATE RECORD PERIOD 1906 TO 2017


WEATHER ITEM   OBSERVED TIME   RECORD YEAR NORMAL DEPARTURE LAST
                VALUE   (LST)  VALUE       VALUE  FROM      YEAR
                                                  NORMAL
..................................................................
TEMPERATURE (F)
 YESTERDAY
  MAXIMUM         82    424 PM  89    1910  73      9       73
  MINIMUM         59    338 AM  24    1915  49     10       40
  AVERAGE         71                        61     10       57

PRECIPITATION (IN)
  YESTERDAY        0.00          1.46 1912   0.12  -0.12     0.00
  MONTH TO DATE    1.60                      2.74  -1.14     5.17
  SINCE DEC 1     14.29                     15.23  -0.94    15.40
  SINCE JAN 1      9.38                     10.79  -1.41    11.35

SNOWFALL (IN)
  YESTERDAY        0.0
  MONTH TO DATE    0.0
  SINCE MAR 1      0.0
  SINCE JUL 1      T
  SNOW DEPTH       0

DEGREE DAYS
 HEATING
  YESTERDAY        0                         6     -6        8
  MONTH TO DATE  121                       168    -47       84
  SINCE MAR 1    121                       168    -47       84
  SINCE JUL 1   1097                      1802   -705     1406

 COOLING
  YESTERDAY        6                         2      4        0
  MONTH TO DATE   56                        23     33       36
  SINCE MAR 1     56                        23     33       36
  SINCE JAN 1    138                        42     96       50
..................................................................


WIND (MPH)
  HIGHEST WIND SPEED    13   HIGHEST WIND DIRECTION     S (200)
  HIGHEST GUST SPEED    19   HIGHEST GUST DIRECTION    SW (210)
  AVERAGE WIND SPEED     5.8


SKY COVER
  POSSIBLE SUNSHINE  MM
  AVERAGE SKY COVER 0.4


WEATHER CONDITIONS
 THE FOLLOWING WEATHER WAS RECORDED YESTERDAY.
  FOG
  FOG W/VISIBILITY <= 1/4 MILE


RELATIVE HUMIDITY (PERCENT)
 HIGHEST   100           300 AM
 LOWEST     45           300 PM
 AVERAGE    73

..........................................................


THE LUFKIN CLIMATE NORMALS FOR TODAY
                         NORMAL    RECORD    YEAR
 MAXIMUM TEMPERATURE (F)   73        92      1929
 MINIMUM TEMPERATURE (F)   49        29      1913


SUNRISE AND SUNSET
MARCH 23 2017.........SUNRISE   719 AM CDT   SUNSET   733 PM CDT
MARCH 24 2017.........SUNRISE   717 AM CDT   SUNSET   733 PM CDT


-  INDICATES NEGATIVE NUMBERS.
R  INDICATES RECORD WAS SET OR TIED.
MM INDICATES DATA IS MISSING.
T  INDICATES TRACE AMOUNT.




$$
