000
CDUS44 KSHV 072344
CLILFK


CLIMATE REPORT
NATIONAL WEATHER SERVICE SHREVEPORT, LA
543 PM CST SUN FEB 7 2016


...................................

...THE LUFKIN CLIMATE SUMMARY FOR FEBRUARY 7 2016...
VALID TODAY AS OF 0500 PM LOCAL TIME.

CLIMATE NORMAL PERIOD 1981 TO 2010
CLIMATE RECORD PERIOD 1906 TO 2016


WEATHER ITEM   OBSERVED TIME   RECORD YEAR NORMAL DEPARTURE LAST
                VALUE   (LST)  VALUE       VALUE  FROM      YEAR
                                                  NORMAL
..................................................................
TEMPERATURE (F)
 TODAY
  MAXIMUM         63    326 PM  82    1999  62      1       71
  MINIMUM         27    738 AM  19    1967  40    -13       37
  AVERAGE         45                        51     -6       54

PRECIPITATION (IN)
  TODAY            0.00          1.89 2005   0.14  -0.14     0.00
  MONTH TO DATE    0.16                      0.96  -0.80     0.11
  SINCE DEC 1      6.68                      9.58  -2.90     9.52
  SINCE JAN 1      2.63                      5.14  -2.51     7.47

SNOWFALL (IN)
  TODAY            0.0
  MONTH TO DATE    0.0
  SINCE DEC 1      0.0
  SINCE JUL 1      0.0
  SNOW DEPTH       0

DEGREE DAYS
 HEATING
  TODAY           20                        14      6       11
  MONTH TO DATE  111                       102      9      109
  SINCE DEC 1    944                      1075   -131      938
  SINCE JUL 1   1129                      1382   -253     1234

 COOLING
  TODAY            0                         0      0        0
  MONTH TO DATE    3                         0      3        0
  SINCE DEC 1     39                        21     18       13
  SINCE JAN 1      6                         8     -2        1
..................................................................


WIND (MPH)
  HIGHEST WIND SPEED    13   HIGHEST WIND DIRECTION    SW (220)
  HIGHEST GUST SPEED    17   HIGHEST GUST DIRECTION     S (190)
  AVERAGE WIND SPEED     3.6


SKY COVER
  POSSIBLE SUNSHINE  MM
  AVERAGE SKY COVER 0.1


WEATHER CONDITIONS
 THE FOLLOWING WEATHER WAS RECORDED TODAY.
  FOG
  FOG W/VISIBILITY <= 1/4 MILE


RELATIVE HUMIDITY (PERCENT)
 HIGHEST   100          1200 AM
 LOWEST     27           300 PM
 AVERAGE    64

..........................................................


THE LUFKIN CLIMATE NORMALS FOR TOMORROW
                         NORMAL    RECORD    YEAR
 MAXIMUM TEMPERATURE (F)   62        85      1946
 MINIMUM TEMPERATURE (F)   40        10      1933


SUNRISE AND SUNSET
FEBRUARY  7 2016......SUNRISE   707 AM CST   SUNSET   559 PM CST
FEBRUARY  8 2016......SUNRISE   707 AM CST   SUNSET   600 PM CST


-  INDICATES NEGATIVE NUMBERS.
R  INDICATES RECORD WAS SET OR TIED.
MM INDICATES DATA IS MISSING.
T  INDICATES TRACE AMOUNT.




$$
