000
CDUS44 KSHV 250757
CLILFK


CLIMATE REPORT
NATIONAL WEATHER SERVICE SHREVEPORT, LA
257 AM CDT FRI APR 25 2014


...................................

...THE LUFKIN CLIMATE SUMMARY FOR APRIL 24 2014...

CLIMATE NORMAL PERIOD 1981 TO 2010
CLIMATE RECORD PERIOD 1906 TO 2014


WEATHER ITEM   OBSERVED TIME   RECORD YEAR NORMAL DEPARTURE LAST
                VALUE   (LST)  VALUE       VALUE  FROM      YEAR
                                                  NORMAL
..................................................................
TEMPERATURE (F)
 YESTERDAY
  MAXIMUM         84    114 PM  90    2011  80      4       68
                                      1932
  MINIMUM         68   1159 PM  41    2005  57     11       46
  AVERAGE         76                        69      7       57

PRECIPITATION (IN)
  YESTERDAY        0.01          1.85 1966   0.11  -0.10      T
  MONTH TO DATE    2.77                      2.40   0.37     2.19
  SINCE DEC 1     10.35                     18.67  -8.32    15.85
  SINCE JAN 1      8.14                     14.23  -6.09    11.54

SNOWFALL (IN)
  YESTERDAY        0.0
  MONTH TO DATE    0.0
  SINCE MAR 1      0.0
  SINCE JUL 1      3.2
  SNOW DEPTH       0

DEGREE DAYS
 HEATING
  YESTERDAY        0                         1     -1        8
  MONTH TO DATE   56                        64     -8       92
  SINCE MAR 1    306                       274     32      323
  SINCE JUL 1   2109                      1908    201     1589

 COOLING
  YESTERDAY       11                         5      6        0
  MONTH TO DATE  107                        85     22       89
  SINCE MAR 1    124                       126     -2      134
  SINCE JAN 1    142                       145     -3      156
..................................................................


WIND (MPH)
  HIGHEST WIND SPEED    18   HIGHEST WIND DIRECTION     S (170)
  HIGHEST GUST SPEED    24   HIGHEST GUST DIRECTION     S (200)
  AVERAGE WIND SPEED     7.3


SKY COVER
  POSSIBLE SUNSHINE  MM
  AVERAGE SKY COVER 0.6


WEATHER CONDITIONS
 THE FOLLOWING WEATHER WAS RECORDED YESTERDAY.
  THUNDERSTORM
  LIGHT RAIN
  FOG
  FOG W/VISIBILITY <= 1/4 MILE


RELATIVE HUMIDITY (PERCENT)
 HIGHEST    90          1100 PM
 LOWEST     51           100 PM
 AVERAGE    71

..........................................................


THE LUFKIN CLIMATE NORMALS FOR TODAY
                         NORMAL    RECORD    YEAR
 MAXIMUM TEMPERATURE (F)   80        91      1975
 MINIMUM TEMPERATURE (F)   58        32      1910


SUNRISE AND SUNSET
APRIL 25 2014.........SUNRISE   640 AM CDT   SUNSET   754 PM CDT
APRIL 26 2014.........SUNRISE   639 AM CDT   SUNSET   755 PM CDT


-  INDICATES NEGATIVE NUMBERS.
R  INDICATES RECORD WAS SET OR TIED.
MM INDICATES DATA IS MISSING.
T  INDICATES TRACE AMOUNT.




$$
