000
CDUS44 KSHV 250742
CLILFK


CLIMATE REPORT
NATIONAL WEATHER SERVICE SHREVEPORT, LA
241 AM CDT FRI JUL 25 2014


...................................

...THE LUFKIN CLIMATE SUMMARY FOR JULY 24 2014...

CLIMATE NORMAL PERIOD 1981 TO 2010
CLIMATE RECORD PERIOD 1906 TO 2014


WEATHER ITEM   OBSERVED TIME   RECORD YEAR NORMAL DEPARTURE LAST
                VALUE   (LST)  VALUE       VALUE  FROM      YEAR
                                                  NORMAL
..................................................................
TEMPERATURE (F)
 YESTERDAY
  MAXIMUM         94    440 PM 105    1934  94      0       94
  MINIMUM         71    551 AM  60    1915  72     -1       74
  AVERAGE         83                        83      0       84

PRECIPITATION (IN)
  YESTERDAY        0.00          5.75 1933   0.08  -0.08     0.04
  MONTH TO DATE    7.18                      2.44   4.74     3.21
  SINCE DEC 1     29.57                     31.08  -1.51    28.52
  SINCE JAN 1     27.36                     26.64   0.72    24.21

SNOWFALL (IN)
  YESTERDAY        0.0
  MONTH TO DATE    0.0
  SINCE JUN 1      0.0
  SINCE JUL 1      0.0
  SNOW DEPTH       0

DEGREE DAYS
 HEATING
  YESTERDAY        0                         0      0        0
  MONTH TO DATE    0                         0      0        0
  SINCE JUN 1      0                         0      0        0
  SINCE JUL 1      0                         0      0        0

 COOLING
  YESTERDAY       18                        18      0       19
  MONTH TO DATE  438                       423     15      408
  SINCE JUN 1    977                       875    102      931
  SINCE JAN 1   1473                      1344    129     1445
..................................................................


WIND (MPH)
  HIGHEST WIND SPEED    12   HIGHEST WIND DIRECTION    NW (320)
  HIGHEST GUST SPEED    21   HIGHEST GUST DIRECTION    SW (220)
  AVERAGE WIND SPEED     4.1


SKY COVER
  POSSIBLE SUNSHINE  MM
  AVERAGE SKY COVER 0.0


WEATHER CONDITIONS
 THE FOLLOWING WEATHER WAS RECORDED YESTERDAY.
  NO SIGNIFICANT WEATHER WAS OBSERVED.


RELATIVE HUMIDITY (PERCENT)
 HIGHEST    84           200 AM
 LOWEST     44          1200 PM
 AVERAGE    64

..........................................................


THE LUFKIN CLIMATE NORMALS FOR TODAY
                         NORMAL    RECORD    YEAR
 MAXIMUM TEMPERATURE (F)   94       107      1954
 MINIMUM TEMPERATURE (F)   72        64      2000


SUNRISE AND SUNSET
JULY 25 2014..........SUNRISE   631 AM CDT   SUNSET   819 PM CDT
JULY 26 2014..........SUNRISE   632 AM CDT   SUNSET   819 PM CDT


-  INDICATES NEGATIVE NUMBERS.
R  INDICATES RECORD WAS SET OR TIED.
MM INDICATES DATA IS MISSING.
T  INDICATES TRACE AMOUNT.




$$
