000
CDUS44 KSHV 280736
CLILFK


CLIMATE REPORT
NATIONAL WEATHER SERVICE SHREVEPORT, LA
233 AM CDT FRI APR 28 2017


...................................

...THE LUFKIN CLIMATE SUMMARY FOR APRIL 27 2017...

CLIMATE NORMAL PERIOD 1981 TO 2010
CLIMATE RECORD PERIOD 1906 TO 2017


WEATHER ITEM   OBSERVED TIME   RECORD YEAR NORMAL DEPARTURE LAST
                VALUE   (LST)  VALUE       VALUE  FROM      YEAR
                                                  NORMAL
..................................................................
TEMPERATURE (F)
 YESTERDAY
  MAXIMUM         78    459 PM  91    2014  81     -3       84
                                      1987
  MINIMUM         45    553 AM  40    1920  58    -13       61
  AVERAGE         62                        70     -8       73

PRECIPITATION (IN)
  YESTERDAY        0.00          3.25 2015   0.10  -0.10     0.86
  MONTH TO DATE    5.62                      2.72   2.90     5.52
  SINCE DEC 1     20.50                     18.99   1.51    21.45
  SINCE JAN 1     15.59                     14.55   1.04    17.40

SNOWFALL (IN)
  YESTERDAY        0.0
  MONTH TO DATE    0.0
  SINCE MAR 1      0.0
  SINCE JUL 1      T
  SNOW DEPTH       0

DEGREE DAYS
 HEATING
  YESTERDAY        3                         1      2        0
  MONTH TO DATE   35                        67    -32       39
  SINCE MAR 1    158                       277   -119      148
  SINCE JUL 1   1134                      1911   -777     1470

 COOLING
  YESTERDAY        0                         5     -5        8
  MONTH TO DATE  107                       100      7       94
  SINCE MAR 1    201                       141     60      152
  SINCE JAN 1    283                       160    123      166
..................................................................


WIND (MPH)
  HIGHEST WIND SPEED    14   HIGHEST WIND DIRECTION    SE (150)
  HIGHEST GUST SPEED    19   HIGHEST GUST DIRECTION    SE (150)
  AVERAGE WIND SPEED     4.8


SKY COVER
  POSSIBLE SUNSHINE  MM
  AVERAGE SKY COVER 0.0


WEATHER CONDITIONS
 THE FOLLOWING WEATHER WAS RECORDED YESTERDAY.
  NO SIGNIFICANT WEATHER WAS OBSERVED.


RELATIVE HUMIDITY (PERCENT)
 HIGHEST   100           200 AM
 LOWEST     40           300 PM
 AVERAGE    70

..........................................................


THE LUFKIN CLIMATE NORMALS FOR TODAY
                         NORMAL    RECORD    YEAR
 MAXIMUM TEMPERATURE (F)   81        93      1987
 MINIMUM TEMPERATURE (F)   59        44      1928


SUNRISE AND SUNSET
APRIL 28 2017.........SUNRISE   637 AM CDT   SUNSET   756 PM CDT
APRIL 29 2017.........SUNRISE   636 AM CDT   SUNSET   757 PM CDT


-  INDICATES NEGATIVE NUMBERS.
R  INDICATES RECORD WAS SET OR TIED.
MM INDICATES DATA IS MISSING.
T  INDICATES TRACE AMOUNT.




$$
