000
CDUS44 KSHV 280731
CLILFK


CLIMATE REPORT
NATIONAL WEATHER SERVICE SHREVEPORT, LA
231 AM CDT SUN MAY 28 2017


...................................

...THE LUFKIN CLIMATE SUMMARY FOR MAY 27 2017...

CLIMATE NORMAL PERIOD 1981 TO 2010
CLIMATE RECORD PERIOD 1906 TO 2017


WEATHER ITEM   OBSERVED TIME   RECORD YEAR NORMAL DEPARTURE LAST
                VALUE   (LST)  VALUE       VALUE  FROM      YEAR
                                                  NORMAL
..................................................................
TEMPERATURE (F)
 YESTERDAY
  MAXIMUM         91    303 PM  98    1958  87      4       70
  MINIMUM         76    322 AM  48    1988  66     10       65
  AVERAGE         84                        77      7       68

PRECIPITATION (IN)
  YESTERDAY        0.00          3.82 2016   0.17  -0.17     3.82
  MONTH TO DATE    5.59                      3.98   1.61     9.23
  SINCE DEC 1     26.16                     23.30   2.86    33.12
  SINCE JAN 1     21.25                     18.86   2.39    29.07

SNOWFALL (IN)
  YESTERDAY        0.0
  MONTH TO DATE    0.0
  SINCE MAR 1      0.0
  SINCE JUL 1      T
  SNOW DEPTH       0

DEGREE DAYS
 HEATING
  YESTERDAY        0                         0      0        0
  MONTH TO DATE    6                         1      5        2
  SINCE MAR 1    169                       280   -111      150
  SINCE JUL 1   1145                      1914   -769     1472

 COOLING
  YESTERDAY       19                        12      7        3
  MONTH TO DATE  179                       242    -63      198
  SINCE MAR 1    397                       399     -2      386
  SINCE JAN 1    479                       418     61      400
..................................................................


WIND (MPH)
  HIGHEST WIND SPEED    20   HIGHEST WIND DIRECTION     S (190)
  HIGHEST GUST SPEED    30   HIGHEST GUST DIRECTION    SW (220)
  AVERAGE WIND SPEED    10.4


SKY COVER
  POSSIBLE SUNSHINE  MM
  AVERAGE SKY COVER 0.7


WEATHER CONDITIONS
 THE FOLLOWING WEATHER WAS RECORDED YESTERDAY.
  FOG
  HAZE


RELATIVE HUMIDITY (PERCENT)
 HIGHEST    94           300 AM
 LOWEST     59           100 PM
 AVERAGE    77

..........................................................


THE LUFKIN CLIMATE NORMALS FOR TODAY
                         NORMAL    RECORD    YEAR
 MAXIMUM TEMPERATURE (F)   88        99      1996
 MINIMUM TEMPERATURE (F)   67        48      1961


SUNRISE AND SUNSET
MAY 28 2017...........SUNRISE   617 AM CDT   SUNSET   816 PM CDT
MAY 29 2017...........SUNRISE   616 AM CDT   SUNSET   817 PM CDT


-  INDICATES NEGATIVE NUMBERS.
R  INDICATES RECORD WAS SET OR TIED.
MM INDICATES DATA IS MISSING.
T  INDICATES TRACE AMOUNT.




$$
