000
CDUS44 KSHV 240852 CCA
CLIMLU

CLIMATE REPORT
NATIONAL WEATHER SERVICE SHREVEPORT, LA
243 AM CST MON NOV 24 2014


...................................

...THE MONROE CLIMATE SUMMARY FOR NOVEMBER 23 2014...

CLIMATE NORMAL PERIOD 1981 TO 2010
CLIMATE RECORD PERIOD 1930 TO 2014


WEATHER ITEM   OBSERVED TIME   RECORD YEAR NORMAL DEPARTURE LAST
                VALUE   (LST)  VALUE       VALUE  FROM      YEAR
                                                  NORMAL
..................................................................
TEMPERATURE (F)
 YESTERDAY
  MAXIMUM         68    445 PM  84    2010  66      2       50
                                      1973
  MINIMUM         59   1140 PM  25    1964  42     17       38
  AVERAGE         64                        54     10       44

PRECIPITATION (IN)
  YESTERDAY        0.69          2.10 2004   0.17   0.52     0.42
  MONTH TO DATE    3.22                      3.61  -0.39     3.04
  SINCE DEC 1     50.87                     52.79  -1.92    49.92
  SINCE JAN 1     47.61                     47.50   0.11    45.19

SNOWFALL (IN)
  YESTERDAY        0.0
  MONTH TO DATE    0.0
  SINCE SEP 1      0.0
  SINCE JUL 1      0.0
  SNOW DEPTH       0

DEGREE DAYS
 HEATING
  YESTERDAY        1                        12    -11       21
  MONTH TO DATE  330                       193    137      228
  SINCE SEP 1    383                       283    100      294
  SINCE JUL 1    383                       283    100      294

 COOLING
  YESTERDAY        0                         0      0        0
  MONTH TO DATE    2                        22    -20       13
  SINCE SEP 1    529                       499     30      588
  SINCE JAN 1   2280                      2506   -226     2433
..................................................................


WIND (MPH)
  HIGHEST WIND SPEED    39   HIGHEST WIND DIRECTION     W (260)
  HIGHEST GUST SPEED    51   HIGHEST GUST DIRECTION     W (250)
  AVERAGE WIND SPEED    11.0


SKY COVER
  POSSIBLE SUNSHINE  MM
  AVERAGE SKY COVER 0.6


WEATHER CONDITIONS
 THE FOLLOWING WEATHER WAS RECORDED YESTERDAY.
  HEAVY RAIN
  RAIN
  LIGHT RAIN
  FOG


RELATIVE HUMIDITY (PERCENT)
 HIGHEST   100          1200 PM
 LOWEST     76           300 PM
 AVERAGE    88

..........................................................


THE MONROE CLIMATE NORMALS FOR TODAY
                         NORMAL    RECORD    YEAR
 MAXIMUM TEMPERATURE (F)   65        86      1973
 MINIMUM TEMPERATURE (F)   42        19      1970


SUNRISE AND SUNSET
NOVEMBER 24 2014......SUNRISE   646 AM CST   SUNSET   504 PM CST
NOVEMBER 25 2014......SUNRISE   647 AM CST   SUNSET   503 PM CST


-  INDICATES NEGATIVE NUMBERS.
R  INDICATES RECORD WAS SET OR TIED.
MM INDICATES DATA IS MISSING.
T  INDICATES TRACE AMOUNT.




$$
