000
CDUS44 KSHV 282240
CLIMLU


CLIMATE REPORT
NATIONAL WEATHER SERVICE SHREVEPORT, LA
432 PM CST FRI NOV 28 2014


...................................

...THE MONROE CLIMATE SUMMARY FOR NOVEMBER 28 2014...
VALID TODAY AS OF 0400 PM LOCAL TIME.

CLIMATE NORMAL PERIOD 1981 TO 2010
CLIMATE RECORD PERIOD 1930 TO 2014


WEATHER ITEM   OBSERVED TIME   RECORD YEAR NORMAL DEPARTURE LAST
                VALUE   (LST)  VALUE       VALUE  FROM      YEAR
                                                  NORMAL
..................................................................
TEMPERATURE (F)
 TODAY
  MAXIMUM         62    331 PM  84    1949  64     -2       50
  MINIMUM         28    619 AM  23    2013  41    -13       23
  AVERAGE         45                        52     -7       37

PRECIPITATION (IN)
  TODAY            0.00          2.88 2001   0.19  -0.19     0.00
  MONTH TO DATE    3.22                      4.47  -1.25     4.90
  SINCE DEC 1     50.87                     53.65  -2.78    51.78
  SINCE JAN 1     47.61                     48.36  -0.75    47.05

SNOWFALL (IN)
  TODAY            0.0
  MONTH TO DATE    0.0
  SINCE SEP 1      0.0
  SINCE JUL 1      0.0
  SNOW DEPTH       0

DEGREE DAYS
 HEATING
  TODAY           20                        13      7       28
  MONTH TO DATE  419                       255    164      370
  SINCE SEP 1    472                       345    127      436
  SINCE JUL 1    472                       345    127      436

 COOLING
  TODAY            0                         0      0        0
  MONTH TO DATE    2                        22    -20       13
  SINCE SEP 1    529                       499     30      588
  SINCE JAN 1   2280                      2506   -226     2433
..................................................................


WIND (MPH)
  HIGHEST WIND SPEED    14   HIGHEST WIND DIRECTION     S (180)
  HIGHEST GUST SPEED    17   HIGHEST GUST DIRECTION     S (190)
  AVERAGE WIND SPEED     3.9


SKY COVER
  POSSIBLE SUNSHINE  MM
  AVERAGE SKY COVER 0.0


WEATHER CONDITIONS
 THE FOLLOWING WEATHER WAS RECORDED TODAY.
  FOG


RELATIVE HUMIDITY (PERCENT)
 HIGHEST   100           300 AM
 LOWEST     34           300 PM
 AVERAGE    67

..........................................................


THE MONROE CLIMATE NORMALS FOR TOMORROW
                         NORMAL    RECORD    YEAR
 MAXIMUM TEMPERATURE (F)   63        82      1933
 MINIMUM TEMPERATURE (F)   41        19      1976


SUNRISE AND SUNSET
NOVEMBER 28 2014......SUNRISE   649 AM CST   SUNSET   503 PM CST
NOVEMBER 29 2014......SUNRISE   650 AM CST   SUNSET   503 PM CST


-  INDICATES NEGATIVE NUMBERS.
R  INDICATES RECORD WAS SET OR TIED.
MM INDICATES DATA IS MISSING.
T  INDICATES TRACE AMOUNT.




$$
