000
CDUS44 KSHV 172200
CLIMLU


CLIMATE REPORT
NATIONAL WEATHER SERVICE SHREVEPORT, LA
500 PM CDT THU AUG 17 2017


...................................

...THE MONROE CLIMATE SUMMARY FOR AUGUST 17 2017...
VALID TODAY AS OF 0500 PM LOCAL TIME.

CLIMATE NORMAL PERIOD 1981 TO 2010
CLIMATE RECORD PERIOD 1930 TO 2017


WEATHER ITEM   OBSERVED TIME   RECORD YEAR NORMAL DEPARTURE LAST
                VALUE   (LST)  VALUE       VALUE  FROM      YEAR
                                                  NORMAL
..................................................................
TEMPERATURE (F)
 TODAY
  MAXIMUM         91    249 PM 104    1951  94     -3       89
                                      1918
  MINIMUM         76   1245 AM  56    1992  71      5       73
  AVERAGE         84                        83      1       81

PRECIPITATION (IN)
  TODAY            T             1.45 1895   0.10  -0.10     0.21
  MONTH TO DATE    5.83                      1.65   4.18     4.16
  SINCE DEC 1     48.50                     39.24   9.26    65.45
  SINCE JAN 1     43.67                     33.95   9.72    59.06

DEGREE DAYS
 HEATING
  TODAY            0                         0      0        0
  MONTH TO DATE    0                         0      0        0
  SINCE JUN 1      0                         0      0        0
  SINCE JUL 1      0                         0      0        0

 COOLING
  TODAY           19                        18      1       16
  MONTH TO DATE  299                       306     -7      323
  SINCE JUN 1   1289                      1331    -42     1413
  SINCE JAN 1   1807                      1766     41     1794
..................................................................


WIND (MPH)
  HIGHEST WIND SPEED    28   HIGHEST WIND DIRECTION     W (270)
  HIGHEST GUST SPEED    33   HIGHEST GUST DIRECTION     W (280)
  AVERAGE WIND SPEED     9.5


SKY COVER
  POSSIBLE SUNSHINE  MM
  AVERAGE SKY COVER 0.8


WEATHER CONDITIONS
 THE FOLLOWING WEATHER WAS RECORDED TODAY.
  THUNDERSTORM
  LIGHT RAIN
  FOG
  HAZE


RELATIVE HUMIDITY (PERCENT)
 HIGHEST    94          1200 AM
 LOWEST     52           300 PM
 AVERAGE    73

..........................................................


THE MONROE CLIMATE NORMALS FOR TOMORROW
                         NORMAL    RECORD    YEAR
 MAXIMUM TEMPERATURE (F)   94       104      1936
 MINIMUM TEMPERATURE (F)   71        57      1992


SUNRISE AND SUNSET
AUGUST 17 2017........SUNRISE   633 AM CDT   SUNSET   750 PM CDT
AUGUST 18 2017........SUNRISE   634 AM CDT   SUNSET   749 PM CDT


-  INDICATES NEGATIVE NUMBERS.
R  INDICATES RECORD WAS SET OR TIED.
MM INDICATES DATA IS MISSING.
T  INDICATES TRACE AMOUNT.




$$
