000
CDUS44 KSHV 172234
CLIMLU


CLIMATE REPORT
NATIONAL WEATHER SERVICE SHREVEPORT, LA
433 PM CST FRI NOV 17 2017


...................................

...THE MONROE CLIMATE SUMMARY FOR NOVEMBER 17 2017...
VALID TODAY AS OF 0400 PM LOCAL TIME.

CLIMATE NORMAL PERIOD 1981 TO 2010
CLIMATE RECORD PERIOD 1930 TO 2017


WEATHER ITEM   OBSERVED TIME   RECORD YEAR NORMAL DEPARTURE LAST
                VALUE   (LST)  VALUE       VALUE  FROM      YEAR
                                                  NORMAL
..................................................................
TEMPERATURE (F)
 TODAY
  MAXIMUM         80    328 PM  85    1957  68     12       82
  MINIMUM         53    149 AM  23    1920  44      9       45
  AVERAGE         67                        56     11       64

PRECIPITATION (IN)
  TODAY            0.00          3.53 2015   0.16  -0.16     0.00
  MONTH TO DATE    1.49                      2.62  -1.13      T
  SINCE DEC 1     55.19                     51.80   3.39    67.36
  SINCE JAN 1     50.36                     46.51   3.85    60.97

SNOWFALL (IN)
  TODAY            0.0
  MONTH TO DATE    0.0
  SINCE SEP 1      0.0
  SINCE JUL 1      0.0
  SNOW DEPTH       0

DEGREE DAYS
 HEATING
  TODAY            0                        10    -10        1
  MONTH TO DATE   71                       128    -57       54
  SINCE SEP 1    151                       218    -67       70
  SINCE JUL 1    151                       218    -67       70

 COOLING
  TODAY            2                         1      1        0
  MONTH TO DATE   67                        19     48       25
  SINCE SEP 1    596                       496    100      677
  SINCE JAN 1   2623                      2503    120     2731
..................................................................


WIND (MPH)
  HIGHEST WIND SPEED    20   HIGHEST WIND DIRECTION    SW (210)
  HIGHEST GUST SPEED    24   HIGHEST GUST DIRECTION    SW (220)
  AVERAGE WIND SPEED     6.6


SKY COVER
  POSSIBLE SUNSHINE  MM
  AVERAGE SKY COVER 0.5


WEATHER CONDITIONS
 THE FOLLOWING WEATHER WAS RECORDED TODAY.
  FOG
  HAZE


RELATIVE HUMIDITY (PERCENT)
 HIGHEST   100           200 AM
 LOWEST     54           200 PM
 AVERAGE    77

..........................................................


THE MONROE CLIMATE NORMALS FOR TOMORROW
                         NORMAL    RECORD    YEAR
 MAXIMUM TEMPERATURE (F)   68        85      1930
 MINIMUM TEMPERATURE (F)   44        22      1959
                                             1951


SUNRISE AND SUNSET
NOVEMBER 17 2017......SUNRISE   640 AM CST   SUNSET   506 PM CST
NOVEMBER 18 2017......SUNRISE   641 AM CST   SUNSET   506 PM CST


-  INDICATES NEGATIVE NUMBERS.
R  INDICATES RECORD WAS SET OR TIED.
MM INDICATES DATA IS MISSING.
T  INDICATES TRACE AMOUNT.




$$
