000
CDUS44 KSHV 290747
CLIMLU


CLIMATE REPORT
NATIONAL WEATHER SERVICE SHREVEPORT, LA
246 AM CDT MON MAY 29 2017


...................................

...THE MONROE CLIMATE SUMMARY FOR MAY 28 2017...

CLIMATE NORMAL PERIOD 1981 TO 2010
CLIMATE RECORD PERIOD 1930 TO 2017


WEATHER ITEM   OBSERVED TIME   RECORD YEAR NORMAL DEPARTURE LAST
                VALUE   (LST)  VALUE       VALUE  FROM      YEAR
                                                  NORMAL
..................................................................
TEMPERATURE (F)
 YESTERDAY
  MAXIMUM         85    415 PM  98    1926  88     -3       85
  MINIMUM         68    811 AM  47    1961  66      2       65
  AVERAGE         77                        77      0       75

PRECIPITATION (IN)
  YESTERDAY        1.48          1.84 1950   0.17   1.31     0.00
  MONTH TO DATE    5.12                      4.71   0.41     2.41
  SINCE DEC 1     30.42                     28.86   1.56    50.11
  SINCE JAN 1     25.59                     23.57   2.02    43.72

SNOWFALL (IN)
  YESTERDAY        0.0
  MONTH TO DATE    0.0
  SINCE MAR 1      0.0
  SINCE JUL 1      0.2
  SNOW DEPTH       0

DEGREE DAYS
 HEATING
  YESTERDAY        0                         0      0        0
  MONTH TO DATE   12                         3      9        1
  SINCE MAR 1    204                       333   -129      167
  SINCE JUL 1   1400                      2227   -827     1595

 COOLING
  YESTERDAY       12                        12      0       10
  MONTH TO DATE  185                       251    -66      188
  SINCE MAR 1    423                       387     36      329
  SINCE JAN 1    482                       398     84      337
..................................................................


WIND (MPH)
  HIGHEST WIND SPEED    26   HIGHEST WIND DIRECTION     N (340)
  HIGHEST GUST SPEED    40   HIGHEST GUST DIRECTION    NW (330)
  AVERAGE WIND SPEED     8.3


SKY COVER
  POSSIBLE SUNSHINE  MM
  AVERAGE SKY COVER 0.7


WEATHER CONDITIONS
 THE FOLLOWING WEATHER WAS RECORDED YESTERDAY.
  THUNDERSTORM
  HEAVY RAIN
  RAIN
  LIGHT RAIN
  FOG


RELATIVE HUMIDITY (PERCENT)
 HIGHEST    94           400 AM
 LOWEST     58           500 PM
 AVERAGE    76

..........................................................


THE MONROE CLIMATE NORMALS FOR TODAY
                         NORMAL    RECORD    YEAR
 MAXIMUM TEMPERATURE (F)   88        97      1989
                                             1977
 MINIMUM TEMPERATURE (F)   66        55      1973
                                             1961
                                             1915


SUNRISE AND SUNSET
MAY 29 2017...........SUNRISE   602 AM CDT   SUNSET   809 PM CDT
MAY 30 2017...........SUNRISE   602 AM CDT   SUNSET   810 PM CDT


-  INDICATES NEGATIVE NUMBERS.
R  INDICATES RECORD WAS SET OR TIED.
MM INDICATES DATA IS MISSING.
T  INDICATES TRACE AMOUNT.




$$
