000
CDUS44 KSHV 232135
CLIMLU


CLIMATE REPORT
NATIONAL WEATHER SERVICE SHREVEPORT, LA
434 PM CDT SUN JUL 23 2017


...................................

...THE MONROE CLIMATE SUMMARY FOR JULY 23 2017...
VALID TODAY AS OF 0400 PM LOCAL TIME.

CLIMATE NORMAL PERIOD 1981 TO 2010
CLIMATE RECORD PERIOD 1930 TO 2017


WEATHER ITEM   OBSERVED TIME   RECORD YEAR NORMAL DEPARTURE LAST
                VALUE   (LST)  VALUE       VALUE  FROM      YEAR
                                                  NORMAL
..................................................................
TEMPERATURE (F)
 TODAY
  MAXIMUM         90    226 PM 106    1924  94     -4       97
  MINIMUM         73    602 AM  63    2007  72      1       73
                                      1988
  AVERAGE         82                        83     -1       85

PRECIPITATION (IN)
  TODAY           MM             1.96 1958   0.10  MM        0.01
  MONTH TO DATE    1.56                      2.80  -1.24     1.99
  SINCE DEC 1     41.36                     36.82   4.54    56.53
  SINCE JAN 1     36.53                     31.53   5.00    50.14

DEGREE DAYS
 HEATING
  TODAY            0                         0      0        0
  MONTH TO DATE    0                         0      0        0
  SINCE JUN 1      0                         0      0        0
  SINCE JUL 1      0                         0      0        0

 COOLING
  TODAY           17                        18     -1       20
  MONTH TO DATE  435                       414     21      458
  SINCE JUN 1    845                       880    -35      949
  SINCE JAN 1   1363                      1315     48     1330
..................................................................


WIND (MPH)
  HIGHEST WIND SPEED    15   HIGHEST WIND DIRECTION     W (280)
  HIGHEST GUST SPEED    20   HIGHEST GUST DIRECTION     W (270)
  AVERAGE WIND SPEED     4.3


SKY COVER
  POSSIBLE SUNSHINE  MM
  AVERAGE SKY COVER 0.4


WEATHER CONDITIONS
 THE FOLLOWING WEATHER WAS RECORDED TODAY.
  FOG
  HAZE


RELATIVE HUMIDITY (PERCENT)
 HIGHEST    94           700 AM
 LOWEST     64           200 PM
 AVERAGE    79

..........................................................


THE MONROE CLIMATE NORMALS FOR TOMORROW
                         NORMAL    RECORD    YEAR
 MAXIMUM TEMPERATURE (F)   94       104      1924
 MINIMUM TEMPERATURE (F)   72        62      1915


SUNRISE AND SUNSET
JULY 23 2017..........SUNRISE   617 AM CDT   SUNSET   812 PM CDT
JULY 24 2017..........SUNRISE   617 AM CDT   SUNSET   812 PM CDT


-  INDICATES NEGATIVE NUMBERS.
R  INDICATES RECORD WAS SET OR TIED.
MM INDICATES DATA IS MISSING.
T  INDICATES TRACE AMOUNT.




$$
