000
CDUS44 KSHV 242142
CLIMLU


CLIMATE REPORT
NATIONAL WEATHER SERVICE SHREVEPORT, LA
441 PM CDT FRI JUN 24 2016


...................................

...THE MONROE CLIMATE SUMMARY FOR JUNE 24 2016...
VALID TODAY AS OF 0400 PM LOCAL TIME.

CLIMATE NORMAL PERIOD 1981 TO 2010
CLIMATE RECORD PERIOD 1930 TO 2016


WEATHER ITEM   OBSERVED TIME   RECORD YEAR NORMAL DEPARTURE LAST
                VALUE   (LST)  VALUE       VALUE  FROM      YEAR
                                                  NORMAL
..................................................................
TEMPERATURE (F)
 TODAY
  MAXIMUM         92    203 PM 100    1954  93     -1       96
  MINIMUM         76    518 AM  62    1974  71      5       72
  AVERAGE         84                        82      2       84

PRECIPITATION (IN)
  TODAY            0.00          1.13 2014   0.16  -0.16     0.23
  MONTH TO DATE    4.09                      3.72   0.37     2.80
  SINCE DEC 1     54.21                     33.06  21.15    33.76
  SINCE JAN 1     47.82                     27.77  20.05    29.28

DEGREE DAYS
 HEATING
  TODAY            0                         0      0        0
  MONTH TO DATE    0                         0      0        0
  SINCE JUN 1      0                         0      0        0
  SINCE JUL 1   1595                      2230   -635     2515

 COOLING
  TODAY           19                        17      2       19
  MONTH TO DATE  381                       363     18      377
  SINCE JUN 1    381                       363     18      377
  SINCE JAN 1    762                       798    -36      799
..................................................................


WIND (MPH)
  HIGHEST WIND SPEED    12   HIGHEST WIND DIRECTION     W (270)
  HIGHEST GUST SPEED    14   HIGHEST GUST DIRECTION     W (280)
  AVERAGE WIND SPEED     6.1


SKY COVER
  POSSIBLE SUNSHINE  MM
  AVERAGE SKY COVER 0.4


WEATHER CONDITIONS
 THE FOLLOWING WEATHER WAS RECORDED TODAY.
  NO SIGNIFICANT WEATHER WAS OBSERVED.


RELATIVE HUMIDITY (PERCENT)
 HIGHEST    94           300 AM
 LOWEST     56          1200 PM
 AVERAGE    75

..........................................................


THE MONROE CLIMATE NORMALS FOR TOMORROW
                         NORMAL    RECORD    YEAR
 MAXIMUM TEMPERATURE (F)   93       102      1969
 MINIMUM TEMPERATURE (F)   71        56      1974


SUNRISE AND SUNSET
JUNE 24 2016..........SUNRISE   602 AM CDT   SUNSET   819 PM CDT
JUNE 25 2016..........SUNRISE   602 AM CDT   SUNSET   819 PM CDT


-  INDICATES NEGATIVE NUMBERS.
R  INDICATES RECORD WAS SET OR TIED.
MM INDICATES DATA IS MISSING.
T  INDICATES TRACE AMOUNT.




$$
