000
CDUS44 KSHV 260750
CLIMLU


CLIMATE REPORT
NATIONAL WEATHER SERVICE SHREVEPORT, LA
247 AM CDT SUN APR 26 2015


...................................

...THE MONROE CLIMATE SUMMARY FOR APRIL 25 2015...

CLIMATE NORMAL PERIOD 1981 TO 2010
CLIMATE RECORD PERIOD 1930 TO 2015


WEATHER ITEM   OBSERVED TIME   RECORD YEAR NORMAL DEPARTURE LAST
                VALUE   (LST)  VALUE       VALUE  FROM      YEAR
                                                  NORMAL
..................................................................
TEMPERATURE (F)
 YESTERDAY
  MAXIMUM         86    352 PM  90    1989  80      6       80
  MINIMUM         64    216 AM  43    1969  56      8       52
  AVERAGE         75                        68      7       66

PRECIPITATION (IN)
  YESTERDAY        0.30          1.47 1980   0.16   0.14     0.00
  MONTH TO DATE    4.54                      3.76   0.78     7.88
  SINCE DEC 1     22.76                     23.41  -0.65    19.91
  SINCE JAN 1     18.28                     18.12   0.16    16.65

SNOWFALL (IN)
  YESTERDAY        0.0
  MONTH TO DATE    0.0
  SINCE MAR 1      0.4
  SINCE JUL 1      3.9
  SNOW DEPTH       0

DEGREE DAYS
 HEATING
  YESTERDAY        0                         1     -1        0
  MONTH TO DATE   35                        76    -41      106
  SINCE MAR 1    299                       326    -27      480
  SINCE JUL 1   2503                      2220    283     2806

 COOLING
  YESTERDAY       10                         5      5        1
  MONTH TO DATE  115                        77     38       54
  SINCE MAR 1    131                       109     22       61
  SINCE JAN 1    131                       120     11       63
..................................................................


WIND (MPH)
  HIGHEST WIND SPEED    21   HIGHEST WIND DIRECTION    SW (220)
  HIGHEST GUST SPEED    25   HIGHEST GUST DIRECTION    SW (230)
  AVERAGE WIND SPEED     8.9


SKY COVER
  POSSIBLE SUNSHINE  MM
  AVERAGE SKY COVER 0.3


WEATHER CONDITIONS
 THE FOLLOWING WEATHER WAS RECORDED YESTERDAY.
  THUNDERSTORM
  HEAVY RAIN
  LIGHT RAIN
  FOG
  HAZE


RELATIVE HUMIDITY (PERCENT)
 HIGHEST   100           300 AM
 LOWEST     61           300 PM
 AVERAGE    81

..........................................................


THE MONROE CLIMATE NORMALS FOR TODAY
                         NORMAL    RECORD    YEAR
 MAXIMUM TEMPERATURE (F)   81        91      1989
 MINIMUM TEMPERATURE (F)   57        44      1976


SUNRISE AND SUNSET
APRIL 26 2015.........SUNRISE   627 AM CDT   SUNSET   746 PM CDT
APRIL 27 2015.........SUNRISE   626 AM CDT   SUNSET   746 PM CDT


-  INDICATES NEGATIVE NUMBERS.
R  INDICATES RECORD WAS SET OR TIED.
MM INDICATES DATA IS MISSING.
T  INDICATES TRACE AMOUNT.




$$
