000
CDUS44 KSHV 310744
CLIMLU


CLIMATE REPORT
NATIONAL WEATHER SERVICE SHREVEPORT, LA
244 AM CDT TUE MAR 31 2015


...................................

...THE MONROE CLIMATE SUMMARY FOR MARCH 30 2015...

CLIMATE NORMAL PERIOD 1981 TO 2010
CLIMATE RECORD PERIOD 1930 TO 2015


WEATHER ITEM   OBSERVED TIME   RECORD YEAR NORMAL DEPARTURE LAST
                VALUE   (LST)  VALUE       VALUE  FROM      YEAR
                                                  NORMAL
..................................................................
TEMPERATURE (F)
 YESTERDAY
  MAXIMUM         79    408 PM  90    1963  74      5       70
  MINIMUM         59   1159 PM  32    1964  49     10       41
  AVERAGE         69                        62      7       56

PRECIPITATION (IN)
  YESTERDAY        0.01          1.76 2002   0.15  -0.14     0.00
  MONTH TO DATE    3.98                      4.57  -0.59     4.34
  SINCE DEC 1     18.22                     19.50  -1.28    12.03
  SINCE JAN 1     13.74                     14.21  -0.47     8.77

SNOWFALL (IN)
  YESTERDAY        0.0
  MONTH TO DATE    0.4
  SINCE MAR 1      0.4
  SINCE JUL 1      3.9
  SNOW DEPTH       0

DEGREE DAYS
 HEATING
  YESTERDAY        0                         5     -5        9
  MONTH TO DATE  264                       246     18      370
  SINCE MAR 1    264                       246     18      370
  SINCE JUL 1   2468                      2140    328     2696

 COOLING
  YESTERDAY        4                         2      2        0
  MONTH TO DATE   10                        31    -21        7
  SINCE MAR 1     10                        31    -21        7
  SINCE JAN 1     10                        42    -32        9
..................................................................


WIND (MPH)
  HIGHEST WIND SPEED    20   HIGHEST WIND DIRECTION    SW (230)
  HIGHEST GUST SPEED    26   HIGHEST GUST DIRECTION    SW (230)
  AVERAGE WIND SPEED     4.7


SKY COVER
  POSSIBLE SUNSHINE  MM
  AVERAGE SKY COVER 0.7


WEATHER CONDITIONS
 THE FOLLOWING WEATHER WAS RECORDED YESTERDAY.
  LIGHT RAIN
  FOG


RELATIVE HUMIDITY (PERCENT)
 HIGHEST   100          1000 AM
 LOWEST     56           400 PM
 AVERAGE    78

..........................................................


THE MONROE CLIMATE NORMALS FOR TODAY
                         NORMAL    RECORD    YEAR
 MAXIMUM TEMPERATURE (F)   74        91      1974
 MINIMUM TEMPERATURE (F)   49        29      1987


SUNRISE AND SUNSET
MARCH 31 2015.........SUNRISE   658 AM CDT   SUNSET   727 PM CDT
APRIL  1 2015.........SUNRISE   657 AM CDT   SUNSET   728 PM CDT


-  INDICATES NEGATIVE NUMBERS.
R  INDICATES RECORD WAS SET OR TIED.
MM INDICATES DATA IS MISSING.
T  INDICATES TRACE AMOUNT.




$$
