000
CDUS44 KSHV 182258
CLIMLU


CLIMATE REPORT
NATIONAL WEATHER SERVICE SHREVEPORT, LA
458 PM CST THU JAN 18 2018


...................................

...THE MONROE CLIMATE SUMMARY FOR JANUARY 18 2018...
VALID TODAY AS OF 0400 PM LOCAL TIME.

CLIMATE NORMAL PERIOD 1981 TO 2010
CLIMATE RECORD PERIOD 1930 TO 2018


WEATHER ITEM   OBSERVED TIME   RECORD YEAR NORMAL DEPARTURE LAST
                VALUE   (LST)  VALUE       VALUE  FROM      YEAR
                                                  NORMAL
..................................................................
TEMPERATURE (F)
 TODAY
  MAXIMUM         40    347 PM  78    1950  57    -17       58
                                      1907
  MINIMUM         14    740 AM   9    1930  35    -21       54
  AVERAGE         27                        46    -19       56

PRECIPITATION (IN)
  TODAY            0.00          3.31 1995   0.16  -0.16     0.83
  MONTH TO DATE    1.95                      2.87  -0.92     4.41
  SINCE DEC 1      5.47                      8.16  -2.69     9.24
  SINCE JAN 1      1.95                      2.87  -0.92     4.41

SNOWFALL (IN)
  TODAY            0.0
  MONTH TO DATE    1.3
  SINCE DEC 1      1.3
  SINCE JUL 1      1.3
  SNOW DEPTH       0

DEGREE DAYS
 HEATING
  TODAY           38                        19     19        9
  MONTH TO DATE  496                       342    154      212
  SINCE DEC 1    977                       872    105      660
  SINCE JUL 1   1281                      1244     37      873

 COOLING
  TODAY            0                         0      0        0
  MONTH TO DATE    0                         0      0       16
  SINCE DEC 1     11                         7      4       36
  SINCE JAN 1      0                         0      0       16
..................................................................


WIND (MPH)
  HIGHEST WIND SPEED     6   HIGHEST WIND DIRECTION     S (190)
  HIGHEST GUST SPEED     9   HIGHEST GUST DIRECTION     S (180)
  AVERAGE WIND SPEED     1.4


SKY COVER
  POSSIBLE SUNSHINE  MM
  AVERAGE SKY COVER 0.0


WEATHER CONDITIONS
 THE FOLLOWING WEATHER WAS RECORDED TODAY.
  FOG


RELATIVE HUMIDITY (PERCENT)
 HIGHEST    88           500 AM
 LOWEST     37           400 PM
 AVERAGE    63

..........................................................


THE MONROE CLIMATE NORMALS FOR TOMORROW
                         NORMAL    RECORD    YEAR
 MAXIMUM TEMPERATURE (F)   57        82      1935
 MINIMUM TEMPERATURE (F)   36        13      1977


SUNRISE AND SUNSET
JANUARY 18 2018.......SUNRISE   709 AM CST   SUNSET   528 PM CST
JANUARY 19 2018.......SUNRISE   709 AM CST   SUNSET   529 PM CST


-  INDICATES NEGATIVE NUMBERS.
R  INDICATES RECORD WAS SET OR TIED.
MM INDICATES DATA IS MISSING.
T  INDICATES TRACE AMOUNT.




$$
