000
CDUS44 KSHV 200846
CLISHV


CLIMATE REPORT
NATIONAL WEATHER SERVICE SHREVEPORT, LA
246 AM CST MON NOV 20 2017


...................................

...THE SHREVEPORT CLIMATE SUMMARY FOR NOVEMBER 19 2017...

CLIMATE NORMAL PERIOD 1981 TO 2010
CLIMATE RECORD PERIOD 1874 TO 2017


WEATHER ITEM   OBSERVED TIME   RECORD YEAR NORMAL DEPARTURE LAST
                VALUE   (LST)  VALUE       VALUE  FROM      YEAR
                                                  NORMAL
..................................................................
TEMPERATURE (F)
 YESTERDAY
  MAXIMUM         63    224 PM  83    1985  66     -3       62
                                      1950
  MINIMUM         37    631 AM  20    1903  44     -7       37
  AVERAGE         50                        55     -5       50

PRECIPITATION (IN)
  YESTERDAY        0.00          2.70 1907   0.15  -0.15     0.00
  MONTH TO DATE    1.43                      2.91  -1.48     0.85
  SINCE DEC 1     35.80                     49.79 -13.99    55.25
  SINCE JAN 1     32.66                     45.02 -12.36    52.36

SNOWFALL (IN)
  YESTERDAY        0.0
  MONTH TO DATE    0.0
  SINCE SEP 1      0.0
  SINCE JUL 1      0.0
  SNOW DEPTH       0

DEGREE DAYS
 HEATING
  YESTERDAY       15                        10      5       15
  MONTH TO DATE   66                       149    -83       44
  SINCE SEP 1    145                       235    -90       55
  SINCE JUL 1    145                       235    -90       55

 COOLING
  YESTERDAY        0                         1     -1        0
  MONTH TO DATE   82                        23     59       48
  SINCE SEP 1    645                       510    135      768
  SINCE JAN 1   2752                      2472    280     3009
..................................................................


WIND (MPH)
  HIGHEST WIND SPEED    17   HIGHEST WIND DIRECTION     N (360)
  HIGHEST GUST SPEED    22   HIGHEST GUST DIRECTION     N (10)
  AVERAGE WIND SPEED     5.3


SKY COVER
  POSSIBLE SUNSHINE  MM
  AVERAGE SKY COVER 0.2


WEATHER CONDITIONS
 THE FOLLOWING WEATHER WAS RECORDED YESTERDAY.
  NO SIGNIFICANT WEATHER WAS OBSERVED.


RELATIVE HUMIDITY (PERCENT)
 HIGHEST    86           500 AM
 LOWEST     23           200 PM
 AVERAGE    55

..........................................................


THE SHREVEPORT CLIMATE NORMALS FOR TODAY
                         NORMAL    RECORD    YEAR
 MAXIMUM TEMPERATURE (F)   66        84      2011
                                             1875
 MINIMUM TEMPERATURE (F)   44        24      1937


SUNRISE AND SUNSET
NOVEMBER 20 2017......SUNRISE   650 AM CST   SUNSET   512 PM CST
NOVEMBER 21 2017......SUNRISE   650 AM CST   SUNSET   512 PM CST


-  INDICATES NEGATIVE NUMBERS.
R  INDICATES RECORD WAS SET OR TIED.
MM INDICATES DATA IS MISSING.
T  INDICATES TRACE AMOUNT.




$$
