000
CDUS44 KSHV 170846
CLISHV


CLIMATE REPORT
NATIONAL WEATHER SERVICE SHREVEPORT, LA
245 AM CST WED JAN 17 2018


...................................

...THE SHREVEPORT CLIMATE SUMMARY FOR JANUARY 16 2018...

CLIMATE NORMAL PERIOD 1981 TO 2010
CLIMATE RECORD PERIOD 1874 TO 2018


WEATHER ITEM   OBSERVED TIME   RECORD YEAR NORMAL DEPARTURE LAST
                VALUE   (LST)  VALUE       VALUE  FROM      YEAR
                                                  NORMAL
..................................................................
TEMPERATURE (F)
 YESTERDAY
  MAXIMUM         37   1215 AM  81    1943  57    -20       74
  MINIMUM         19   1159 PM  17    1992  36    -17       58
                                      1972
  AVERAGE         28                        47    -19       66

PRECIPITATION (IN)
  YESTERDAY        0.09          2.33 2011   0.13  -0.04     0.13
  MONTH TO DATE    1.34                      2.04  -0.70     0.61
  SINCE DEC 1      5.46                      6.81  -1.35     3.75
  SINCE JAN 1      1.34                      2.04  -0.70     0.61

SNOWFALL (IN)
  YESTERDAY        1.8
  MONTH TO DATE    1.8
  SINCE DEC 1      1.8
  SINCE JUL 1      1.8
  SNOW DEPTH       2

DEGREE DAYS
 HEATING
  YESTERDAY       37                        19     18        0
  MONTH TO DATE  411                       304    107      186
  SINCE DEC 1    919                       835     84      586
  SINCE JUL 1   1192                      1206    -14      740

 COOLING
  YESTERDAY        0                         0      0        1
  MONTH TO DATE    0                         0      0       19
  SINCE DEC 1      3                         7     -4       44
  SINCE JAN 1      0                         0      0       19
..................................................................


WIND (MPH)
  HIGHEST WIND SPEED    23   HIGHEST WIND DIRECTION     N (360)
  HIGHEST GUST SPEED    32   HIGHEST GUST DIRECTION     N (350)
  AVERAGE WIND SPEED    11.8


SKY COVER
  POSSIBLE SUNSHINE  MM
  AVERAGE SKY COVER 0.8


WEATHER CONDITIONS
 THE FOLLOWING WEATHER WAS RECORDED YESTERDAY.
  RAIN
  LIGHT RAIN
  LIGHT SNOW
  FOG


RELATIVE HUMIDITY (PERCENT)
 HIGHEST   100           200 AM
 LOWEST     60          1200 PM
 AVERAGE    80

..........................................................


THE SHREVEPORT CLIMATE NORMALS FOR TODAY
                         NORMAL    RECORD    YEAR
 MAXIMUM TEMPERATURE (F)   57        79      1999
                                             1907
 MINIMUM TEMPERATURE (F)   36        11      1930


SUNRISE AND SUNSET
JANUARY 17 2018.......SUNRISE   717 AM CST   SUNSET   535 PM CST
JANUARY 18 2018.......SUNRISE   716 AM CST   SUNSET   535 PM CST


-  INDICATES NEGATIVE NUMBERS.
R  INDICATES RECORD WAS SET OR TIED.
MM INDICATES DATA IS MISSING.
T  INDICATES TRACE AMOUNT.




$$
