000
CDUS44 KSHV 252134
CLISHV


CLIMATE REPORT
NATIONAL WEATHER SERVICE SHREVEPORT, LA
431 PM CDT SAT OCT 25 2014


...................................

...THE SHREVEPORT CLIMATE SUMMARY FOR OCTOBER 25 2014...
VALID TODAY AS OF 0400 PM LOCAL TIME.

CLIMATE NORMAL PERIOD 1981 TO 2010
CLIMATE RECORD PERIOD 1874 TO 2014


WEATHER ITEM   OBSERVED TIME   RECORD YEAR NORMAL DEPARTURE LAST
                VALUE   (LST)  VALUE       VALUE  FROM      YEAR
                                                  NORMAL
..................................................................
TEMPERATURE (F)
 TODAY
  MAXIMUM         85    237 PM  90    1931  75     10       66
  MINIMUM         52    532 AM  33    1980  52      0       47
  AVERAGE         69                        64      5       57

PRECIPITATION (IN)
  TODAY            0.00          2.73 1885   0.16  -0.16     0.00
  MONTH TO DATE    5.71                      3.95   1.76     3.90
  SINCE DEC 1     37.89                     45.87  -7.98    45.83
  SINCE JAN 1     32.91                     41.10  -8.19    40.17

SNOWFALL (IN)
  TODAY            0.0
  MONTH TO DATE    T
  SINCE SEP 1      T
  SINCE JUL 1      T
  SNOW DEPTH       0

DEGREE DAYS
 HEATING
  TODAY            0                         4     -4        8
  MONTH TO DATE   10                        53    -43       35
  SINCE SEP 1     10                        59    -49       35
  SINCE JUL 1     10                        59    -49       35

 COOLING
  TODAY            4                         3      1        0
  MONTH TO DATE  134                       113     21      118
  SINCE SEP 1    574                       476     98      634
  SINCE JAN 1   2466                      2438     28     2679
..................................................................


WIND (MPH)
  HIGHEST WIND SPEED    10   HIGHEST WIND DIRECTION     W (260)
  HIGHEST GUST SPEED    14   HIGHEST GUST DIRECTION     W (260)
  AVERAGE WIND SPEED     2.9


SKY COVER
  POSSIBLE SUNSHINE  MM
  AVERAGE SKY COVER 0.0


WEATHER CONDITIONS
 THE FOLLOWING WEATHER WAS RECORDED TODAY.
  NO SIGNIFICANT WEATHER WAS OBSERVED.


RELATIVE HUMIDITY (PERCENT)
 HIGHEST    93           100 AM
 LOWEST     47           100 PM
 AVERAGE    70

..........................................................


THE SHREVEPORT CLIMATE NORMALS FOR TOMORROW
                         NORMAL    RECORD    YEAR
 MAXIMUM TEMPERATURE (F)   75        89      1934
 MINIMUM TEMPERATURE (F)   51        35      1898


SUNRISE AND SUNSET
OCTOBER 25 2014.......SUNRISE   727 AM CDT   SUNSET   631 PM CDT
OCTOBER 26 2014.......SUNRISE   728 AM CDT   SUNSET   630 PM CDT


-  INDICATES NEGATIVE NUMBERS.
R  INDICATES RECORD WAS SET OR TIED.
MM INDICATES DATA IS MISSING.
T  INDICATES TRACE AMOUNT.




$$
