000
CDUS44 KSHV 170731
CLISHV


CLIMATE REPORT
NATIONAL WEATHER SERVICE SHREVEPORT, LA
231 AM CDT THU APR 17 2014


...................................

...THE SHREVEPORT CLIMATE SUMMARY FOR APRIL 16 2014...

CLIMATE NORMAL PERIOD 1981 TO 2010
CLIMATE RECORD PERIOD 1874 TO 2014


WEATHER ITEM   OBSERVED TIME   RECORD YEAR NORMAL DEPARTURE LAST
                VALUE   (LST)  VALUE       VALUE  FROM      YEAR
                                                  NORMAL
..................................................................
TEMPERATURE (F)
 YESTERDAY
  MAXIMUM         66    351 PM  92    1920  77    -11       88
  MINIMUM         37    554 AM  34    1961  54    -17       72
  AVERAGE         52                        65    -13       80

PRECIPITATION (IN)
  YESTERDAY        0.00          1.48 1969   0.14  -0.14      T
  MONTH TO DATE    3.82                      2.21   1.61     2.61
  SINCE DEC 1     16.26                     20.07  -3.81    19.29
  SINCE JAN 1     11.28                     15.30  -4.02    13.63

SNOWFALL (IN)
  YESTERDAY        0.0
  MONTH TO DATE    0.0
  SINCE MAR 1      T
  SINCE JUL 1      1.0
  SNOW DEPTH       0

DEGREE DAYS
 HEATING
  YESTERDAY       13                         3     10        0
  MONTH TO DATE   92                        63     29       74
  SINCE MAR 1    414                       314    100      380
  SINCE JUL 1   2525                      2196    329     1994

 COOLING
  YESTERDAY        0                         3     -3       15
  MONTH TO DATE   43                        39      4       49
  SINCE MAR 1     56                        70    -14       66
  SINCE JAN 1     62                        80    -18       74
..................................................................


WIND (MPH)
  HIGHEST WIND SPEED    16   HIGHEST WIND DIRECTION    SE (140)
  HIGHEST GUST SPEED    22   HIGHEST GUST DIRECTION    SE (140)
  AVERAGE WIND SPEED     7.0


SKY COVER
  POSSIBLE SUNSHINE  MM
  AVERAGE SKY COVER 0.4


WEATHER CONDITIONS
 THE FOLLOWING WEATHER WAS RECORDED YESTERDAY.
  NO SIGNIFICANT WEATHER WAS OBSERVED.


RELATIVE HUMIDITY (PERCENT)
 HIGHEST    85           600 AM
 LOWEST     30           100 PM
 AVERAGE    58

..........................................................


THE SHREVEPORT CLIMATE NORMALS FOR TODAY
                         NORMAL    RECORD    YEAR
 MAXIMUM TEMPERATURE (F)   77        91      2006
                                             1987
 MINIMUM TEMPERATURE (F)   54        35      1921


SUNRISE AND SUNSET
APRIL 17 2014.........SUNRISE   644 AM CDT   SUNSET   746 PM CDT
APRIL 18 2014.........SUNRISE   642 AM CDT   SUNSET   747 PM CDT


-  INDICATES NEGATIVE NUMBERS.
R  INDICATES RECORD WAS SET OR TIED.
MM INDICATES DATA IS MISSING.
T  INDICATES TRACE AMOUNT.




$$
