000
CDUS44 KSHV 022136
CLISHV


CLIMATE REPORT
NATIONAL WEATHER SERVICE SHREVEPORT, LA
433 PM CDT THU JUL 2 2015


...................................

...THE SHREVEPORT CLIMATE SUMMARY FOR JULY 2 2015...
VALID TODAY AS OF 0400 PM LOCAL TIME.

CLIMATE NORMAL PERIOD 1981 TO 2010
CLIMATE RECORD PERIOD 1874 TO 2015


WEATHER ITEM   OBSERVED TIME   RECORD YEAR NORMAL DEPARTURE LAST
                VALUE   (LST)  VALUE       VALUE  FROM      YEAR
                                                  NORMAL
..................................................................
TEMPERATURE (F)
 TODAY
  MAXIMUM         91    259 PM 103    2011  92     -1       94
  MINIMUM         74    631 AM  61    1924  72      2       74
  AVERAGE         83                        82      1       84

PRECIPITATION (IN)
  TODAY            0.00          2.31 1922   0.15  -0.15     0.00
  MONTH TO DATE    0.00                      0.29  -0.29     0.00
  SINCE DEC 1     45.90                     32.67  13.23    26.15
  SINCE JAN 1     42.15                     27.90  14.25    21.17

DEGREE DAYS
 HEATING
  TODAY            0                         0      0        0
  MONTH TO DATE    0                         0      0        0
  SINCE JUN 1      0                         0      0        0
  SINCE JUL 1      0                         0      0        0

 COOLING
  TODAY           18                        17      1       19
  MONTH TO DATE   35                        34      1       38
  SINCE JUN 1    552                       478     74      507
  SINCE JAN 1   1024                       876    148      877
..................................................................


WIND (MPH)
  HIGHEST WIND SPEED    21   HIGHEST WIND DIRECTION    SW (240)
  HIGHEST GUST SPEED    26   HIGHEST GUST DIRECTION    SW (220)
  AVERAGE WIND SPEED    10.2


SKY COVER
  POSSIBLE SUNSHINE  MM
  AVERAGE SKY COVER 0.8


WEATHER CONDITIONS
 THE FOLLOWING WEATHER WAS RECORDED TODAY.
  HAZE


RELATIVE HUMIDITY (PERCENT)
 HIGHEST    87           400 AM
 LOWEST     49           300 PM
 AVERAGE    68

..........................................................


THE SHREVEPORT CLIMATE NORMALS FOR TOMORROW
                         NORMAL    RECORD    YEAR
 MAXIMUM TEMPERATURE (F)   93       103      1969
                                             1933
 MINIMUM TEMPERATURE (F)   72        61      1924


SUNRISE AND SUNSET
JULY  2 2015..........SUNRISE   612 AM CDT   SUNSET   826 PM CDT
JULY  3 2015..........SUNRISE   612 AM CDT   SUNSET   826 PM CDT


-  INDICATES NEGATIVE NUMBERS.
R  INDICATES RECORD WAS SET OR TIED.
MM INDICATES DATA IS MISSING.
T  INDICATES TRACE AMOUNT.




$$
