000
CDUS44 KSHV 270731
CLISHV


CLIMATE REPORT
NATIONAL WEATHER SERVICE SHREVEPORT, LA
231 AM CDT MON JUN 27 2016


...................................

...THE SHREVEPORT CLIMATE SUMMARY FOR JUNE 26 2016...

CLIMATE NORMAL PERIOD 1981 TO 2010
CLIMATE RECORD PERIOD 1874 TO 2016


WEATHER ITEM   OBSERVED TIME   RECORD YEAR NORMAL DEPARTURE LAST
                VALUE   (LST)  VALUE       VALUE  FROM      YEAR
                                                  NORMAL
..................................................................
TEMPERATURE (F)
 YESTERDAY
  MAXIMUM         94   1250 PM 101    2012  92      2       94
                                      1875
  MINIMUM         78    206 PM  60    1974  71      7       73
  AVERAGE         86                        82      4       84

PRECIPITATION (IN)
  YESTERDAY        0.42          4.04 1958   0.17   0.25     0.00
  MONTH TO DATE    4.37                      4.74  -0.37     5.03
  SINCE DEC 1     41.49                     31.72   9.77    44.95
  SINCE JAN 1     38.60                     26.95  11.65    41.20

SNOWFALL (IN)
  YESTERDAY        0.0
  MONTH TO DATE    0.0
  SINCE JUN 1      0.0
  SINCE JUL 1      T
  SNOW DEPTH       0

DEGREE DAYS
 HEATING
  YESTERDAY        0                         0      0        0
  MONTH TO DATE    0                         0      0        0
  SINCE JUN 1      0                         0      0        0
  SINCE JUL 1   1451                      2226   -775     2291

 COOLING
  YESTERDAY       21                        17      4       19
  MONTH TO DATE  446                       377     69      446
  SINCE JUN 1    446                       377     69      446
  SINCE JAN 1    906                       775    131      918
..................................................................


WIND (MPH)
  HIGHEST WIND SPEED    26   HIGHEST WIND DIRECTION    NW (320)
  HIGHEST GUST SPEED    32   HIGHEST GUST DIRECTION    NW (320)
  AVERAGE WIND SPEED     4.3


SKY COVER
  POSSIBLE SUNSHINE  MM
  AVERAGE SKY COVER 0.4


WEATHER CONDITIONS
 THE FOLLOWING WEATHER WAS RECORDED YESTERDAY.
  THUNDERSTORM
  HEAVY RAIN
  RAIN
  LIGHT RAIN
  FOG


RELATIVE HUMIDITY (PERCENT)
 HIGHEST    94          1000 PM
 LOWEST     60          1100 AM
 AVERAGE    77

..........................................................


THE SHREVEPORT CLIMATE NORMALS FOR TODAY
                         NORMAL    RECORD    YEAR
 MAXIMUM TEMPERATURE (F)   92       102      2009
                                             1875
 MINIMUM TEMPERATURE (F)   72        57      1974


SUNRISE AND SUNSET
JUNE 27 2016..........SUNRISE   610 AM CDT   SUNSET   826 PM CDT
JUNE 28 2016..........SUNRISE   611 AM CDT   SUNSET   827 PM CDT


-  INDICATES NEGATIVE NUMBERS.
R  INDICATES RECORD WAS SET OR TIED.
MM INDICATES DATA IS MISSING.
T  INDICATES TRACE AMOUNT.




$$
