000
CDUS44 KSHV 180739
CLISHV


CLIMATE REPORT
NATIONAL WEATHER SERVICE SHREVEPORT, LA
238 AM CDT THU SEP 18 2014


...................................

...THE SHREVEPORT CLIMATE SUMMARY FOR SEPTEMBER 17 2014...

CLIMATE NORMAL PERIOD 1981 TO 2010
CLIMATE RECORD PERIOD 1874 TO 2014


WEATHER ITEM   OBSERVED TIME   RECORD YEAR NORMAL DEPARTURE LAST
                VALUE   (LST)  VALUE       VALUE  FROM      YEAR
                                                  NORMAL
..................................................................
TEMPERATURE (F)
 YESTERDAY
  MAXIMUM         91    252 PM  99    2010  88      3       96
  MINIMUM         72    646 AM  49    1903  65      7       75
  AVERAGE         82                        77      5       86

PRECIPITATION (IN)
  YESTERDAY        0.00          6.16 1875   0.09  -0.09     0.00
  MONTH TO DATE    1.21                      1.73  -0.52     0.06
  SINCE DEC 1     32.18                     40.49  -8.31    32.68
  SINCE JAN 1     27.20                     35.72  -8.52    27.02

SNOWFALL (IN)
  YESTERDAY        0.0
  MONTH TO DATE    0.0
  SINCE SEP 1      0.0
  SINCE JUL 1      0.0
  SNOW DEPTH       0

DEGREE DAYS
 HEATING
  YESTERDAY        0                         0      0        0
  MONTH TO DATE    0                         0      0        0
  SINCE SEP 1      0                         0      0        0
  SINCE JUL 1      0                         0      0        0

 COOLING
  YESTERDAY       17                        12      5       21
  MONTH TO DATE  277                       241     36      347
  SINCE SEP 1    277                       241     36      347
  SINCE JAN 1   2169                      2203    -34     2392
..................................................................


WIND (MPH)
  HIGHEST WIND SPEED    12   HIGHEST WIND DIRECTION    SE (130)
  HIGHEST GUST SPEED    14   HIGHEST GUST DIRECTION    SE (130)
  AVERAGE WIND SPEED     3.1


SKY COVER
  POSSIBLE SUNSHINE  MM
  AVERAGE SKY COVER 0.7


WEATHER CONDITIONS
 THE FOLLOWING WEATHER WAS RECORDED YESTERDAY.
  NO SIGNIFICANT WEATHER WAS OBSERVED.


RELATIVE HUMIDITY (PERCENT)
 HIGHEST    93           200 AM
 LOWEST     50           300 PM
 AVERAGE    72

..........................................................


THE SHREVEPORT CLIMATE NORMALS FOR TODAY
                         NORMAL    RECORD    YEAR
 MAXIMUM TEMPERATURE (F)   88       101      2005
 MINIMUM TEMPERATURE (F)   65        50      1981
                                             1903


SUNRISE AND SUNSET
SEPTEMBER 18 2014.....SUNRISE   701 AM CDT   SUNSET   717 PM CDT
SEPTEMBER 19 2014.....SUNRISE   702 AM CDT   SUNSET   716 PM CDT


-  INDICATES NEGATIVE NUMBERS.
R  INDICATES RECORD WAS SET OR TIED.
MM INDICATES DATA IS MISSING.
T  INDICATES TRACE AMOUNT.




$$
