000
CDUS44 KSHV 172251
CLITXK


CLIMATE REPORT
NATIONAL WEATHER SERVICE SHREVEPORT, LA
450 PM CST SAT FEB 17 2018


...................................

...THE TEXARKANA CLIMATE SUMMARY FOR FEBRUARY 17 2018...
VALID TODAY AS OF 0400 PM LOCAL TIME.

CLIMATE NORMAL PERIOD 1981 TO 2010
CLIMATE RECORD PERIOD 1896 TO 2018


WEATHER ITEM   OBSERVED TIME   RECORD YEAR NORMAL DEPARTURE LAST
                VALUE   (LST)  VALUE       VALUE  FROM      YEAR
                                                  NORMAL
..................................................................
TEMPERATURE (F)
 TODAY
  MAXIMUM         53    338 PM  82    1897  59     -6       66
  MINIMUM         45   1028 AM  20    1903  38      7       44
  AVERAGE         49                        49      0       55

PRECIPITATION (IN)
  TODAY            0.38          1.10 1932   0.15   0.23      T
  MONTH TO DATE    3.39                      2.32   1.07     1.57
  SINCE DEC 1     12.37                     10.77   1.60    12.26
  SINCE JAN 1      5.78                      5.72   0.06     5.84

SNOWFALL (IN)
  TODAY           MM
  MONTH TO DATE    T
  SINCE DEC 1      2.0
  SINCE JUL 1      2.0
  SNOW DEPTH       0

DEGREE DAYS
 HEATING
  TODAY           16                        16      0       10
  MONTH TO DATE  331                       309     22      199
  SINCE DEC 1   1672                      1573     99     1144
  SINCE JUL 1   2028                      2031     -3     1378

 COOLING
  TODAY            0                         0      0        0
  MONTH TO DATE    4                         0      4       11
  SINCE DEC 1      6                         4      2       32
  SINCE JAN 1      4                         1      3       25
..................................................................


WIND (MPH)
  HIGHEST WIND SPEED    10   HIGHEST WIND DIRECTION     W (290)
  HIGHEST GUST SPEED    15   HIGHEST GUST DIRECTION     E (100)
  AVERAGE WIND SPEED     5.8


SKY COVER
  POSSIBLE SUNSHINE  MM
  AVERAGE SKY COVER 1.0


WEATHER CONDITIONS
 THE FOLLOWING WEATHER WAS RECORDED TODAY.
  HEAVY RAIN
  RAIN
  LIGHT RAIN
  FOG


RELATIVE HUMIDITY (PERCENT)
 HIGHEST   100           600 AM
 LOWEST     80          1200 AM
 AVERAGE    90

..........................................................


THE TEXARKANA CLIMATE NORMALS FOR TOMORROW
                         NORMAL    RECORD    YEAR
 MAXIMUM TEMPERATURE (F)   60        84      1986
 MINIMUM TEMPERATURE (F)   38         7      1936


SUNRISE AND SUNSET
FEBRUARY 17 2018......SUNRISE   658 AM CST   SUNSET   603 PM CST
FEBRUARY 18 2018......SUNRISE   657 AM CST   SUNSET   603 PM CST


-  INDICATES NEGATIVE NUMBERS.
R  INDICATES RECORD WAS SET OR TIED.
MM INDICATES DATA IS MISSING.
T  INDICATES TRACE AMOUNT.




$$
