000
CDUS44 KSHV 220838
CLITXK


CLIMATE REPORT
NATIONAL WEATHER SERVICE SHREVEPORT, LA
238 AM CST MON DEC 22 2014


...................................

...THE TEXARKANA CLIMATE SUMMARY FOR DECEMBER 21 2014...

CLIMATE NORMAL PERIOD 1981 TO 2010
CLIMATE RECORD PERIOD 1896 TO 2014


WEATHER ITEM   OBSERVED TIME   RECORD YEAR NORMAL DEPARTURE LAST
                VALUE   (LST)  VALUE       VALUE  FROM      YEAR
                                                  NORMAL
..................................................................
TEMPERATURE (F)
 YESTERDAY
  MAXIMUM         56    335 PM  78    2010  54      2       70
  MINIMUM         35    506 AM  16    1951  35      0       46
  AVERAGE         46                        44      2       58

PRECIPITATION (IN)
  YESTERDAY        0.00          2.42 2013   0.16  -0.16     2.42
  MONTH TO DATE    1.61                      3.65  -2.04     5.83
  SINCE DEC 1      1.61                      3.65  -2.04     5.83
  SINCE JAN 1     34.17                     48.25 -14.08    45.34

SNOWFALL (IN)
  YESTERDAY        0.0
  MONTH TO DATE    0.0
  SINCE DEC 1      0.0
  SINCE JUL 1      T
  SNOW DEPTH       0

DEGREE DAYS
 HEATING
  YESTERDAY       19                        21     -2        7
  MONTH TO DATE  337                       396    -59      395
  SINCE DEC 1    337                       396    -59      395
  SINCE JUL 1    847                       854     -7      920

 COOLING
  YESTERDAY        0                         0      0        0
  MONTH TO DATE    1                         0      1        2
  SINCE DEC 1      1                         0      1        2
  SINCE JAN 1   2134                      2204    -70     2354
..................................................................


WIND (MPH)
  HIGHEST WIND SPEED    13   HIGHEST WIND DIRECTION     S (180)
  HIGHEST GUST SPEED    18   HIGHEST GUST DIRECTION     S (170)
  AVERAGE WIND SPEED     5.0


SKY COVER
  POSSIBLE SUNSHINE  MM
  AVERAGE SKY COVER 0.7


WEATHER CONDITIONS
 THE FOLLOWING WEATHER WAS RECORDED YESTERDAY.
  FOG


RELATIVE HUMIDITY (PERCENT)
 HIGHEST   100           200 AM
 LOWEST     61           200 PM
 AVERAGE    81

..........................................................


THE TEXARKANA CLIMATE NORMALS FOR TODAY
                         NORMAL    RECORD    YEAR
 MAXIMUM TEMPERATURE (F)   54        76      1982
 MINIMUM TEMPERATURE (F)   35         8      1989


SUNRISE AND SUNSET
DECEMBER 22 2014......SUNRISE   717 AM CST   SUNSET   513 PM CST
DECEMBER 23 2014......SUNRISE   717 AM CST   SUNSET   513 PM CST


-  INDICATES NEGATIVE NUMBERS.
R  INDICATES RECORD WAS SET OR TIED.
MM INDICATES DATA IS MISSING.
T  INDICATES TRACE AMOUNT.




$$
