000
CDUS44 KSHV 232254
CLITXK


CLIMATE REPORT
NATIONAL WEATHER SERVICE SHREVEPORT, LA
454 PM CST THU FEB 23 2017


...................................

...THE TEXARKANA CLIMATE SUMMARY FOR FEBRUARY 23 2017...
VALID TODAY AS OF 0400 PM LOCAL TIME.

CLIMATE NORMAL PERIOD 1981 TO 2010
CLIMATE RECORD PERIOD 1896 TO 2017


WEATHER ITEM   OBSERVED TIME   RECORD YEAR NORMAL DEPARTURE LAST
                VALUE   (LST)  VALUE       VALUE  FROM      YEAR
                                                  NORMAL
..................................................................
TEMPERATURE (F)
 TODAY
  MAXIMUM         81    359 PM  83    1996  61     20       50
  MINIMUM         55    726 AM  13    1899  40     15       40
  AVERAGE         68                        50     18       45

PRECIPITATION (IN)
  TODAY            0.00          1.91 1985   0.16  -0.16     1.20
  MONTH TO DATE    2.56                      3.23  -0.67     4.15
  SINCE DEC 1     13.25                     11.68   1.57    12.08
  SINCE JAN 1      6.83                      6.63   0.20     6.10

SNOWFALL (IN)
  TODAY            0.0
  MONTH TO DATE    0.0
  SINCE DEC 1      0.1
  SINCE JUL 1      0.1
  SNOW DEPTH       0

DEGREE DAYS
 HEATING
  TODAY            0                        15    -15       20
  MONTH TO DATE  218                       402   -184      291
  SINCE DEC 1   1163                      1666   -503     1292
  SINCE JUL 1   1397                      2124   -727     1576

 COOLING
  TODAY            3                         0      3        0
  MONTH TO DATE   14                         0     14        5
  SINCE DEC 1     35                         4     31       19
  SINCE JAN 1     28                         1     27        6
..................................................................


WIND (MPH)
  HIGHEST WIND SPEED    20   HIGHEST WIND DIRECTION     S (180)
  HIGHEST GUST SPEED    25   HIGHEST GUST DIRECTION     S (190)
  AVERAGE WIND SPEED    11.0


SKY COVER
  POSSIBLE SUNSHINE  MM
  AVERAGE SKY COVER 0.0


WEATHER CONDITIONS
 THE FOLLOWING WEATHER WAS RECORDED TODAY.
  NO SIGNIFICANT WEATHER WAS OBSERVED.


RELATIVE HUMIDITY (PERCENT)
 HIGHEST    93           200 AM
 LOWEST     36           400 PM
 AVERAGE    65

..........................................................


THE TEXARKANA CLIMATE NORMALS FOR TOMORROW
                         NORMAL    RECORD    YEAR
 MAXIMUM TEMPERATURE (F)   61        85      1921
 MINIMUM TEMPERATURE (F)   40        20      1965


SUNRISE AND SUNSET
FEBRUARY 23 2017......SUNRISE   651 AM CST   SUNSET   608 PM CST
FEBRUARY 24 2017......SUNRISE   650 AM CST   SUNSET   609 PM CST


-  INDICATES NEGATIVE NUMBERS.
R  INDICATES RECORD WAS SET OR TIED.
MM INDICATES DATA IS MISSING.
T  INDICATES TRACE AMOUNT.




$$
