000
CDUS44 KSHV 162247
CLITXK


CLIMATE REPORT
NATIONAL WEATHER SERVICE SHREVEPORT, LA
447 PM CST SAT DEC 16 2017


...................................

...THE TEXARKANA CLIMATE SUMMARY FOR DECEMBER 16 2017...
VALID TODAY AS OF 0400 PM LOCAL TIME.

CLIMATE NORMAL PERIOD 1981 TO 2010
CLIMATE RECORD PERIOD 1896 TO 2017


WEATHER ITEM   OBSERVED TIME   RECORD YEAR NORMAL DEPARTURE LAST
                VALUE   (LST)  VALUE       VALUE  FROM      YEAR
                                                  NORMAL
..................................................................
TEMPERATURE (F)
 TODAY
  MAXIMUM         57    214 PM  82    1924  55      2       70
  MINIMUM         31    523 AM  11    1989  35     -4       35
  AVERAGE         44                        45     -1       53

PRECIPITATION (IN)
  TODAY            0.00          2.64 2001   0.17  -0.17      T
                                      1959
  MONTH TO DATE    0.56                      2.82  -2.26     1.23
  SINCE DEC 1      0.56                      2.82  -2.26     1.23
  SINCE JAN 1     44.00                     47.42  -3.42    44.14

SNOWFALL (IN)
  TODAY            0.0
  MONTH TO DATE    0.0
  SINCE DEC 1      0.0
  SINCE JUL 1      0.0
  SNOW DEPTH       0

DEGREE DAYS
 HEATING
  TODAY           21                        20      1       12
  MONTH TO DATE  258                       294    -36      291
  SINCE DEC 1    258                       294    -36      291
  SINCE JUL 1    614                       752   -138      525

 COOLING
  TODAY            0                         0      0        0
  MONTH TO DATE    2                         0      2        0
  SINCE DEC 1      2                         0      2        0
  SINCE JAN 1   2209                      2204      5     2587
..................................................................


WIND (MPH)
  HIGHEST WIND SPEED    14   HIGHEST WIND DIRECTION     S (160)
  HIGHEST GUST SPEED    19   HIGHEST GUST DIRECTION    SW (210)
  AVERAGE WIND SPEED     7.0


SKY COVER
  POSSIBLE SUNSHINE  MM
  AVERAGE SKY COVER 0.0


WEATHER CONDITIONS
 THE FOLLOWING WEATHER WAS RECORDED TODAY.
  NO SIGNIFICANT WEATHER WAS OBSERVED.


RELATIVE HUMIDITY (PERCENT)
 HIGHEST    89           200 AM
 LOWEST     32           100 PM
 AVERAGE    61

..........................................................


THE TEXARKANA CLIMATE NORMALS FOR TOMORROW
                         NORMAL    RECORD    YEAR
 MAXIMUM TEMPERATURE (F)   55        78      1924
 MINIMUM TEMPERATURE (F)   35        17      1932


SUNRISE AND SUNSET
DECEMBER 16 2017......SUNRISE   713 AM CST   SUNSET   510 PM CST
DECEMBER 17 2017......SUNRISE   714 AM CST   SUNSET   511 PM CST


-  INDICATES NEGATIVE NUMBERS.
R  INDICATES RECORD WAS SET OR TIED.
MM INDICATES DATA IS MISSING.
T  INDICATES TRACE AMOUNT.




$$
