000
CDUS44 KSHV 020742
CLITXK


CLIMATE REPORT
NATIONAL WEATHER SERVICE SHREVEPORT, LA
240 AM CDT SAT AUG 2 2014


...................................

...THE TEXARKANA CLIMATE SUMMARY FOR AUGUST 1 2014...

CLIMATE NORMAL PERIOD 1981 TO 2010
CLIMATE RECORD PERIOD 1896 TO 2014


WEATHER ITEM   OBSERVED TIME   RECORD YEAR NORMAL DEPARTURE LAST
                VALUE   (LST)  VALUE       VALUE  FROM      YEAR
                                                  NORMAL
..................................................................
TEMPERATURE (F)
 YESTERDAY
  MAXIMUM         73    315 PM 106    2011  94    -21       93
  MINIMUM         65    639 AM  58    1971  72     -7       75
  AVERAGE         69                        83    -14       84

PRECIPITATION (IN)
  YESTERDAY        0.06          1.28 1940   0.10  -0.04     0.00
  MONTH TO DATE    0.06                      0.10  -0.04     0.00
  SINCE DEC 1     28.49                     33.66  -5.17    23.77
  SINCE JAN 1     22.66                     28.61  -5.95    19.31

SNOWFALL (IN)
  YESTERDAY        0.0
  MONTH TO DATE    0.0
  SINCE JUN 1      0.0
  SINCE JUL 1      0.0
  SNOW DEPTH       0

DEGREE DAYS
 HEATING
  YESTERDAY        0                         0      0        0
  MONTH TO DATE    0                         0      0        0
  SINCE JUN 1      0                         0      0        0
  SINCE JUL 1      0                         0      0        0

 COOLING
  YESTERDAY        4                        18    -14       19
  MONTH TO DATE    4                        18    -14       19
  SINCE JUN 1    851                       958   -107      968
  SINCE JAN 1   1145                      1278   -133     1266
..................................................................


WIND (MPH)
  HIGHEST WIND SPEED    12   HIGHEST WIND DIRECTION    NE (40)
  HIGHEST GUST SPEED    15   HIGHEST GUST DIRECTION    NE (40)
  AVERAGE WIND SPEED     5.8


SKY COVER
  POSSIBLE SUNSHINE  MM
  AVERAGE SKY COVER 1.0


WEATHER CONDITIONS
 THE FOLLOWING WEATHER WAS RECORDED YESTERDAY.
  LIGHT RAIN
  FOG


RELATIVE HUMIDITY (PERCENT)
 HIGHEST   100           100 AM
 LOWEST     90           200 PM
 AVERAGE    95

..........................................................


THE TEXARKANA CLIMATE NORMALS FOR TODAY
                         NORMAL    RECORD    YEAR
 MAXIMUM TEMPERATURE (F)   94       108      2011
 MINIMUM TEMPERATURE (F)   72        60      1925


SUNRISE AND SUNSET
AUGUST  2 2014........SUNRISE   629 AM CDT   SUNSET   815 PM CDT
AUGUST  3 2014........SUNRISE   630 AM CDT   SUNSET   814 PM CDT


-  INDICATES NEGATIVE NUMBERS.
R  INDICATES RECORD WAS SET OR TIED.
MM INDICATES DATA IS MISSING.
T  INDICATES TRACE AMOUNT.




$$
