000
CDUS44 KSHV 210745
CLITXK


CLIMATE REPORT
NATIONAL WEATHER SERVICE SHREVEPORT, LA
245 AM CDT TUE APR 21 2015


...................................

...THE TEXARKANA CLIMATE SUMMARY FOR APRIL 20 2015...

CLIMATE NORMAL PERIOD 1981 TO 2010
CLIMATE RECORD PERIOD 1896 TO 2015


WEATHER ITEM   OBSERVED TIME   RECORD YEAR NORMAL DEPARTURE LAST
                VALUE   (LST)  VALUE       VALUE  FROM      YEAR
                                                  NORMAL
..................................................................
TEMPERATURE (F)
 YESTERDAY
  MAXIMUM         70    505 PM  92    1987  76     -6       79
  MINIMUM         49   1143 PM  35    1901  54     -5       53
  AVERAGE         60                        65     -5       66

PRECIPITATION (IN)
  YESTERDAY        0.00          1.62 1982   0.13  -0.13      T
  MONTH TO DATE    2.35                      2.48  -0.13     2.26
  SINCE DEC 1     22.13                     19.12   3.01    15.32
  SINCE JAN 1     19.45                     14.07   5.38     9.49

SNOWFALL (IN)
  YESTERDAY        0.0
  MONTH TO DATE    0.0
  SINCE MAR 1      1.0
  SINCE JUL 1      5.2
  SNOW DEPTH       0

DEGREE DAYS
 HEATING
  YESTERDAY        5                         3      2        0
  MONTH TO DATE   48                        90    -42      133
  SINCE MAR 1    388                       390     -2      527
  SINCE JUL 1   2769                      2584    185     2995

 COOLING
  YESTERDAY        0                         3     -3        1
  MONTH TO DATE   68                        41     27       30
  SINCE MAR 1     84                        60     24       37
  SINCE JAN 1     84                        64     20       37
..................................................................


WIND (MPH)
  HIGHEST WIND SPEED    18   HIGHEST WIND DIRECTION     N (340)
  HIGHEST GUST SPEED    27   HIGHEST GUST DIRECTION    NW (330)
  AVERAGE WIND SPEED     9.1


SKY COVER
  POSSIBLE SUNSHINE  MM
  AVERAGE SKY COVER 0.1


WEATHER CONDITIONS
 THE FOLLOWING WEATHER WAS RECORDED YESTERDAY.
  NO SIGNIFICANT WEATHER WAS OBSERVED.


RELATIVE HUMIDITY (PERCENT)
 HIGHEST    83           500 AM
 LOWEST     28           200 PM
 AVERAGE    56

..........................................................


THE TEXARKANA CLIMATE NORMALS FOR TODAY
                         NORMAL    RECORD    YEAR
 MAXIMUM TEMPERATURE (F)   77        91      1913
 MINIMUM TEMPERATURE (F)   54        37      1993


SUNRISE AND SUNSET
APRIL 21 2015.........SUNRISE   639 AM CDT   SUNSET   751 PM CDT
APRIL 22 2015.........SUNRISE   638 AM CDT   SUNSET   752 PM CDT


-  INDICATES NEGATIVE NUMBERS.
R  INDICATES RECORD WAS SET OR TIED.
MM INDICATES DATA IS MISSING.
T  INDICATES TRACE AMOUNT.




$$
