000
CDUS44 KSHV 302245
CLITXK


CLIMATE REPORT
NATIONAL WEATHER SERVICE SHREVEPORT, LA
545 PM CDT MON MAR 30 2015


...................................

...THE TEXARKANA CLIMATE SUMMARY FOR MARCH 30 2015...
VALID TODAY AS OF 0500 PM LOCAL TIME.

CLIMATE NORMAL PERIOD 1981 TO 2010
CLIMATE RECORD PERIOD 1896 TO 2015


WEATHER ITEM   OBSERVED TIME   RECORD YEAR NORMAL DEPARTURE LAST
                VALUE   (LST)  VALUE       VALUE  FROM      YEAR
                                                  NORMAL
..................................................................
TEMPERATURE (F)
 TODAY
  MAXIMUM         75    135 PM  92    1929  71      4       73
  MINIMUM         56    525 AM  30    1930  48      8       40
  AVERAGE         66                        60      6       57

PRECIPITATION (IN)
  TODAY            0.00          2.11 2002   0.13  -0.13     0.00
  MONTH TO DATE    9.01                      4.05   4.96     3.26
  SINCE DEC 1     19.78                     16.49   3.29    13.01
  SINCE JAN 1     17.10                     11.44   5.66     7.18

SNOWFALL (IN)
  TODAY            0.0
  MONTH TO DATE    1.0
  SINCE MAR 1      1.0
  SINCE JUL 1      5.2
  SNOW DEPTH       0

DEGREE DAYS
 HEATING
  TODAY            0                         7     -7        8
  MONTH TO DATE  340                       295     45      390
  SINCE MAR 1    340                       295     45      390
  SINCE JUL 1   2721                      2489    232     2858

 COOLING
  TODAY            1                         1      0        0
  MONTH TO DATE   13                        18     -5        7
  SINCE MAR 1     13                        18     -5        7
  SINCE JAN 1     13                        22     -9        7
..................................................................


WIND (MPH)
  HIGHEST WIND SPEED    12   HIGHEST WIND DIRECTION    SE (140)
  HIGHEST GUST SPEED    16   HIGHEST GUST DIRECTION    SE (120)
  AVERAGE WIND SPEED     5.8


SKY COVER
  POSSIBLE SUNSHINE  MM
  AVERAGE SKY COVER 0.7


WEATHER CONDITIONS
 THE FOLLOWING WEATHER WAS RECORDED TODAY.
  NO SIGNIFICANT WEATHER WAS OBSERVED.


RELATIVE HUMIDITY (PERCENT)
 HIGHEST    90           400 AM
 LOWEST     57          1000 AM
 AVERAGE    74

..........................................................


THE TEXARKANA CLIMATE NORMALS FOR TOMORROW
                         NORMAL    RECORD    YEAR
 MAXIMUM TEMPERATURE (F)   72        90      1974
 MINIMUM TEMPERATURE (F)   48        25      1987


SUNRISE AND SUNSET
MARCH 30 2015.........SUNRISE   707 AM CDT   SUNSET   735 PM CDT
MARCH 31 2015.........SUNRISE   705 AM CDT   SUNSET   736 PM CDT


-  INDICATES NEGATIVE NUMBERS.
R  INDICATES RECORD WAS SET OR TIED.
MM INDICATES DATA IS MISSING.
T  INDICATES TRACE AMOUNT.




$$
