804
CDUS44 KSHV 280748
CLITYR


CLIMATE REPORT
NATIONAL WEATHER SERVICE SHREVEPORT, LA
248 AM CDT TUE JUN 28 2016


...................................

...THE TYLER CLIMATE SUMMARY FOR JUNE 27 2016...

CLIMATE NORMAL PERIOD 1981 TO 2010
CLIMATE RECORD PERIOD 1896 TO 2016


WEATHER ITEM   OBSERVED TIME   RECORD YEAR NORMAL DEPARTURE LAST
                VALUE   (LST)  VALUE       VALUE  FROM      YEAR
                                                  NORMAL
..................................................................
TEMPERATURE (F)
 YESTERDAY
  MAXIMUM         97    329 PM 103    1980  90      7       88
  MINIMUM         76    503 AM  49    1974  72      4       73
  AVERAGE         87                        81      6       81

PRECIPITATION (IN)
  YESTERDAY        T             2.96 1946   0.15  -0.15     1.90
  MONTH TO DATE    1.98                      4.39  -2.41     5.24
  SINCE DEC 1     34.88                     27.56   7.32    39.93
  SINCE JAN 1     25.11                     23.32   1.79    38.46

SNOWFALL (IN)
  YESTERDAY        0.0
  MONTH TO DATE    0.0
  SINCE JUN 1      0.0
  SINCE JUL 1      0.0
  SNOW DEPTH       0

DEGREE DAYS
 HEATING
  YESTERDAY        0                         0      0        0
  MONTH TO DATE    0                         0      0        0
  SINCE JUN 1      0                         0      0        0
  SINCE JUL 1   1467                      2269   -802     2194

 COOLING
  YESTERDAY       22                        16      6       16
  MONTH TO DATE  478                       384     94      452
  SINCE JUN 1    478                       384     94      452
  SINCE JAN 1    926                       753    173      914
..................................................................


WIND (MPH)
  HIGHEST WIND SPEED    14   HIGHEST WIND DIRECTION     E (70)
  HIGHEST GUST SPEED    19   HIGHEST GUST DIRECTION    NE (50)
  AVERAGE WIND SPEED     4.5


SKY COVER
  POSSIBLE SUNSHINE  MM
  AVERAGE SKY COVER 0.2


WEATHER CONDITIONS
 THE FOLLOWING WEATHER WAS RECORDED YESTERDAY.
  THUNDERSTORM
  LIGHT RAIN


RELATIVE HUMIDITY (PERCENT)
 HIGHEST    94           400 AM
 LOWEST     45           300 PM
 AVERAGE    70

..........................................................


THE TYLER CLIMATE NORMALS FOR TODAY
                         NORMAL    RECORD    YEAR
 MAXIMUM TEMPERATURE (F)   90       105      1930
 MINIMUM TEMPERATURE (F)   72        53      1974


SUNRISE AND SUNSET
JUNE 28 2016..........SUNRISE   617 AM CDT   SUNSET   833 PM CDT
JUNE 29 2016..........SUNRISE   618 AM CDT   SUNSET   833 PM CDT


-  INDICATES NEGATIVE NUMBERS.
R  INDICATES RECORD WAS SET OR TIED.
MM INDICATES DATA IS MISSING.
T  INDICATES TRACE AMOUNT.




$$
