000
CDUS44 KSHV 252134
CLITYR


CLIMATE REPORT
NATIONAL WEATHER SERVICE SHREVEPORT, LA
431 PM CDT SAT OCT 25 2014


...................................

...THE TYLER CLIMATE SUMMARY FOR OCTOBER 25 2014...
VALID TODAY AS OF 0400 PM LOCAL TIME.

CLIMATE NORMAL PERIOD 1981 TO 2010
CLIMATE RECORD PERIOD 1896 TO 2014


WEATHER ITEM   OBSERVED TIME   RECORD YEAR NORMAL DEPARTURE LAST
                VALUE   (LST)  VALUE       VALUE  FROM      YEAR
                                                  NORMAL
..................................................................
TEMPERATURE (F)
 TODAY
  MAXIMUM         86    259 PM  91    1985  75     11       67
  MINIMUM         59    610 AM  26    1980  53      6       50
  AVERAGE         73                        64      9       59

PRECIPITATION (IN)
  TODAY            0.00          2.21 1975   0.17  -0.17     0.00
  MONTH TO DATE    4.47                      3.87   0.60     3.39
  SINCE DEC 1     31.71                     40.71  -9.00    32.52
  SINCE JAN 1     28.69                     36.47  -7.78    29.63

SNOWFALL (IN)
  TODAY            0.0
  MONTH TO DATE    0.0
  SINCE SEP 1      0.0
  SINCE JUL 1      0.0
  SNOW DEPTH       0

DEGREE DAYS
 HEATING
  TODAY            0                         4     -4        6
  MONTH TO DATE    5                        45    -40       40
  SINCE SEP 1      5                        50    -45       40
  SINCE JUL 1      5                        50    -45       40

 COOLING
  TODAY            8                         3      5        0
  MONTH TO DATE  169                       115     54      119
  SINCE SEP 1    605                       457    148      619
  SINCE JAN 1   2571                      2379    192     2735
..................................................................


WIND (MPH)
  HIGHEST WIND SPEED    14   HIGHEST WIND DIRECTION    SW (210)
  HIGHEST GUST SPEED    19   HIGHEST GUST DIRECTION     S (200)
  AVERAGE WIND SPEED     7.4


SKY COVER
  POSSIBLE SUNSHINE  MM
  AVERAGE SKY COVER 0.0


WEATHER CONDITIONS
 THE FOLLOWING WEATHER WAS RECORDED TODAY.
  NO SIGNIFICANT WEATHER WAS OBSERVED.


RELATIVE HUMIDITY (PERCENT)
 HIGHEST    90           100 AM
 LOWEST     44           100 PM
 AVERAGE    67

..........................................................


THE TYLER CLIMATE NORMALS FOR TOMORROW
                         NORMAL    RECORD    YEAR
 MAXIMUM TEMPERATURE (F)   74        89      1939
 MINIMUM TEMPERATURE (F)   53        29      1980


SUNRISE AND SUNSET
OCTOBER 25 2014.......SUNRISE   733 AM CDT   SUNSET   638 PM CDT
OCTOBER 26 2014.......SUNRISE   734 AM CDT   SUNSET   637 PM CDT


-  INDICATES NEGATIVE NUMBERS.
R  INDICATES RECORD WAS SET OR TIED.
MM INDICATES DATA IS MISSING.
T  INDICATES TRACE AMOUNT.




$$
