000
CDUS44 KSHV 200748
CLITYR


CLIMATE REPORT
NATIONAL WEATHER SERVICE SHREVEPORT, LA
247 AM CDT SUN APR 20 2014


...................................

...THE TYLER CLIMATE SUMMARY FOR APRIL 19 2014...

CLIMATE NORMAL PERIOD 1981 TO 2010
CLIMATE RECORD PERIOD 1896 TO 2014


WEATHER ITEM   OBSERVED TIME   RECORD YEAR NORMAL DEPARTURE LAST
                VALUE   (LST)  VALUE       VALUE  FROM      YEAR
                                                  NORMAL
..................................................................
TEMPERATURE (F)
 YESTERDAY
  MAXIMUM         78    435 PM  95    1987  76      2       60
  MINIMUM         53    630 AM  35    1901  55     -2       38
  AVERAGE         66                        65      1       49

PRECIPITATION (IN)
  YESTERDAY        0.00          2.35 1970   0.12  -0.12     0.00
  MONTH TO DATE    2.46                      1.80   0.66     1.98
  SINCE DEC 1     11.78                     17.03  -5.25    13.22
  SINCE JAN 1      8.76                     12.79  -4.03    10.33

SNOWFALL (IN)
  YESTERDAY        0.0
  MONTH TO DATE    0.0
  SINCE MAR 1      1.0
  SINCE JUL 1      1.2
  SNOW DEPTH       0

DEGREE DAYS
 HEATING
  YESTERDAY        0                         2     -2       16
  MONTH TO DATE   97                        82     15       97
  SINCE MAR 1    446                       355     91      376
  SINCE JUL 1   2510                      2247    263     1935

 COOLING
  YESTERDAY        1                         3     -2        0
  MONTH TO DATE   55                        38     17       67
  SINCE MAR 1     68                        59      9       80
  SINCE JAN 1     71                        71      0       90
..................................................................


WIND (MPH)
  HIGHEST WIND SPEED    12   HIGHEST WIND DIRECTION    SE (150)
  HIGHEST GUST SPEED    17   HIGHEST GUST DIRECTION    NE (40)
  AVERAGE WIND SPEED     4.0


SKY COVER
  POSSIBLE SUNSHINE  MM
  AVERAGE SKY COVER 0.1


WEATHER CONDITIONS
 THE FOLLOWING WEATHER WAS RECORDED YESTERDAY.
  NO SIGNIFICANT WEATHER WAS OBSERVED.


RELATIVE HUMIDITY (PERCENT)
 HIGHEST    83           300 AM
 LOWEST     36           400 PM
 AVERAGE    60

..........................................................


THE TYLER CLIMATE NORMALS FOR TODAY
                         NORMAL    RECORD    YEAR
 MAXIMUM TEMPERATURE (F)   76        94      1987
 MINIMUM TEMPERATURE (F)   56        36      1956


SUNRISE AND SUNSET
APRIL 20 2014.........SUNRISE   647 AM CDT   SUNSET   755 PM CDT
APRIL 21 2014.........SUNRISE   645 AM CDT   SUNSET   756 PM CDT


-  INDICATES NEGATIVE NUMBERS.
R  INDICATES RECORD WAS SET OR TIED.
MM INDICATES DATA IS MISSING.
T  INDICATES TRACE AMOUNT.




$$
