000
CDUS44 KSHV 190900
CLITYR


CLIMATE REPORT
NATIONAL WEATHER SERVICE SHREVEPORT, LA
254 AM CST FRI JAN 19 2018


...................................

...THE TYLER CLIMATE SUMMARY FOR JANUARY 18 2018...

CLIMATE NORMAL PERIOD 1981 TO 2010
CLIMATE RECORD PERIOD 1896 TO 2018


WEATHER ITEM   OBSERVED TIME   RECORD YEAR NORMAL DEPARTURE LAST
                VALUE   (LST)  VALUE       VALUE  FROM      YEAR
                                                  NORMAL
..................................................................
TEMPERATURE (F)
 YESTERDAY
  MAXIMUM         44    407 PM  78    1974  56    -12       56
  MINIMUM         15    639 AM  -3    1930  37    -22       47
  AVERAGE         30                        46    -16       52

PRECIPITATION (IN)
  YESTERDAY        0.00          2.65 1945   0.09  -0.09     1.61
  MONTH TO DATE    1.12                      1.77  -0.65     5.51
  SINCE DEC 1      6.41                      6.01   0.40     8.16
  SINCE JAN 1      1.12                      1.77  -0.65     5.51

SNOWFALL (IN)
  YESTERDAY        0.0
  MONTH TO DATE    1.3
  SINCE DEC 1      1.3
  SINCE JUL 1      1.3
  SNOW DEPTH       0

DEGREE DAYS
 HEATING
  YESTERDAY       35                        19     16       13
  MONTH TO DATE  485                       342    143      236
  SINCE DEC 1   1001                       869    132      648
  SINCE JUL 1   1273                      1243     30      779

 COOLING
  YESTERDAY        0                         0      0        0
  MONTH TO DATE    0                         0      0       19
  SINCE DEC 1      6                         6      0       41
  SINCE JAN 1      0                         0      0       19
..................................................................


WIND (MPH)
  HIGHEST WIND SPEED    13   HIGHEST WIND DIRECTION     S (170)
  HIGHEST GUST SPEED    16   HIGHEST GUST DIRECTION     S (180)
  AVERAGE WIND SPEED     5.0


SKY COVER
  POSSIBLE SUNSHINE  MM
  AVERAGE SKY COVER 0.4


WEATHER CONDITIONS
 THE FOLLOWING WEATHER WAS RECORDED YESTERDAY.
  NO SIGNIFICANT WEATHER WAS OBSERVED.


RELATIVE HUMIDITY (PERCENT)
 HIGHEST    80           700 AM
 LOWEST     27           400 PM
 AVERAGE    54

..........................................................


THE TYLER CLIMATE NORMALS FOR TODAY
                         NORMAL    RECORD    YEAR
 MAXIMUM TEMPERATURE (F)   56        79      1952
 MINIMUM TEMPERATURE (F)   37         6      1943


SUNRISE AND SUNSET
JANUARY 19 2018.......SUNRISE   722 AM CST   SUNSET   543 PM CST
JANUARY 20 2018.......SUNRISE   722 AM CST   SUNSET   544 PM CST


-  INDICATES NEGATIVE NUMBERS.
R  INDICATES RECORD WAS SET OR TIED.
MM INDICATES DATA IS MISSING.
T  INDICATES TRACE AMOUNT.




$$
