000
CDUS44 KSHV 302151
CLITYR


CLIMATE REPORT
NATIONAL WEATHER SERVICE SHREVEPORT, LA
431 PM CDT SUN APR 30 2017


...................................

...THE TYLER CLIMATE SUMMARY FOR APRIL 30 2017...
VALID TODAY AS OF 0400 PM LOCAL TIME.

CLIMATE NORMAL PERIOD 1981 TO 2010
CLIMATE RECORD PERIOD 1896 TO 2017


WEATHER ITEM   OBSERVED TIME   RECORD YEAR NORMAL DEPARTURE LAST
                VALUE   (LST)  VALUE       VALUE  FROM      YEAR
                                                  NORMAL
..................................................................
TEMPERATURE (F)
 TODAY
  MAXIMUM         68    259 PM  94    1990  79    -11       83
  MINIMUM         52    855 AM  40    1907  59     -7       67
  AVERAGE         60                        69     -9       75

PRECIPITATION (IN)
  TODAY            0.01          3.14 1944   0.14  -0.13     0.05
  MONTH TO DATE    2.43                      3.17  -0.74     7.92
  SINCE DEC 1     15.12                     18.40  -3.28    29.93
  SINCE JAN 1     12.47                     14.16  -1.69    20.16

SNOWFALL (IN)
  TODAY            0.0
  MONTH TO DATE    0.0
  SINCE MAR 1      0.0
  SINCE JUL 1      T
  SNOW DEPTH       0

DEGREE DAYS
 HEATING
  TODAY            5                         1      4        0
  MONTH TO DATE   38                        97    -59       31
  SINCE MAR 1    167                       370   -203      146
  SINCE JUL 1   1250                      2262  -1012     1455

 COOLING
  TODAY            0                         5     -5       10
  MONTH TO DATE  138                        79     59      130
  SINCE MAR 1    246                       100    146      177
  SINCE JAN 1    320                       112    208      187
..................................................................


WIND (MPH)
  HIGHEST WIND SPEED    25   HIGHEST WIND DIRECTION     W (250)
  HIGHEST GUST SPEED    33   HIGHEST GUST DIRECTION    SW (240)
  AVERAGE WIND SPEED    10.8


SKY COVER
  POSSIBLE SUNSHINE  MM
  AVERAGE SKY COVER 0.4


WEATHER CONDITIONS
 THE FOLLOWING WEATHER WAS RECORDED TODAY.
  LIGHT RAIN


RELATIVE HUMIDITY (PERCENT)
 HIGHEST   100          1200 AM
 LOWEST     35           300 PM
 AVERAGE    68

..........................................................


THE TYLER CLIMATE NORMALS FOR TOMORROW
                         NORMAL    RECORD    YEAR
 MAXIMUM TEMPERATURE (F)   79       100      1902
 MINIMUM TEMPERATURE (F)   59        38      2014
                                             1903


SUNRISE AND SUNSET
APRIL 30 2017.........SUNRISE   636 AM CDT   SUNSET   802 PM CDT
MAY  1 2017...........SUNRISE   635 AM CDT   SUNSET   803 PM CDT


-  INDICATES NEGATIVE NUMBERS.
R  INDICATES RECORD WAS SET OR TIED.
MM INDICATES DATA IS MISSING.
T  INDICATES TRACE AMOUNT.




$$
