000
CDUS44 KSHV 240844
CLITYR


CLIMATE REPORT
NATIONAL WEATHER SERVICE SHREVEPORT, LA
243 AM CST MON NOV 24 2014


...................................

...THE TYLER CLIMATE SUMMARY FOR NOVEMBER 23 2014...

CLIMATE NORMAL PERIOD 1981 TO 2010
CLIMATE RECORD PERIOD 1896 TO 2014


WEATHER ITEM   OBSERVED TIME   RECORD YEAR NORMAL DEPARTURE LAST
                VALUE   (LST)  VALUE       VALUE  FROM      YEAR
                                                  NORMAL
..................................................................
TEMPERATURE (F)
 YESTERDAY
  MAXIMUM         76    351 PM  84    1955  62     14       45
  MINIMUM         52   1159 PM  22    1975  43      9       40
  AVERAGE         64                        53     11       43

PRECIPITATION (IN)
  YESTERDAY        0.10          5.00 1940   0.12  -0.02     0.18
  MONTH TO DATE    3.93                      3.22   0.71     3.53
  SINCE DEC 1     35.82                     44.91  -9.09    40.66
  SINCE JAN 1     32.80                     40.67  -7.87    37.77

SNOWFALL (IN)
  YESTERDAY        0.0
  MONTH TO DATE    T
  SINCE SEP 1      T
  SINCE JUL 1      T
  SNOW DEPTH       0

DEGREE DAYS
 HEATING
  YESTERDAY        1                        12    -11       22
  MONTH TO DATE  301                       200    101      193
  SINCE SEP 1    315                       277     38      235
  SINCE JUL 1    315                       277     38      235

 COOLING
  YESTERDAY        0                         0      0        0
  MONTH TO DATE    2                        14    -12       17
  SINCE SEP 1    630                       485    145      651
  SINCE JAN 1   2596                      2407    189     2767
..................................................................


WIND (MPH)
  HIGHEST WIND SPEED    24   HIGHEST WIND DIRECTION    NW (320)
  HIGHEST GUST SPEED    35   HIGHEST GUST DIRECTION    NW (310)
  AVERAGE WIND SPEED    11.7


SKY COVER
  POSSIBLE SUNSHINE  MM
  AVERAGE SKY COVER 0.5


WEATHER CONDITIONS
 THE FOLLOWING WEATHER WAS RECORDED YESTERDAY.
  LIGHT RAIN
  FOG


RELATIVE HUMIDITY (PERCENT)
 HIGHEST    97          1200 AM
 LOWEST     33           400 PM
 AVERAGE    65

..........................................................


THE TYLER CLIMATE NORMALS FOR TODAY
                         NORMAL    RECORD    YEAR
 MAXIMUM TEMPERATURE (F)   62        85      1910
 MINIMUM TEMPERATURE (F)   43        22      1970


SUNRISE AND SUNSET
NOVEMBER 24 2014......SUNRISE   659 AM CST   SUNSET   517 PM CST
NOVEMBER 25 2014......SUNRISE   700 AM CST   SUNSET   517 PM CST


-  INDICATES NEGATIVE NUMBERS.
R  INDICATES RECORD WAS SET OR TIED.
MM INDICATES DATA IS MISSING.
T  INDICATES TRACE AMOUNT.




$$
