000
CDUS44 KSHV 210745
CLITYR


CLIMATE REPORT
NATIONAL WEATHER SERVICE SHREVEPORT, LA
245 AM CDT TUE APR 21 2015


...................................

...THE TYLER CLIMATE SUMMARY FOR APRIL 20 2015...

CLIMATE NORMAL PERIOD 1981 TO 2010
CLIMATE RECORD PERIOD 1896 TO 2015


WEATHER ITEM   OBSERVED TIME   RECORD YEAR NORMAL DEPARTURE LAST
                VALUE   (LST)  VALUE       VALUE  FROM      YEAR
                                                  NORMAL
..................................................................
TEMPERATURE (F)
 YESTERDAY
  MAXIMUM         71    435 PM  94    1987  76     -5       80
  MINIMUM         49    610 AM  36    1956  56     -7       59
  AVERAGE         60                        66     -6       70

PRECIPITATION (IN)
  YESTERDAY        0.00          1.63 1957   0.11  -0.11     0.00
  MONTH TO DATE    6.52                      1.91   4.61     2.46
  SINCE DEC 1     21.96                     17.14   4.82    11.78
  SINCE JAN 1     20.49                     12.90   7.59     8.76

SNOWFALL (IN)
  YESTERDAY        0.0
  MONTH TO DATE    0.0
  SINCE MAR 1      0.5
  SINCE JUL 1      2.1
  SNOW DEPTH       0

DEGREE DAYS
 HEATING
  YESTERDAY        5                         2      3        0
  MONTH TO DATE   27                        84    -57       97
  SINCE MAR 1    292                       357    -65      446
  SINCE JUL 1   2179                      2249    -70     2510

 COOLING
  YESTERDAY        0                         3     -3        5
  MONTH TO DATE   99                        41     58       60
  SINCE MAR 1    131                        62     69       73
  SINCE JAN 1    131                        74     57       76
..................................................................


WIND (MPH)
  HIGHEST WIND SPEED    20   HIGHEST WIND DIRECTION    NW (330)
  HIGHEST GUST SPEED    26   HIGHEST GUST DIRECTION     N (10)
  AVERAGE WIND SPEED     7.0


SKY COVER
  POSSIBLE SUNSHINE  MM
  AVERAGE SKY COVER 0.0


WEATHER CONDITIONS
 THE FOLLOWING WEATHER WAS RECORDED YESTERDAY.
  HAZE


RELATIVE HUMIDITY (PERCENT)
 HIGHEST    77           600 AM
 LOWEST     28           100 PM
 AVERAGE    53

..........................................................


THE TYLER CLIMATE NORMALS FOR TODAY
                         NORMAL    RECORD    YEAR
 MAXIMUM TEMPERATURE (F)   76        92      1987
 MINIMUM TEMPERATURE (F)   56        38      1918


SUNRISE AND SUNSET
APRIL 21 2015.........SUNRISE   646 AM CDT   SUNSET   755 PM CDT
APRIL 22 2015.........SUNRISE   645 AM CDT   SUNSET   756 PM CDT


-  INDICATES NEGATIVE NUMBERS.
R  INDICATES RECORD WAS SET OR TIED.
MM INDICATES DATA IS MISSING.
T  INDICATES TRACE AMOUNT.




$$
