000
CDUS44 KSHV 260752
CLITYR


CLIMATE REPORT
NATIONAL WEATHER SERVICE SHREVEPORT, LA
251 AM CDT SUN MAR 26 2017


...................................

...THE TYLER CLIMATE SUMMARY FOR MARCH 25 2017...

CLIMATE NORMAL PERIOD 1981 TO 2010
CLIMATE RECORD PERIOD 1896 TO 2017


WEATHER ITEM   OBSERVED TIME   RECORD YEAR NORMAL DEPARTURE LAST
                VALUE   (LST)  VALUE       VALUE  FROM      YEAR
                                                  NORMAL
..................................................................
TEMPERATURE (F)
 YESTERDAY
  MAXIMUM         72    414 PM  88    1950  69      3       71
  MINIMUM         53   1138 PM  28    1966  49      4       39
  AVERAGE         63                        59      4       55

PRECIPITATION (IN)
  YESTERDAY        0.00          2.56 1934   0.14  -0.14     0.00
  MONTH TO DATE    1.66                      3.44  -1.78     7.98
  SINCE DEC 1     12.11                     14.55  -2.44    21.95
  SINCE JAN 1      9.46                     10.31  -0.85    12.18

SNOWFALL (IN)
  YESTERDAY        0.0
  MONTH TO DATE    0.0
  SINCE MAR 1      0.0
  SINCE JUL 1      T
  SNOW DEPTH       0

DEGREE DAYS
 HEATING
  YESTERDAY        2                         7     -5       10
  MONTH TO DATE  126                       233   -107       99
  SINCE MAR 1    126                       233   -107       99
  SINCE JUL 1   1209                      2125   -916     1408

 COOLING
  YESTERDAY        0                         1     -1        0
  MONTH TO DATE   81                        13     68       33
  SINCE MAR 1     81                        13     68       33
  SINCE JAN 1    155                        25    130       43
..................................................................


WIND (MPH)
  HIGHEST WIND SPEED    17   HIGHEST WIND DIRECTION    NW (300)
  HIGHEST GUST SPEED    22   HIGHEST GUST DIRECTION    SW (210)
  AVERAGE WIND SPEED     6.7


SKY COVER
  POSSIBLE SUNSHINE  MM
  AVERAGE SKY COVER 0.1


WEATHER CONDITIONS
 THE FOLLOWING WEATHER WAS RECORDED YESTERDAY.
  NO SIGNIFICANT WEATHER WAS OBSERVED.


RELATIVE HUMIDITY (PERCENT)
 HIGHEST    93          1200 AM
 LOWEST     44           300 PM
 AVERAGE    69

..........................................................


THE TYLER CLIMATE NORMALS FOR TODAY
                         NORMAL    RECORD    YEAR
 MAXIMUM TEMPERATURE (F)   69        89      1905
 MINIMUM TEMPERATURE (F)   49        22      1955


SUNRISE AND SUNSET
MARCH 26 2017.........SUNRISE   717 AM CDT   SUNSET   738 PM CDT
MARCH 27 2017.........SUNRISE   716 AM CDT   SUNSET   738 PM CDT


-  INDICATES NEGATIVE NUMBERS.
R  INDICATES RECORD WAS SET OR TIED.
MM INDICATES DATA IS MISSING.
T  INDICATES TRACE AMOUNT.




$$
