000
CDUS44 KSHV 312137
CLITYR


CLIMATE REPORT
NATIONAL WEATHER SERVICE SHREVEPORT, LA
434 PM CDT FRI OCT 31 2014


...................................

...THE TYLER CLIMATE SUMMARY FOR OCTOBER 31 2014...
VALID TODAY AS OF 0400 PM LOCAL TIME.

CLIMATE NORMAL PERIOD 1981 TO 2010
CLIMATE RECORD PERIOD 1896 TO 2014


WEATHER ITEM   OBSERVED TIME   RECORD YEAR NORMAL DEPARTURE LAST
                VALUE   (LST)  VALUE       VALUE  FROM      YEAR
                                                  NORMAL
..................................................................
TEMPERATURE (F)
 TODAY
  MAXIMUM         69    257 PM  86    1977  72     -3       79
  MINIMUM         52    701 AM  26    1917  51      1       54
  AVERAGE         61                        62     -1       67

PRECIPITATION (IN)
  TODAY            0.00          2.95 1940   0.15  -0.15     0.47
  MONTH TO DATE    4.65                      4.85  -0.20     8.00
  SINCE DEC 1     31.89                     41.69  -9.80    37.13
  SINCE JAN 1     28.87                     37.45  -8.58    34.24

SNOWFALL (IN)
  TODAY            0.0
  MONTH TO DATE    0.0
  SINCE SEP 1      0.0
  SINCE JUL 1      0.0
  SNOW DEPTH       0

DEGREE DAYS
 HEATING
  TODAY            4                         5     -1        0
  MONTH TO DATE   12                        72    -60       42
  SINCE SEP 1     12                        77    -65       42
  SINCE JUL 1     12                        77    -65       42

 COOLING
  TODAY            0                         2     -2        2
  MONTH TO DATE  192                       129     63      134
  SINCE SEP 1    628                       471    157      634
  SINCE JAN 1   2594                      2393    201     2750
..................................................................


WIND (MPH)
  HIGHEST WIND SPEED    21   HIGHEST WIND DIRECTION     N (360)
  HIGHEST GUST SPEED    26   HIGHEST GUST DIRECTION    NE (30)
  AVERAGE WIND SPEED     9.9


SKY COVER
  POSSIBLE SUNSHINE  MM
  AVERAGE SKY COVER 0.0


WEATHER CONDITIONS
 THE FOLLOWING WEATHER WAS RECORDED TODAY.
  NO SIGNIFICANT WEATHER WAS OBSERVED.


RELATIVE HUMIDITY (PERCENT)
 HIGHEST    80           100 AM
 LOWEST     36           200 PM
 AVERAGE    58

..........................................................


THE TYLER CLIMATE NORMALS FOR TOMORROW
                         NORMAL    RECORD    YEAR
 MAXIMUM TEMPERATURE (F)   72        86      1963
 MINIMUM TEMPERATURE (F)   51        28      1901


SUNRISE AND SUNSET
OCTOBER 31 2014.......SUNRISE   738 AM CDT   SUNSET   632 PM CDT
NOVEMBER  1 2014......SUNRISE   739 AM CDT   SUNSET   631 PM CDT


-  INDICATES NEGATIVE NUMBERS.
R  INDICATES RECORD WAS SET OR TIED.
MM INDICATES DATA IS MISSING.
T  INDICATES TRACE AMOUNT.




$$
