000
CXUS56 KPDT 011540
CLMALW
CLIMATE REPORT
NATIONAL WEATHER SERVICE PENDLETON, OR
840 AM PDT MON APR 01 2024
...................................
...THE WALLA WALLA WA CLIMATE SUMMARY FOR THE MONTH OF MARCH 2024...
CLIMATE NORMAL PERIOD 1991 TO 2020
CLIMATE RECORD PERIOD 1949 TO 2024
WEATHER OBSERVED NORMAL DEPART LAST YEAR`S
VALUE DATE(S) VALUE FROM VALUE DATE(S)
NORMAL
................................................................
TEMPERATURE (F)
RECORD
HIGH 79 03/30/2003
03/30/2003
03/30/1964
LOW 4 03/01/1993
HIGHEST 75 03/19 62 03/18
LOWEST 26 03/06 25 03/07
03/07
AVG. MAXIMUM 56.8 55.8 1.0 51.0
AVG. MINIMUM 36.7 37.8 -1.1 34.2
MEAN 46.8 46.8 0.0 42.6
DAYS MAX >= 90 0 0.0 0.0 0
DAYS MAX <= 32 0 0.4 -0.4 0
DAYS MIN <= 32 8 5.6 2.4 13
DAYS MIN <= 0 0 0.0 0.0 0
PRECIPITATION (INCHES)
RECORD
MAXIMUM 4.33 1983
MINIMUM 0.42 1965
TOTALS 1.14 2.11 -0.97 1.43
DAILY AVG. 0.04 0.07 -0.03 0.05
DAYS >= .01 10 12.1 -2.1 12
DAYS >= .10 3 6.3 -3.3 4
DAYS >= .50 1 0.8 0.2 1
DAYS >= 1.00 0 0.0 0.0 0
GREATEST
24 HR. TOTAL 0.50 03/27 TO 03/27 0.56 03/13 TO 03/13
DEGREE DAYS
HEATING TOTAL 557 564 -7 683
SINCE 7/1 4319 4187 132
COOLING TOTAL 0 0 0 0
SINCE 1/1 0 0 0
................................................................
WIND (MPH)
AVERAGE WIND SPEED 8.1
RESULTANT WIND SPEED/DIRECTION 5/180
HIGHEST WIND SPEED/DIRECTION 35/260 DATE 03/01
AVERAGE RH (PERCENT) 62
WEATHER CONDITIONS. NUMBER OF DAYS WITH
THUNDERSTORM 2 MIXED PRECIP 0
HEAVY RAIN 1 RAIN 2
LIGHT RAIN 18 FREEZING RAIN 0
LT FREEZING RAIN 0 HAIL 0
HEAVY SNOW 0 SNOW 0
LIGHT SNOW 3 SLEET 0
FOG 5 FOG W/VIS <= 1/4 MILE 0
HAZE 0
- INDICATES NEGATIVE NUMBERS.
R INDICATES RECORD WAS SET OR TIED.
MM INDICATES DATA IS MISSING.
T INDICATES TRACE AMOUNT.
$$