000
CXUS53 KOAX 011236
CLMOMA
CLIMATE REPORT
NATIONAL WEATHER SERVICE OMAHA/VALLEY NE
636 AM CST FRI MAR 01 2024
...................................
...THE OMAHA NE CLIMATE SUMMARY FOR THE MONTH OF FEBRUARY 2024...
CLIMATE NORMAL PERIOD 1991 TO 2020
CLIMATE RECORD PERIOD 1871 TO 2024
WEATHER OBSERVED NORMAL DEPART
VALUE DATE(S) VALUE FROM
NORMAL
................................................
TEMPERATURE (F)
HIGHEST 80R 02/26
LOWEST 7 02/17
02/28
AVG. MAXIMUM 52.7 38.6 14.1
AVG. MINIMUM 25.8 19.3 6.5
MEAN 39.3 28.9 10.4
DAYS MAX >= 90 0
DAYS MAX <= 32 1
DAYS MIN <= 32 23
DAYS MIN <= 0 0
PRECIPITATION (INCHES)
RECORD
MAXIMUM 3.09 1881
MINIMUM 0.03 1931
TOTALS 0.10 0.95 -0.85
DAYS >= .01 3
DAYS >= .10 0
DAYS >= .50 0
DAYS >= 1.00 0
GREATEST
24 HR. TOTAL 0.08 02/16 TO 02/16
SNOWFALL (INCHES)
RECORDS
TOTAL 27.0 2019
TOTALS 0.8 7.8 -7.0
SINCE 7/1 18.1
DAYS >= 1.0 0
GREATEST
SNOW DEPTH 1 02/16
24 HR TOTAL 0.8 02/16 TO 02/16
DEGREE DAYS
HEATING TOTAL 740 1009 -269
SINCE 7/1 4055 4621 -566
COOLING TOTAL 0 0 0
SINCE 1/1 0 0 0
................................................
WIND (MPH)
AVERAGE WIND SPEED 10.2
HIGHEST WIND SPEED/DIRECTION 38/350 DATE 02/27
HIGHEST GUST SPEED/DIRECTION 50/360 DATE 02/27
SKY COVER
AVERAGE SKY COVER 0.46
WEATHER CONDITIONS. NUMBER OF DAYS WITH
THUNDERSTORM 0 MIXED PRECIP 0
HEAVY RAIN 0 RAIN 0
LIGHT RAIN 3 FREEZING RAIN 0
LT FREEZING RAIN 0 HAIL 0
HEAVY SNOW 0 SNOW 0
LIGHT SNOW 2 SLEET 0
FOG 7 FOG W/VIS <= 1/4 MILE 0
HAZE 3
- INDICATES NEGATIVE NUMBERS.
R INDICATES RECORD WAS SET OR TIED.
MM INDICATES DATA IS MISSING.
T INDICATES TRACE AMOUNT.
&&
FEBRUARY IN OMAHA WAS MUCH WARMER AND DRIER THAN NORMAL. THE MONTH
ENDED UP 10.4 DEGREES ABOVE NORMAL FOR AVERAGE TEMPERATURE AND 0.85
INCHES BELOW NORMAL FOR PRECIPITATION. SNOWFALL WAS 7.0 INCHES BELOW
NORMAL. IT WAS THE 3RD WARMEST FEBRUARY ON RECORD AND THE 10TH
LEAST SNOWIEST.
NEW DAILY RECORDS FOR FEBRUARY
DATE RECORD VALUE PREVIOUS RECORD
FEB 2 WARM MINIMUM TEMPERATURE 39 39 IN 1934
FEB 7 WARM MINIMUM TEMPERATURE 43 37 IN 1918
FEB 20 MAXIMUM TEMPERATURE 68 67 IN 1930
FEB 26 MAXIMUM TEMPERATURE 80 78 IN 1896
$$
DEWALD