000
CXUS56 KPQR 011557
CLMSPB
CLIMATE REPORT
NATIONAL WEATHER SERVICE PORTLAND OREGON
857 AM PDT MON APR 01 2024
...................................
...THE SCAPPOOSE OR CLIMATE SUMMARY FOR THE MONTH OF MARCH 2024...
CLIMATE NORMAL PERIOD 1991 TO 2020
CLIMATE RECORD PERIOD 9999 TO 9999
WEATHER OBSERVED NORMAL DEPART LAST YEAR`S
VALUE DATE(S) VALUE FROM VALUE DATE(S)
NORMAL
................................................................
TEMPERATURE (F)
HIGHEST 77 67 03/18
LOWEST 27 27 03/01
AVG. MAXIMUM 57.6 56.3 1.3 52.2
AVG. MINIMUM 38.6 36.9 1.7 34.3
MEAN 48.1 46.6 1.5 43.3
DAYS MAX >= 90 0 0.0 0.0 0
DAYS MAX <= 32 0 0.0 0.0 0
DAYS MIN <= 32 4 8.2 -4.2 10
DAYS MIN <= 0 0 0.0 0.0 0
PRECIPITATION (INCHES)
RECORD
MAXIMUM 4.39 2023
MINIMUM 0.10 2022
TOTALS 3.08 4.54 -1.46 4.39
DAYS >= .01 16 18.9 -2.9 22
DAYS >= .10 12 11.5 0.5 14
DAYS >= .50 1 2.9 -1.9 2
DAYS >= 1.00 0 0.6 -0.6 0
GREATEST
24 HR. TOTAL 0.57 03/27 TO 03/28
DEGREE DAYS
HEATING TOTAL 515 570 -55 664
SINCE 7/1 3401 3871 -470 MM
COOLING TOTAL 0 0 0 0
SINCE 1/1 0 0 0 MM
................................................................
WIND (MPH)
AVERAGE WIND SPEED 4.0
RESULTANT WIND SPEED/DIRECTION 1/170
HIGHEST WIND SPEED/DIRECTION 24/210 DATE 03/09
HIGHEST GUST SPEED/DIRECTION 36/200 DATE 03/10
SKY COVER
POSSIBLE SUNSHINE (PERCENT) MM
AVERAGE SKY COVER 0.57
AVERAGE RH (PERCENT) 71
WEATHER CONDITIONS. NUMBER OF DAYS WITH
THUNDERSTORM 1 MIXED PRECIP 0
HEAVY RAIN 3 RAIN 8
LIGHT RAIN 18 FREEZING RAIN 0
LT FREEZING RAIN 0 HAIL 0
HEAVY SNOW 0 SNOW 0
LIGHT SNOW 2 SLEET 0
FOG 19 FOG W/VIS <= 1/4 MILE 4
HAZE 3
- INDICATES NEGATIVE NUMBERS.
R INDICATES RECORD WAS SET OR TIED.
MM INDICATES DATA IS MISSING.
T INDICATES TRACE AMOUNT.
$$