000
CXUS55 KPUB 021759 RRA
CLSCOS
CLIMATE REPORT
NATIONAL WEATHER SERVICE
1059 AM MST SAT MAR 02 2024
...................................
...THE COLORADO SPRINGS CO CLIMATE SUMMARY FOR THE SEASON, FROM
12/1/2023 TO 2/29/2024...
CLIMATE NORMAL PERIOD 1991 TO 2020
CLIMATE RECORD PERIOD 1894 TO 2024
WEATHER OBSERVED NORMAL DEPART LAST YEAR`S
VALUE DATE(S) VALUE FROM VALUE DATE(S)
NORMAL
................................................................
TEMPERATURE (F)
RECORD
HIGH 77 12/23/1955
LOW -27 02/01/1951
12/09/1919
HIGHEST 71 12/06 67 01/14
LOWEST -10 01/15 -10 12/22
AVG. MAXIMUM 48.0 45.4 2.6 45.4
AVG. MINIMUM 22.7 19.1 3.6 18.8
MEAN 35.3 32.2 3.1 32.1
DAYS MAX >= 90 0 0.0 0.0
DAYS MAX <= 32 10 15.7 -5.7
DAYS MIN <= 32 81 85.9 -4.9
DAYS MIN <= 0 4 3.7 0.3
PRECIPITATION (INCHES)
RECORD
MAXIMUM 4.05 1934
MINIMUM 0.16 1928
TOTALS 2.56 0.84 1.72 1.38
DAILY AVG. 0.03 NAN NAN
DAYS >= .01 19 11.9 7.1
DAYS >= .10 9 2.8 6.2
DAYS >= .50 1 0.1 0.9
DAYS >= 1.00 0 0.0 0.0
GREATEST
24 HR. TOTAL 0.63 02/02 TO 02/03
SNOWFALL (INCHES)
RECORDS
MAXIMUM 56.3 1987
MINIMUM 2.6 1952
TOTALS 27.3 13.6 13.7 21.6
SINCE 7/1 36.7 20.7 16.0 15.2
SNOWDEPTH AVG. 0
DAYS >= 1.0 10 4.9 5.1
GREATEST
SNOW DEPTH 4 12/13 8
12/14
24 HR TOTAL 4.1 12/13 TO 12/13 10.2
DEGREE DAYS
HEATING TOTAL 2677 2951 -274 2947
SINCE 7/1 3791 4366 -575 4225
COOLING TOTAL 0 0 0 0
SINCE 1/1 0 0 0 0
................................................................
WIND (MPH)
AVERAGE WIND SPEED 8.4
HIGHEST WIND SPEED/DIRECTION 44/250 DATE 01/08
HIGHEST GUST SPEED/DIRECTION 66/260 DATE 02/26
SKY COVER
POSSIBLE SUNSHINE (PERCENT) MM
AVERAGE SKY COVER 0.49
NUMBER OF DAYS FAIR 28
NUMBER OF DAYS PC 46
NUMBER OF DAYS CLOUDY 16
AVERAGE RH (PERCENT) 54
WEATHER CONDITIONS. NUMBER OF DAYS WITH
THUNDERSTORM 1 MIXED PRECIP 5
HEAVY RAIN 0 RAIN 2
LIGHT RAIN 7 FREEZING RAIN 0
LT FREEZING RAIN 2 HAIL 0
HEAVY SNOW 5 SNOW 10
LIGHT SNOW 30 SLEET 1
FOG 22 FOG W/VIS <= 1/4 MILE 9
HAZE 1
- INDICATES NEGATIVE NUMBERS.
R INDICATES RECORD WAS SET OR TIED.
MM INDICATES DATA IS MISSING.
T INDICATES TRACE AMOUNT.
$$