000
CXUS53 KMPX 012117
CF6MKT
PRELIMINARY LOCAL CLIMATOLOGICAL DATA (WS FORM: F-6)
STATION: MANKATO MN
MONTH: NOVEMBER
YEAR: 2021
LATITUDE: 44 13 N
LONGITUDE: 93 55 W
TEMPERATURE IN F: :PCPN: SNOW: WIND :SUNSHINE: SKY :PK WND
================================================================================
1 2 3 4 5 6A 6B 7 8 9 10 11 12 13 14 15 16 17 18
12Z AVG MX 2MIN
DY MAX MIN AVG DEP HDD CDD WTR SNW DPTH SPD SPD DIR MIN PSBL S-S WX SPD DR
================================================================================
1 43 29 36 -5 29 0 0.00 M M 11.6 18 310 M M 5 23 290
2 41 27 34 -7 31 0 0.00 M M 6.7 12 330 M M 5 M M
3 47 23 35 -5 30 0 0.00 M M 6.9 16 150 M M 2 16 180
4 52 30 41 1 24 0 0.00 M M 7.9 13 190 M M 3 18 190
5 61 38 50 11 15 0 0.00 M M 17.4 30 190 M M 0 43 170
6 70 41 56 17 9 0 0.00 M M 8.3 14 200 M M 0 M M
7 63 44 54 16 11 0 0.00 M M 9.4 15 160 M M 0 M M
8 58 41 50 12 15 0 0.00 M M 9.7 17 360 M M 1 1 24 20
9 55 35 45 8 20 0 0.00 M M 3.9 10 130 M M 3 M M
10 54 36 45 8 20 0 0.00 M M 12.8 23 140 M M 5 1 30 120
11 47 34 41 5 24 0 0.40 M M 19.3 28 290 M M 9 1 39 290
12 38 30 34 -2 31 0 0.10 M M 18.6 24 290 M M 10 1 33 280
13 36 29 33 -2 32 0 T M M 11.7 21 260 M M 10 1 43 280
14 33 26 30 -4 35 0 T M M 14.0 29 310 M M 9 40 290
15 40 27 34 0 31 0 0.00 M M 9.7 14 130 M M 5 M M
16 51 30 41 8 24 0 0.00 M M 17.6 31 150 M M 0 44 150
17 41 27 34 1 31 0 0.00 M M 17.9 31 270 M M 5 41 290
18 31 21 26 -6 39 0 T M M 17.5 27 310 M M 7 40 290
19 42 17 30 -2 35 0 T M M 14.5 23 170 M M 0 38 180
20 45 30 38 7 27 0 0.00 M M 7.0 16 320 M M 2 M M
21 37 19 28 -2 37 0 0.00 M M 15.4 33 320 M M 3 43 320
22 36 15 26 -4 39 0 0.00 M M 6.4 10 150 M M 4 M M
23 57 25 41 12 24 0 0.00 M M 13.7 23 180 M M 0 33 190
24 48 17 33 4 32 0 0.00 M M 17.7 28 330 M M 1 36 330
25 23 11 17 -11 48 0 0.00 M M 12.6 23 320 M M 3 31 320
26 36 16 26 -2 39 0 0.00 M M 11.8 17 160 M M 4 25 170
27 44 29 37 10 28 0 0.00 M M 11.2 17 330 M M 2 22 330
28 39 21 30 3 35 0 0.00 M M 7.9 14 310 M M 2 M M
29 56 33 45 19 20 0 0.00 M M 13.2 20 280 M M 3 32 280
30 45 32 39 13 26 0 0.00 M M 7.2 12 130 M M 2 M M
================================================================================
SM 1369 833 841 0 0.50 M 359.5 M 105
================================================================================
AV 45.6 27.8 12.0 FASTST M M 4 MAX(MPH)
MISC ----> 33 320 44 150
================================================================================
NOTES:
# LAST OF SEVERAL OCCURRENCES
COLUMN 17 PEAK WIND IN M.P.H.
PRELIMINARY LOCAL CLIMATOLOGICAL DATA (WS FORM: F-6) , PAGE 2
STATION: MANKATO MN
MONTH: NOVEMBER
YEAR: 2021
LATITUDE: 44 13 N
LONGITUDE: 93 55 W
[TEMPERATURE DATA] [PRECIPITATION DATA] SYMBOLS USED IN COLUMN 16
AVERAGE MONTHLY: 36.7 TOTAL FOR MONTH: 0.50 1 = FOG OR MIST
DPTR FM NORMAL: 3.2 DPTR FM NORMAL: -1.44 2 = FOG REDUCING VISIBILITY
HIGHEST: 70 ON 6 GRTST 24HR 0.40 ON 11-11 TO 1/4 MILE OR LESS
LOWEST: 11 ON 25 3 = THUNDER
SNOW, ICE PELLETS, HAIL 4 = ICE PELLETS
TOTAL MONTH: M 5 = HAIL
GRTST 24HR M ON M 6 = FREEZING RAIN OR DRIZZLE
GRTST DEPTH: M ON M 7 = DUSTSTORM OR SANDSTORM:
VSBY 1/2 MILE OR LESS
8 = SMOKE OR HAZE
[NO. OF DAYS WITH] [WEATHER - DAYS WITH] 9 = BLOWING SNOW
X = TORNADO
MAX 32 OR BELOW: 2 0.01 INCH OR MORE: 2
MAX 90 OR ABOVE: 0 0.10 INCH OR MORE: 2
MIN 32 OR BELOW: 22 0.50 INCH OR MORE: 0
MIN 0 OR BELOW: 0 1.00 INCH OR MORE: 0
[HDD (BASE 65) ]
TOTAL THIS MO. 841 CLEAR (SCALE 0-3) 16
DPTR FM NORMAL -103 PTCLDY (SCALE 4-7) 10
TOTAL FM JUL 1 1246 CLOUDY (SCALE 8-10) 4
DPTR FM NORMAL -426
[CDD (BASE 65) ]
TOTAL THIS MO. 0
DPTR FM NORMAL 0 [PRESSURE DATA]
TOTAL FM JAN 1 896 HIGHEST SLP M ON M
DPTR FM NORMAL 242 LOWEST SLP M ON M
[REMARKS]
#FINAL-11-21#
MKT: THE PRECIPITATION DATA IS FROM THE COCORAHS STATION
MN-BU-23 WITH AN OBSERVATION TIME OF 7AM.