000
CXUS56 KPQR 082140
CF6PDX
PRELIMINARY LOCAL CLIMATOLOGICAL DATA (WS FORM: F-6)
STATION: PORTLAND OR
MONTH: NOVEMBER
YEAR: 2021
LATITUDE: 45 35 N
LONGITUDE: 122 36 W
TEMPERATURE IN F: :PCPN: SNOW: WIND :SUNSHINE: SKY :PK WND
================================================================================
1 2 3 4 5 6A 6B 7 8 9 10 11 12 13 14 15 16 17 18
12Z AVG MX 2MIN
DY MAX MIN AVG DEP HDD CDD WTR SNW DPTH SPD SPD DIR MIN PSBL S-S WX SPD DR
================================================================================
1 54 47 51 0 14 0 0.19 0.0 0 10.9 22 100 M M 9 30 100
2 53 46 50 0 15 0 0.03 0.0 0 6.3 17 120 M M 10 21 120
3 58 48 53 3 12 0 0.26 0.0 0 7.9 18 90 M M 8 1 24 100
4 61 50 56 6 9 0 0.19 0.0 0 12.0 22 230 M M 9 31 200
5 57 47 52 2 13 0 0.19 0.0 0 8.4 17 190 M M 7 1 21 190
6 53 43 48 -1 17 0 0.41 0.0 0 9.0 24 260 M M 9 13 33 260
7 51 44 48 -1 17 0 0.12 0.0 0 8.3 23 210 M M 9 29 200
8 57 42 50 1 15 0 0.09 0.0 0 10.0 21 110 M M 6 27 100
9 55 47 51 2 14 0 0.34 0.0 0 9.0 29 250 M M 8 18 40 240
10 56 45 51 3 14 0 0.05 0.0 0 6.5 16 120 M M 9 1 21 120
11 62 50 56 8 9 0 1.49 0.0 0 9.4 16 120 M M 10 1 20 110
12 63 51 57 9 8 0 1.31 0.0 0 7.4 17 210 M M 10 1 23 200
13 63 46 55 7 10 0 0.00 0.0 0 5.5 23 210 M M 9 12 28 200
14 66 60 63 16 2 0 T 0.0 0 14.3 25 210 M M 9 31 220
15 62 42 52 5 13 0 0.19 0.0 0 11.9 29 200 M M 9 42 200
16 52 37 45 -2 20 0 0.00 0.0 0 2.1 8 240 M M 5 11 240
17 53 35 44 -3 21 0 0.00 0.0 0 10.7 25 90 M M 6 1 32 90
18 50 44 47 1 18 0 0.30 0.0 0 11.6 18 120 M M 10 1 24 120
19 55 43 49 3 16 0 0.10 0.0 0 6.8 23 200 M M 9 18 29 200
20 53 36 45 -1 20 0 T 0.0 0 1.2 8 290 M M 6 1 11 280
21 46 34 40 -6 25 0 0.00 0.0 0 2.3 9 320 M M 8 12 12 130
22 48 33 41 -5 24 0 0.32 0.0 0 3.5 21 120 M M 8 12 25 120
23 52 39 46 1 19 0 0.20 0.0 0 4.5 17 270 M M 8 1 19 270
24 47 38 43 -2 22 0 T 0.0 0 2.6 7 300 M M 9 12 8 150
25 57 42 50 5 15 0 0.17 0.0 0 3.8 17 200 M M 8 1 22 190
26 54 48 51 6 14 0 0.06 0.0 0 4.8 16 220 M M 10 1 24 160
27 63 51 57 13 8 0 0.20 0.0 0 8.5 18 220 M M 10 1 24 210
28 63 53 58 14 7 0 0.01 0.0 0 6.4 20 200 M M 8 1 24 200
29 58 50 54 10 11 0 0.19 0.0 0 4.4 12 120 M M 10 12 14 120
30 59 51 55 11 10 0 0.02 0.0 0 5.9 14 200 M M 9 12 17 200
================================================================================
SM 1681 1342 432 0 6.43 0.0 215.9 M 255
================================================================================
AV 56.0 44.7 7.2 FASTST M M 9 MAX(MPH)
MISC ----> # 29 250 42 200
================================================================================
NOTES:
# LAST OF SEVERAL OCCURRENCES
COLUMN 17 PEAK WIND IN M.P.H.
PRELIMINARY LOCAL CLIMATOLOGICAL DATA (WS FORM: F-6) , PAGE 2
STATION: PORTLAND OR
MONTH: NOVEMBER
YEAR: 2021
LATITUDE: 45 35 N
LONGITUDE: 122 36 W
[TEMPERATURE DATA] [PRECIPITATION DATA] SYMBOLS USED IN COLUMN 16
AVERAGE MONTHLY: 50.4 TOTAL FOR MONTH: 6.43 1 = FOG OR MIST
DPTR FM NORMAL: 3.3 DPTR FM NORMAL: 0.98 2 = FOG REDUCING VISIBILITY
HIGHEST: 66 ON 14 GRTST 24HR 2.13 ON 11-12 TO 1/4 MILE OR LESS
LOWEST: 33 ON 22 3 = THUNDER
SNOW, ICE PELLETS, HAIL 4 = ICE PELLETS
TOTAL MONTH: 0.0 INCH 5 = HAIL
GRTST 24HR 0.0 6 = FREEZING RAIN OR DRIZZLE
GRTST DEPTH: 0 7 = DUSTSTORM OR SANDSTORM:
VSBY 1/2 MILE OR LESS
8 = SMOKE OR HAZE
[NO. OF DAYS WITH] [WEATHER - DAYS WITH] 9 = BLOWING SNOW
X = TORNADO
MAX 32 OR BELOW: 0 0.01 INCH OR MORE: 23
MAX 90 OR ABOVE: 0 0.10 INCH OR MORE: 17
MIN 32 OR BELOW: 0 0.50 INCH OR MORE: 2
MIN 0 OR BELOW: 0 1.00 INCH OR MORE: 2
[HDD (BASE 65) ]
TOTAL THIS MO. 432 CLEAR (SCALE 0-3) 0
DPTR FM NORMAL -106 PTCLDY (SCALE 4-7) 11
TOTAL FM JUL 1 795 CLOUDY (SCALE 8-10) 19
DPTR FM NORMAL -118
[CDD (BASE 65) ]
TOTAL THIS MO. 0
DPTR FM NORMAL 0 [PRESSURE DATA]
TOTAL FM JAN 1 838 HIGHEST SLP 30.52 ON 21
DPTR FM NORMAL 330 LOWEST SLP 29.48 ON 9
[REMARKS]
#FINAL-11-21#