000
CXUS55 KPQR 302229
CF6PDX
PRELIMINARY LOCAL CLIMATOLOGICAL DATA (WS FORM: F-6)

                                          STATION:   PORTLAND OR
                                          MONTH:     MARCH
                                          YEAR:      2013
                                          LATITUDE:   45 35 N
                                          LONGITUDE: 122 36 W

  TEMPERATURE IN F:       :PCPN:    SNOW:  WIND      :SUNSHINE: SKY     :PK WND
================================================================================
1   2   3   4   5  6A  6B    7    8   9   10  11  12  13   14  15   16   17  18
                                     12Z  AVG MX 2MIN
DY MAX MIN AVG DEP HDD CDD  WTR  SNW DPTH SPD SPD DIR MIN PSBL S-S WX    SPD DR
================================================================================

 1  61  51  56  10   9   0 0.00  0.0    0  4.4 12 200   M    M  10        15 130
 2  57  42  50   4  15   0    T    M    0  5.4 21 330   M    M  10 1      28 320
 3  51  35  43  -3  22   0    T    M    0  2.4 10 280   M    M   5        13 280
 4  57  29  43  -3  22   0 0.00  0.0    0  7.7 18 100   M    M   4 1      23 100
 5  46  41  44  -2  21   0 0.14    M    0 10.3 18 120   M    M   9 1      22 120
 6  46  41  44  -2  21   0 0.36    M    0  6.9 17 200   M    M  10 1      21 200
 7  56  36  46  -1  19   0 0.00  0.0    0  4.4 10 280   M    M   3        12 280
 8  59  30  45  -2  20   0 0.00  0.0    0  4.3 12 300   M    M   2 1      17  60
 9  59  31  45  -2  20   0 0.00  0.0    0  2.1  6 120   M    M   3 18      8 310
10  49  34  42  -5  23   0    T    M    0  2.4  7  80   M    M   9         9  60
11  53  44  49   2  16   0    T  0.0    0  3.3 12 110   M    M  10 18     13 110
12  62  46  54   6  11   0 0.00  0.0    0  6.2 14 170   M    M   9 1      17 230
13  63  46  55   7  10   0 0.00  0.0    0  4.4 10 110   M    M   9        13 130
14  62  48  55   7  10   0    T    M    0  7.6 18 220   M    M  10        23 220
15  63  47  55   7  10   0    T    M    0  5.1 15 200   M    M   8        16 190
16  52  40  46  -2  19   0 0.05    M    0  7.8 25 290   M    M  10 18     31 290
17  50  38  44  -4  21   0    T    M    0  6.3 14 290   M    M   9        18 270
18  54  37  46  -3  19   0 0.00  0.0    0  2.9 12 210   M    M   7        17 190
19  52  36  44  -5  21   0 0.50    M    0  9.7 23 110   M    M  10 1      29 110
20  55  40  48  -1  17   0 0.39    M    0 14.2 29 260   M    M   8 15     39 250
21  50  38  44  -5  21   0    T    M    0  8.1 21 260   M    M   8        25 250
22  46  35  41  -8  24   0 0.01    M    0  3.2 15 290   M    M   8        20 280
23  50  34  42  -7  23   0 0.00  0.0    0  2.4  9 120   M    M   8 1      12 280
24  55  36  46  -3  19   0 0.00  0.0    0  7.1 20 100   M    M   8        23  90
25  62  39  51   1  14   0 0.01    M    0  2.5  9  90   M    M   8        12 100
26  54  39  47  -3  18   0    T    M    0  2.3  9 110   M    M   9        12 110
27  65  42  54   4  11   0    T    M    0  3.9 14 260   M    M   7 1      15 130
28  67  46  57   7   8   0    T    M    0  4.4 10 310   M    M   8        14 320
29  69  48  59   9   6   0    T    M    0  3.7 10 280   M    M   5        13 280
30  77  43  60  10   5   0 0.00  0.0    0  3.2 10 300   M    M   1        13 300
31  77  46  62  12   3   0 0.00  0.0    0  3.8 15 260   M    M   5        18 260
================================================================================
SM 1779 1238       498   0  1.46     0.0 162.4          M      230
================================================================================
AV 57.4 39.9                               5.2 FASTST   M    M   7    MAX(MPH)
                                 MISC ---->  # 29 260               # 39  250
================================================================================
NOTES:
# LAST OF SEVERAL OCCURRENCES

COLUMN 17 PEAK WIND IN M.P.H.

PRELIMINARY LOCAL CLIMATOLOGICAL DATA (WS FORM: F-6) , PAGE 2

                                          STATION:  PORTLAND OR
                                          MONTH:    MARCH
                                          YEAR:     2013
                                          LATITUDE:   45 35 N
                                          LONGITUDE: 122 36 W

[TEMPERATURE DATA]      [PRECIPITATION DATA]       SYMBOLS USED IN COLUMN 16

AVERAGE MONTHLY: 48.7   TOTAL FOR MONTH:   1.46    1 = FOG OR MIST
DPTR FM NORMAL:   0.5   DPTR FM NORMAL:   -2.22    2 = FOG REDUCING VISIBILITY
HIGHEST:    77 ON 31,30 GRTST 24HR  0.50 ON 19-19      TO 1/4 MILE OR LESS
LOWEST:     29 ON  4                               3 = THUNDER
                        SNOW, ICE PELLETS, HAIL    4 = ICE PELLETS
                        TOTAL MONTH:   0.0 INCH    5 = HAIL
                        GRTST 24HR     0.0         6 = FREEZING RAIN OR DRIZZLE
                        GRTST DEPTH:   0           7 = DUSTSTORM OR SANDSTORM:
                                                       VSBY 1/2 MILE OR LESS
                                                   8 = SMOKE OR HAZE
[NO. OF DAYS WITH]      [WEATHER - DAYS WITH]      9 = BLOWING SNOW
                                                   X = TORNADO
MAX 32 OR BELOW:   0    0.01 INCH OR MORE:   7
MAX 90 OR ABOVE:   0    0.10 INCH OR MORE:   4
MIN 32 OR BELOW:   3    0.50 INCH OR MORE:   1
MIN  0 OR BELOW:   0    1.00 INCH OR MORE:   0

[HDD (BASE 65) ]
TOTAL THIS MO.   498    CLEAR  (SCALE 0-3)   3
DPTR FM NORMAL   -24    PTCLDY (SCALE 4-7)  12
TOTAL FM JUL 1  3395    CLOUDY (SCALE 8-10) 16
DPTR FM NORMAL  -185

[CDD (BASE 65) ]
TOTAL THIS MO.     0
DPTR FM NORMAL     0    [PRESSURE DATA]
TOTAL FM JAN 1     0    HIGHEST SLP 30.51 ON 10
DPTR FM NORMAL     0    LOWEST  SLP 29.53 ON 20

[REMARKS]
#FINAL-03-13#
