000
CXUS55 KPQR 081622
CF6PDX
PRELIMINARY LOCAL CLIMATOLOGICAL DATA (WS FORM: F-6)

                                          STATION:   PORTLAND OR
                                          MONTH:     FEBRUARY
                                          YEAR:      2012
                                          LATITUDE:   45 35 N
                                          LONGITUDE: 122 36 W

  TEMPERATURE IN F:       :PCPN:    SNOW:  WIND      :SUNSHINE: SKY     :PK WND
================================================================================
1   2   3   4   5  6A  6B    7    8   9   10  11  12  13   14  15   16   17  18
                                     12Z  AVG MX 2MIN
DY MAX MIN AVG DEP HDD CDD  WTR  SNW DPTH SPD SPD DIR MIN PSBL S-S WX    SPD DR
================================================================================

 1  52  37  45   2  20   0 0.01    M    0  6.0 15 260   M    M   8 1      18 260
 2  54  35  45   2  20   0 0.00  0.0    0  6.3 24  90   M    M   4 128    30 100
 3  53  41  47   4  18   0 0.00  0.0    0 18.4 32  90   M    M   2        39  80
 4  53  36  45   2  20   0 0.00  0.0    0 12.0 22 110   M    M   4        26 110
 5  54  30  42  -1  23   0 0.00  0.0    0  5.0 16 120   M    M   4        20 100
 6  54  35  45   2  20   0 0.00  0.0    0 14.2 30  90   M    M   1        37  90
 7  48  40  44   1  21   0    T    M    0 15.1 23 110   M    M   7        28 110
 8  45  38  42  -1  23   0 0.13    M    0 10.1 20 110   M    M   9 1      24 110
 9  49  41  45   2  20   0 0.19    M    0  6.9 22 110   M    M  10 1      25 110
10  47  43  45   2  20   0 0.24    M    0 14.1 28  70   M    M  10 1      32  70
11  51  39  45   2  20   0 0.00    M    0  3.0 10 170   M    M   9        13 170
12  49  36  43   0  22   0 0.07    M    0  2.6  9 300   M    M   9 1      10 300
13  45  40  43  -1  22   0 0.05    M    0  3.8 12 110   M    M  10        13 110
14  46  39  43  -1  22   0 0.10    M    0  7.0 17 190   M    M   9 1      21 200
15  45  33  39  -5  26   0    T    M    0  2.9  9 110   M    M   8         9 120
16  45  35  40  -4  25   0 0.10    M    0  4.6 10 110   M    M  10 1      13 140
17  53  42  48   4  17   0 0.24    M    0 11.1 28 260   M    M  10 1      37 270
18  47  39  43  -1  22   0 0.08    M    0 11.3 22 220   M    M   9 1      26 250
19  47  37  42  -2  23   0 0.01    M    0  4.8 12 110   M    M   9        14 230
20  50  38  44   0  21   0 0.29    M    0  7.9 14 180   M    M  10 1      18 170
21  57  50  54  10  11   0 0.03    M    0 12.3 26 200   M    M  10        31 210
22  54  41  48   4  17   0 0.28    M    0 12.8 28 210   M    M   9 1      37 210
23  51  36  44  -1  21   0 0.01    M    0  4.1 13 200   M    M   7        15 200
24  52  39  46   1  19   0 0.14    M    0  8.8 23 210   M    M   8 1      32 210
25  44  37  41  -4  24   0 0.16    M    0 12.1 25 260   M    M   9        38 260
26  45  36  41  -4  24   0 0.04    M    0  5.8 12 350   M    M   8 1      16 350
27  48  31  40  -5  25   0    T    M    0  5.2 15 110   M    M   6        18 100
28  42  35  39  -7  26   0 0.36    M    0 14.3 25 110   M    M  10 1      30 200
29  42  35  39  -7  26   0 0.30    M    0 14.4 26 190   M    M   9 1      33 200
================================================================================
SM 1422 1094       618   0  2.83     0.0 256.9          M      228
================================================================================
AV 49.0 37.7                               8.9 FASTST   M    M   8    MAX(MPH)
                                 MISC ---->  # 32  90               # 39   80
================================================================================
NOTES:
# LAST OF SEVERAL OCCURRENCES

COLUMN 17 PEAK WIND IN M.P.H.

PRELIMINARY LOCAL CLIMATOLOGICAL DATA (WS FORM: F-6) , PAGE 2

                                          STATION:  PORTLAND OR
                                          MONTH:    FEBRUARY
                                          YEAR:     2012
                                          LATITUDE:   45 35 N
                                          LONGITUDE: 122 36 W

[TEMPERATURE DATA]      [PRECIPITATION DATA]       SYMBOLS USED IN COLUMN 16

AVERAGE MONTHLY: 43.4   TOTAL FOR MONTH:   2.83    1 = FOG OR MIST
DPTR FM NORMAL:  -0.4   DPTR FM NORMAL:   -0.83    2 = FOG REDUCING VISIBILITY
HIGHEST:    57 ON 21    GRTST 24HR  0.56 ON 28-29      TO 1/4 MILE OR LESS
LOWEST:     30 ON  5                               3 = THUNDER
                        SNOW, ICE PELLETS, HAIL    4 = ICE PELLETS
                        TOTAL MONTH:   0.0 INCH    5 = HAIL
                        GRTST 24HR     0.0         6 = FREEZING RAIN OR DRIZZLE
                        GRTST DEPTH:   0           7 = DUSTSTORM OR SANDSTORM:
                                                       VSBY 1/2 MILE OR LESS
                                                   8 = SMOKE OR HAZE
[NO. OF DAYS WITH]      [WEATHER - DAYS WITH]      9 = BLOWING SNOW
                                                   X = TORNADO
MAX 32 OR BELOW:   0    0.01 INCH OR MORE:  20
MAX 90 OR ABOVE:   0    0.10 INCH OR MORE:  12
MIN 32 OR BELOW:   2    0.50 INCH OR MORE:   0
MIN  0 OR BELOW:   0    1.00 INCH OR MORE:   0

[HDD (BASE 65) ]
TOTAL THIS MO.   618    CLEAR  (SCALE 0-3)   2
DPTR FM NORMAL    24    PTCLDY (SCALE 4-7)   8
TOTAL FM JUL 1  3088    CLOUDY (SCALE 8-10) 19
DPTR FM NORMAL    11

[CDD (BASE 65) ]
TOTAL THIS MO.     0
DPTR FM NORMAL     0    [PRESSURE DATA]
TOTAL FM JAN 1     0    HIGHEST SLP 30.48 ON 23
DPTR FM NORMAL     0    LOWEST  SLP 29.54 ON 28

[REMARKS]
#FINAL-02-12#
