000
CXUS55 KPQR 091801
CF6PDX
PRELIMINARY LOCAL CLIMATOLOGICAL DATA (WS FORM: F-6)

                                          STATION:   PORTLAND OR
                                          MONTH:     SEPTEMBER
                                          YEAR:      2012
                                          LATITUDE:   45 35 N
                                          LONGITUDE: 122 36 W

  TEMPERATURE IN F:       :PCPN:    SNOW:  WIND      :SUNSHINE: SKY     :PK WND
================================================================================
1   2   3   4   5  6A  6B    7    8   9   10  11  12  13   14  15   16   17  18
                                     12Z  AVG MX 2MIN
DY MAX MIN AVG DEP HDD CDD  WTR  SNW DPTH SPD SPD DIR MIN PSBL S-S WX    SPD DR
================================================================================

 1  76  50  63  -5   2   0 0.00  0.0    0  5.7 14 320   M    M   2        16 320
 2  77  52  65  -3   0   0 0.00  0.0    0  5.6 13 310   M    M   3        22  30
 3  79  55  67   0   0   2 0.00  0.0    0  7.6 18 310   M    M   2        24 320
 4  84  57  71   4   0   6 0.00  0.0    0  6.3 17 320   M    M   0        23 310
 5  87  57  72   5   0   7 0.00  0.0    0  4.3 13 310   M    M   1        16 320
 6  90  57  74   7   0   9 0.00  0.0    0  3.5 12  80   M    M   0        15  70
 7  95  57  76   9   0  11 0.00  0.0    0  4.3 14 100   M    M   0        18  90
 8  81  59  70   4   0   5 0.00  0.0    0  4.6 12 310   M    M   4 3      14 300
 9  69  55  62  -4   3   0 0.00  0.0    0  7.2 12 220   M    M  10        18 180
10  70  54  62  -4   3   0 0.04  0.0    0  9.1 22 320   M    M   6 18     30 320
11  73  47  60  -6   5   0 0.00  0.0    0  7.7 20 320   M    M   0        24 320
12  83  50  67   1   0   2 0.00  0.0    0 10.1 24  90   M    M   1        29  80
13  89  52  71   6   0   6 0.00  0.0    0  5.1 12 130   M    M   2        14 130
14  87  54  71   6   0   6 0.00  0.0    0  4.6  9 320   M    M   3        13 280
15  82  54  68   3   0   3 0.00  0.0    0  7.0 17 320   M    M   2        23 320
16  82  51  67   2   0   2 0.00  0.0    0  4.8 12 290   M    M   1        15 320
17  90  51  71   7   0   6 0.00  0.0    0  2.6  8 280   M    M   0        14 280
18  88  54  71   7   0   6 0.00  0.0    0  3.5 12 280   M    M   0 18     14 280
19  73  56  65   1   0   0 0.00  0.0    0  3.4  9 320   M    M   5 1      10 320
20  63  55  59  -5   6   0    T  0.0    0  2.3  8 300   M    M   9 18     10 300
21  65  58  62  -1   3   0    T  0.0    0  3.9  9 320   M    M  10 1      13 320
22  72  49  61  -2   4   0 0.00  0.0    0  3.4 10 300   M    M   4        14 290
23  72  48  60  -2   5   0 0.00  0.0    0  1.9  7 260   M    M   2         9 320
24  73  51  62   0   3   0 0.00  0.0    0  3.4 12 280   M    M   3        14 290
25  72  55  64   2   1   0 0.00  0.0    0  6.7 13 310   M    M   5        21 310
26  74  50  62   0   3   0 0.00  0.0    0  4.5 13 320   M    M   5 1      17 330
27  81  51  66   5   0   1 0.00  0.0    0  3.6  8 290   M    M   6        10 330
28  83  60  72  11   0   7 0.00  0.0    0  2.7  9 320   M    M   7        13 330
29  75  55  65   5   0   0 0.00  0.0    0  6.8 14 310   M    M   6        17 330
30  75  49  62   2   3   0 0.00  0.0    0  4.8 16 320   M    M   2        20 330
================================================================================
SM 2360 1603        41  79  0.04     0.0 151.0          M      101
================================================================================
AV 78.7 53.4                               5.0 FASTST   M    M   3    MAX(MPH)
                                 MISC ---->  # 24  90               # 30  320
================================================================================
NOTES:
# LAST OF SEVERAL OCCURRENCES

COLUMN 17 PEAK WIND IN M.P.H.

PRELIMINARY LOCAL CLIMATOLOGICAL DATA (WS FORM: F-6) , PAGE 2

                                          STATION:  PORTLAND OR
                                          MONTH:    SEPTEMBER
                                          YEAR:     2012
                                          LATITUDE:   45 35 N
                                          LONGITUDE: 122 36 W

[TEMPERATURE DATA]      [PRECIPITATION DATA]       SYMBOLS USED IN COLUMN 16

AVERAGE MONTHLY: 66.1   TOTAL FOR MONTH:   0.04    1 = FOG OR MIST
DPTR FM NORMAL:   1.6   DPTR FM NORMAL:   -1.43    2 = FOG REDUCING VISIBILITY
HIGHEST:    95 ON  7    GRTST 24HR  0.04 ON 10-10      TO 1/4 MILE OR LESS
LOWEST:     47 ON 11                               3 = THUNDER
                        SNOW, ICE PELLETS, HAIL    4 = ICE PELLETS
                        TOTAL MONTH:   0.0 INCH    5 = HAIL
                        GRTST 24HR     0.0         6 = FREEZING RAIN OR DRIZZLE
                        GRTST DEPTH:   0           7 = DUSTSTORM OR SANDSTORM:
                                                       VSBY 1/2 MILE OR LESS
                                                   8 = SMOKE OR HAZE
[NO. OF DAYS WITH]      [WEATHER - DAYS WITH]      9 = BLOWING SNOW
                                                   X = TORNADO
MAX 32 OR BELOW:   0    0.01 INCH OR MORE:   1
MAX 90 OR ABOVE:   3    0.10 INCH OR MORE:   0
MIN 32 OR BELOW:   0    0.50 INCH OR MORE:   0
MIN  0 OR BELOW:   0    1.00 INCH OR MORE:   0

[HDD (BASE 65) ]
TOTAL THIS MO.    41    CLEAR  (SCALE 0-3)  18
DPTR FM NORMAL   -35    PTCLDY (SCALE 4-7)   9
TOTAL FM JUL 1    58    CLOUDY (SCALE 8-10)  3
DPTR FM NORMAL   -45

[CDD (BASE 65) ]
TOTAL THIS MO.    79
DPTR FM NORMAL    20    [PRESSURE DATA]
TOTAL FM JAN 1   435    HIGHEST SLP 30.36 ON 30
DPTR FM NORMAL    13    LOWEST  SLP 29.87 ON  5

[REMARKS]
#FINAL-09-12#
