000
CXUS55 KPQR 011230
CF6PDX
PRELIMINARY LOCAL CLIMATOLOGICAL DATA (WS FORM: F-6)

                                          STATION:   PORTLAND OR
                                          MONTH:     OCTOBER
                                          YEAR:      2011
                                          LATITUDE:   45 35 N
                                          LONGITUDE: 122 36 W

  TEMPERATURE IN F:       :PCPN:    SNOW:  WIND      :SUNSHINE: SKY     :PK WND
================================================================================
1   2   3   4   5  6A  6B    7    8   9   10  11  12  13   14  15   16   17  18
                                     12Z  AVG MX 2MIN
DY MAX MIN AVG DEP HDD CDD  WTR  SNW DPTH SPD SPD DIR MIN PSBL S-S WX    SPD DR
================================================================================

 1  61  55  58  -2   7   0 0.08  0.0    0  4.3 10  90   M    M  10 1      13  90
 2  63  55  59  -1   6   0 0.06  0.0    0  5.6 13 110   M    M   9        16 170
 3  65  54  60   1   5   0 0.15  0.0    0  6.9 13 160   M    M  10        16 170
 4  67  52  60   1   5   0 0.26  0.0    0  8.9 21 160   M    M   9 1      29 160
 5  58  49  54  -4  11   0 0.10    M    0  7.0 18 200   M    M   9 1      23 200
 6  57  50  54  -4  11   0 0.02  0.0    0  3.4  8 200   M    M  10 18     10 220
 7  59  53  56  -2   9   0 0.02  0.0    0  5.5 15 210   M    M  10 1      20 200
 8  69  54  62   5   3   0    T  0.0    0  3.5 12 230   M    M   8        14 230
 9  59  55  57   0   8   0 0.02  0.0    0  2.8  8 120   M    M  10 1      10 180
10  66  54  60   3   5   0 0.48  0.0    0  9.3 20 140   M    M  10 1      24 140
11  65  54  60   4   5   0 0.28  0.0    0  9.8 22 220   M    M   8 1      30 230
12  63  51  57   1   8   0    T  0.0    0  3.6 10 190   M    M   8        14 340
13  56  51  54  -2  11   0 0.04  0.0    0  2.8  8 300   M    M   9 1      10 330
14  60  49  55   0  10   0 0.08    M    0  3.1  9 310   M    M   9 1      10 320
15  62  50  56   1   9   0 0.00  0.0    0  5.2 13 310   M    M   9 1      14 310
16  63  46  55   0  10   0 0.00  0.0    0  2.7  9 310   M    M   6 1      10 310
17  65  45  55   1  10   0 0.00  0.0    0  3.6  9 310   M    M   5 12     13 310
18  74  48  61   7   4   0 0.00  0.0    0  8.0 18 110   M    M   1        26 100
19  62  51  57   3   8   0 0.00  0.0    0  5.2 16 200   M    M   8        18 190
20  61  52  57   3   8   0    T  0.0    0  3.0 10 300   M    M   9 1      13 290
21  63  54  59   6   6   0    T  0.0    0  6.5 13 210   M    M  10        16 200
22  68  58  63  10   2   0    T  0.0    0  7.8 18 200   M    M   9        23 200
23  62  48  55   2  10   0 0.01    M    0  5.3 14 320   M    M   9 1      17 320
24  59  41  50  -2  15   0 0.00  0.0    0  3.3 10 310   M    M   3        14 320
25  59  38  49  -3  16   0 0.00    M    0  3.4 10 320   M    M   3 1      16 310
26  54  37  46  -6  19   0 0.00  0.0    0  2.6  9 320   M    M   8 12     13 330
27  58  36  47  -5  18   0 0.00  0.0    0  3.5  9 280   M    M   4 12     12 290
28  58  45  52   1  13   0 0.20    M    0  8.4 22 200   M    M  10 1      26 200
29  61  48  55   4  10   0 0.01    M    0  2.3  9 110   M    M   7 128    12 110
30  63  52  58   7   7   0 0.33  0.0    0  6.0 16 320   M    M  10 18     23 310
31  57  39  48  -3  17   0    T    M    0  3.6 18 330   M    M   4 1      24 350
================================================================================
SM 1917 1524       286   0  2.14     0.0 156.9          M      244
================================================================================
AV 61.8 49.2                               5.1 FASTST   M    M   8    MAX(MPH)
                                 MISC ---->  # 22 220               # 30  230
================================================================================
NOTES:
# LAST OF SEVERAL OCCURRENCES

COLUMN 17 PEAK WIND IN M.P.H.

PRELIMINARY LOCAL CLIMATOLOGICAL DATA (WS FORM: F-6) , PAGE 2

                                          STATION:  PORTLAND OR
                                          MONTH:    OCTOBER
                                          YEAR:     2011
                                          LATITUDE:   45 35 N
                                          LONGITUDE: 122 36 W

[TEMPERATURE DATA]      [PRECIPITATION DATA]       SYMBOLS USED IN COLUMN 16

AVERAGE MONTHLY: 55.5   TOTAL FOR MONTH:   2.14    1 = FOG OR MIST
DPTR FM NORMAL:   0.6   DPTR FM NORMAL:   -0.86    2 = FOG REDUCING VISIBILITY
HIGHEST:    74 ON 18    GRTST 24HR  0.56 ON 10-11      TO 1/4 MILE OR LESS
LOWEST:     36 ON 27                               3 = THUNDER
                        SNOW, ICE PELLETS, HAIL    4 = ICE PELLETS
                        TOTAL MONTH:   0.0 INCH    5 = HAIL
                        GRTST 24HR     0.0         6 = FREEZING RAIN OR DRIZZLE
                        GRTST DEPTH:   0           7 = DUSTSTORM OR SANDSTORM:
                                                       VSBY 1/2 MILE OR LESS
                                                   8 = SMOKE OR HAZE
[NO. OF DAYS WITH]      [WEATHER - DAYS WITH]      9 = BLOWING SNOW
                                                   X = TORNADO
MAX 32 OR BELOW:   0    0.01 INCH OR MORE:  16
MAX 90 OR ABOVE:   0    0.10 INCH OR MORE:   7
MIN 32 OR BELOW:   0    0.50 INCH OR MORE:   0
MIN  0 OR BELOW:   0    1.00 INCH OR MORE:   0

[HDD (BASE 65) ]
TOTAL THIS MO.   286    CLEAR  (SCALE 0-3)   1
DPTR FM NORMAL   -29    PTCLDY (SCALE 4-7)  10
TOTAL FM JUL 1   337    CLOUDY (SCALE 8-10) 20
DPTR FM NORMAL   -81

[CDD (BASE 65) ]
TOTAL THIS MO.     0
DPTR FM NORMAL    -2    [PRESSURE DATA]
TOTAL FM JAN 1   362    HIGHEST SLP 30.49 ON 31
DPTR FM NORMAL   -62    LOWEST  SLP 29.43 ON  4

[REMARKS]
#FINAL-10-11#
