000
CXUS56 KPQR 011200
CF6PDX
PRELIMINARY LOCAL CLIMATOLOGICAL DATA (WS FORM: F-6)

                                          STATION:   PORTLAND OR
                                          MONTH:     SEPTEMBER
                                          YEAR:      2015
                                          LATITUDE:   45 35 N
                                          LONGITUDE: 122 36 W

  TEMPERATURE IN F:       :PCPN:    SNOW:  WIND      :SUNSHINE: SKY     :PK WND
================================================================================
1   2   3   4   5  6A  6B    7    8   9   10  11  12  13   14  15   16   17  18
                                     12Z  AVG MX 2MIN
DY MAX MIN AVG DEP HDD CDD  WTR  SNW DPTH SPD SPD DIR MIN PSBL S-S WX    SPD DR
================================================================================

 1  76  58  67  -1   0   2 0.06    M    M  7.9 18 270   M    M   9 1      23 260
 2  73  58  66  -2   0   1 0.05  0.0    0  4.5 17 310   M    M   7 1      22 320
 3  68  50  59  -8   6   0    T  0.0    0  3.8 16 270   M    M   4        20 290
 4  70  49  60  -7   5   0 0.00  0.0    0  7.1 16 300   M    M   6 1      20 300
 5  66  52  59  -8   6   0 0.02  0.0    0  3.7 14 200   M    M   7        17 200
 6  60  49  55 -12  10   0 0.07    M    0  5.4 12 110   M    M   7 1      12 110
 7  75  53  64  -3   1   0 0.00  0.0    0  3.3  9 310   M    M   6        12 340
 8  81  53  67   1   0   2 0.00  0.0    0  4.9 14 300   M    M   3        20 280
 9  83  61  72   6   0   7 0.00  0.0    0  5.3 13 310   M    M   3        19 320
10  88  59  74   8   0   9 0.00  0.0    0  5.1 12 310   M    M   1        16 310
11  94  58  76  10   0  11 0.00  0.0    0  4.9 13 280   M    M   2        15 280
12  90  63  77  11   0  12 0.00  0.0    0  5.5 15 320   M    M   0        22 320
13  76  56  66   1   0   1 0.00  0.0    0  7.0 18 310   M    M   6        23 320
14  61  53  57  -8   8   0 0.03  0.0    0  3.2 12 320   M    M   8        13 310
15  65  50  58  -7   7   0    T  0.0    0  6.4 15 220   M    M   8        17 220
16  71  53  62  -3   3   0    T  0.0    0  8.0 16 170   M    M   9        22 180
17  68  56  62  -2   3   0 0.66  0.0    0  6.3 15 120   M    M   8 18     19 160
18  76  54  65   1   0   0 0.00  0.0    0  3.9  9 300   M    M   5        12 300
19  79  52  66   2   0   1 0.00  0.0    0  2.9  9 320   M    M   2        11 320
20  80  57  69   5   0   4 0.00  0.0    0  4.6 14 280   M    M   6        16 270
21  69  55  62  -1   3   0 0.09  0.0    0  9.6 18 310   M    M   3 1      24 310
22  71  50  61  -2   4   0 0.00  0.0    0  4.3  9 280   M    M   2        12 290
23  76  46  61  -1   4   0 0.00  0.0    0  3.5  8 320   M    M   4        12 170
24  78  53  66   4   0   1 0.00  0.0    0  3.6 13 310   M    M   6        14 310
25  66  58  62   0   3   0 0.28  0.0    0  6.6 14 290   M    M   9 1      16 300
26  70  52  61  -1   4   0    T  0.0    0  9.6 16 320   M    M   4        22 320
27  71  45  58  -3   7   0 0.00  0.0    0  6.8 17 310   M    M   1        22 320
28  81  48  65   4   0   0 0.00  0.0    0  6.3 20  80   M    M   3        24 100
29  81  48  65   5   0   0 0.00  0.0    0  3.5  8 320   M    M   1 8      11 300
30  74  52  63   3   2   0 0.00  0.0    0  3.5  9 160   M    M   2        10 160
================================================================================
SM 2237 1601        76  51  1.26     0.0 161.0          M      142
================================================================================
AV 74.6 53.4                               5.4 FASTST   M    M   5    MAX(MPH)
                                 MISC ---->  # 20  80               # 24  310
================================================================================
NOTES:
# LAST OF SEVERAL OCCURRENCES

COLUMN 17 PEAK WIND IN M.P.H.

PRELIMINARY LOCAL CLIMATOLOGICAL DATA (WS FORM: F-6) , PAGE 2

                                          STATION:  PORTLAND OR
                                          MONTH:    SEPTEMBER
                                          YEAR:     2015
                                          LATITUDE:   45 35 N
                                          LONGITUDE: 122 36 W

[TEMPERATURE DATA]      [PRECIPITATION DATA]       SYMBOLS USED IN COLUMN 16

AVERAGE MONTHLY: 64.0   TOTAL FOR MONTH:   1.26    1 = FOG OR MIST
DPTR FM NORMAL:  -0.5   DPTR FM NORMAL:   -0.21    2 = FOG REDUCING VISIBILITY
HIGHEST:    94 ON 11    GRTST 24HR  0.66 ON 17-17      TO 1/4 MILE OR LESS
LOWEST:     45 ON 27                               3 = THUNDER
                        SNOW, ICE PELLETS, HAIL    4 = ICE PELLETS
                        TOTAL MONTH:   0.0 INCH    5 = HAIL
                        GRTST 24HR     0.0         6 = FREEZING RAIN OR DRIZZLE
                        GRTST DEPTH:   0           7 = DUSTSTORM OR SANDSTORM:
                                                       VSBY 1/2 MILE OR LESS
                                                   8 = SMOKE OR HAZE
[NO. OF DAYS WITH]      [WEATHER - DAYS WITH]      9 = BLOWING SNOW
                                                   X = TORNADO
MAX 32 OR BELOW:   0    0.01 INCH OR MORE:   8
MAX 90 OR ABOVE:   2    0.10 INCH OR MORE:   2
MIN 32 OR BELOW:   0    0.50 INCH OR MORE:   1
MIN  0 OR BELOW:   0    1.00 INCH OR MORE:   0

[HDD (BASE 65) ]
TOTAL THIS MO.    76    CLEAR  (SCALE 0-3)  11
DPTR FM NORMAL     0    PTCLDY (SCALE 4-7)  14
TOTAL FM JUL 1    76    CLOUDY (SCALE 8-10)  5
DPTR FM NORMAL   -27

[CDD (BASE 65) ]
TOTAL THIS MO.    51
DPTR FM NORMAL    -8    [PRESSURE DATA]
TOTAL FM JAN 1   780    HIGHEST SLP 30.22 ON  7
DPTR FM NORMAL   358    LOWEST  SLP 29.79 ON 14

[REMARKS]
#FINAL-09-15#
