000
CXUS55 KPQR 011230
CF6PDX
PRELIMINARY LOCAL CLIMATOLOGICAL DATA (WS FORM: F-6)

                                          STATION:   PORTLAND OR
                                          MONTH:     MAY
                                          YEAR:      2012
                                          LATITUDE:   45 35 N
                                          LONGITUDE: 122 36 W

  TEMPERATURE IN F:       :PCPN:    SNOW:  WIND      :SUNSHINE: SKY     :PK WND
================================================================================
1   2   3   4   5  6A  6B    7    8   9   10  11  12  13   14  15   16   17  18
                                     12Z  AVG MX 2MIN
DY MAX MIN AVG DEP HDD CDD  WTR  SNW DPTH SPD SPD DIR MIN PSBL S-S WX    SPD DR
================================================================================

 1  54  44  49  -6  16   0 0.12    M    M  6.3 18 210   M    M   8        25 280
 2  57  42  50  -5  15   0 0.11    M    0  4.1 12 220   M    M   9        16 240
 3  59  47  53  -3  12   0 0.76    M    0 13.8 36 210   M    M   9 1      45 210
 4  54  43  49  -7  16   0 0.13    M    0  5.8 15 310   M    M   8        17 310
 5  57  44  51  -5  14   0    T    M    0  3.9 12 300   M    M   8 8      14 290
 6  69  41  55  -1  10   0 0.00  0.0    0  5.0 15 300   M    M   5 1      20 280
 7  80  44  62   6   3   0 0.00  0.0    0  3.7 10 290   M    M   3        13 270
 8  73  50  62   5   3   0 0.00  0.0    0  8.2 21 320   M    M   7        29 310
 9  60  44  52  -5  13   0 0.00  0.0    0 10.8 22 290   M    M   6        26 310
10  62  37  50  -7  15   0 0.00  0.0    0  7.5 18 320   M    M   2        25 310
11  76  42  59   2   6   0 0.00  0.0    0  3.5 12 280   M    M   1        15 270
12  84  46  65   7   0   0 0.00  0.0    0  4.1 16  90   M    M   1        20  90
13  87  51  69  11   0   4 0.00  0.0    0  4.7 14 300   M    M   3        17 300
14  88  55  72  14   0   7 0.00  0.0    0  4.5 14 320   M    M   2        20 320
15  78  50  64   6   1   0 0.00  0.0    0  5.3 17 320   M    M   5        22 310
16  74  49  62   4   3   0 0.00  0.0    0  6.6 15 320   M    M   6        20 310
17  68  45  57  -2   8   0 0.00  0.0    0  6.9 21 320   M    M   3 8      25 320
18  66  44  55  -4  10   0 0.00  0.0    0  4.7 10 290   M    M   6        15 320
19  71  45  58  -1   7   0 0.00  0.0    0  2.0  9 230   M    M   6        10 230
20  65  57  61   2   4   0 0.07  0.0    0  4.6 13 110   M    M  10        15 120
21  62  54  58  -1   7   0 0.35  0.0    0  9.0 18 220   M    M   9 18     23 220
22  59  51  55  -5  10   0 0.30  0.0    0 12.6 26 230   M    M  10 1      32 220
23  64  49  57  -3   8   0 0.01    M    0  9.6 20 260   M    M   9 3      24 280
24  59  50  55  -5  10   0 0.31  0.0    0  5.1 16 270   M    M   9 1      23 330
25  72  49  61   1   4   0 0.15    M    0  5.8 25  80   M    M   7 3      30  70
26  68  53  61   1   4   0 1.03  0.0    0  3.4 28  50   M    M   9 13     35  70
27  65  52  59  -1   6   0    T  0.0    0  4.4 13 300   M    M  10        15 310
28  63  51  57  -4   8   0    T  0.0    0  5.0 13 340   M    M   9        18 340
29  67  49  58  -3   7   0 0.00  0.0    0  3.9 10 310   M    M   7        14 330
30  73  53  63   2   2   0 0.00  0.0    0  2.3  8 280   M    M   9         9 290
31  72  58  65   4   0   0 0.03  0.0    0  3.3 10  90   M    M   9 1      12  90
================================================================================
SM 2106 1489       222  11  3.37     0.0 180.4          M      205
================================================================================
AV 67.9 48.0                               5.8 FASTST   M    M   7    MAX(MPH)
                                 MISC ---->  # 36 210               # 45  210
================================================================================
NOTES:
# LAST OF SEVERAL OCCURRENCES

COLUMN 17 PEAK WIND IN M.P.H.

PRELIMINARY LOCAL CLIMATOLOGICAL DATA (WS FORM: F-6) , PAGE 2

                                          STATION:  PORTLAND OR
                                          MONTH:    MAY
                                          YEAR:     2012
                                          LATITUDE:   45 35 N
                                          LONGITUDE: 122 36 W

[TEMPERATURE DATA]      [PRECIPITATION DATA]       SYMBOLS USED IN COLUMN 16

AVERAGE MONTHLY: 58.0   TOTAL FOR MONTH:   3.37    1 = FOG OR MIST
DPTR FM NORMAL:  -0.3   DPTR FM NORMAL:    0.90    2 = FOG REDUCING VISIBILITY
HIGHEST:    88 ON 14    GRTST 24HR  1.11 ON 25-26      TO 1/4 MILE OR LESS
LOWEST:     37 ON 10                               3 = THUNDER
                        SNOW, ICE PELLETS, HAIL    4 = ICE PELLETS
                        TOTAL MONTH:   0.0 INCH    5 = HAIL
                        GRTST 24HR     0.0         6 = FREEZING RAIN OR DRIZZLE
                        GRTST DEPTH:   0           7 = DUSTSTORM OR SANDSTORM:
                                                       VSBY 1/2 MILE OR LESS
                                                   8 = SMOKE OR HAZE
[NO. OF DAYS WITH]      [WEATHER - DAYS WITH]      9 = BLOWING SNOW
                                                   X = TORNADO
MAX 32 OR BELOW:   0    0.01 INCH OR MORE:  12
MAX 90 OR ABOVE:   0    0.10 INCH OR MORE:   9
MIN 32 OR BELOW:   0    0.50 INCH OR MORE:   2
MIN  0 OR BELOW:   0    1.00 INCH OR MORE:   1

[HDD (BASE 65) ]
TOTAL THIS MO.   222    CLEAR  (SCALE 0-3)   5
DPTR FM NORMAL    -2    PTCLDY (SCALE 4-7)  13
TOTAL FM JUL 1  4275    CLOUDY (SCALE 8-10) 13
DPTR FM NORMAL    88

[CDD (BASE 65) ]
TOTAL THIS MO.    11
DPTR FM NORMAL    -5    [PRESSURE DATA]
TOTAL FM JAN 1    16    HIGHEST SLP 30.54 ON  5
DPTR FM NORMAL    -1    LOWEST  SLP 29.58 ON  3

[REMARKS]
#FINAL-05-12#
