000
CXUS55 KPQR 212206
CF6PDX
PRELIMINARY LOCAL CLIMATOLOGICAL DATA (WS FORM: F-6)

                                          STATION:   PORTLAND OR
                                          MONTH:     JANUARY
                                          YEAR:      2012
                                          LATITUDE:   45 35 N
                                          LONGITUDE: 122 36 W

  TEMPERATURE IN F:       :PCPN:    SNOW:  WIND      :SUNSHINE: SKY     :PK WND
================================================================================
1   2   3   4   5  6A  6B    7    8   9   10  11  12  13   14  15   16   17  18
                                     12Z  AVG MX 2MIN
DY MAX MIN AVG DEP HDD CDD  WTR  SNW DPTH SPD SPD DIR MIN PSBL S-S WX    SPD DR
================================================================================

 1  51  34  43   3  22   0 0.00  0.0    0 13.4 28 100   M    M   8        35 100
 2  54  36  45   5  20   0    T    M    0 10.6 29 200   M    M   8 18     38 190
 3  50  43  47   7  18   0    T    M    0  9.6 21 110   M    M   8        25 110
 4  54  42  48   8  17   0 0.16    M    0  9.2 21 110   M    M   9 1      24 100
 5  51  34  43   3  22   0 0.02    M    0  4.7 13 210   M    M   6 1      17 210
 6  39  31  35  -5  30   0 0.12    M    0  3.8  9 100   M    M  10 12     10 100
 7  47  34  41   1  24   0    T    M    0  3.9  9 110   M    M   9 12     10 110
 8  45  34  40  -1  25   0 0.00  0.0    0  1.6  8 160   M    M   8 12      8 150
 9  43  35  39  -2  26   0 0.30    M    0  1.5  9 280   M    M   9 128    12 280
10  45  29  37  -4  28   0 0.02    M    0  1.7 10 300   M    M   6        12 300
11  46  29  38  -3  27   0 0.00    M    0 13.4 30 100   M    M   3        38 100
12  44  27  36  -5  29   0 0.00  0.0    0  4.8 20 120   M    M   4        22 130
13  43  26  35  -6  30   0 0.00  0.0    0  4.0 16 120   M    M   7        20 120
14  45  33  39  -2  26   0 0.13    M    0  7.5 21 210   M    M  10 1      26 220
15  38  30  34  -7  31   0    T    M    0  6.5 17 200   M    M   8 1      21 200
16  38  29  34  -8  31   0 0.08    M    0 11.0 21 200   M    M   9 1      26 200
17  40  32  36  -6  29   0 0.59    M  999  9.9 23 190   M    M   9 1      28 200
18  53  32  43   1  22   0 0.99    M    M 10.9 21 200   M    M  10 1      29 200
19  53  38  46   4  19   0 1.91    M    0  9.0 20 110   M    M  10 1      24 190
20  41  36  39  -3  26   0 0.60    M    0 16.7 26 110   M    M  10 1      32 110
21  53  40  47   5  18   0 0.05    M    0  9.6 21 250   M    M   8 1      26 250
22  48  37  43   1  22   0 0.35    M    0  9.9 25 110   M    M   9 1      32 110
23  40  33  37  -5  28   0 0.00    M    0  2.3 10 100   M    M   9 12     13 100
24  56  36  46   4  19   0 0.94    M    0 12.9 26 120   M    M   9 1      31 200
25  56  46  51   9  14   0 0.01    M    0  8.1 20 240   M    M  10        26 250
26  52  31  42   0  23   0 0.11    M    0  6.0 25 320   M    M   6 1      36 320
27  41  28  35  -7  30   0 0.00  0.0    0  1.8  9 320   M    M   5 128    12 310
28  47  28  38  -4  27   0 0.00  0.0    0  4.4 17 110   M    M   9 1      21 110
29  50  38  44   2  21   0 0.44    M    0 10.7 24 230   M    M  10 1      28 220
30  52  42  47   4  18   0    T    M    0  4.7 15 200   M    M   9        18 210
31  52  41  47   4  18   0    T    M    0  4.4 12  80   M    M  10        14  90
================================================================================
SM 1467 1064       740   0  6.82     0.0 228.5          M      255
================================================================================
AV 47.3 34.3                               7.4 FASTST   M    M   8    MAX(MPH)
                                 MISC ---->  # 30 100               # 38  190
================================================================================
NOTES:
# LAST OF SEVERAL OCCURRENCES

COLUMN 17 PEAK WIND IN M.P.H.

PRELIMINARY LOCAL CLIMATOLOGICAL DATA (WS FORM: F-6) , PAGE 2

                                          STATION:  PORTLAND OR
                                          MONTH:    JANUARY
                                          YEAR:     2012
                                          LATITUDE:   45 35 N
                                          LONGITUDE: 122 36 W

[TEMPERATURE DATA]      [PRECIPITATION DATA]       SYMBOLS USED IN COLUMN 16

AVERAGE MONTHLY: 40.8   TOTAL FOR MONTH:   6.82    1 = FOG OR MIST
DPTR FM NORMAL:  -0.6   DPTR FM NORMAL:    1.94    2 = FOG REDUCING VISIBILITY
HIGHEST:    56 ON 25,24 GRTST 24HR  1.93 ON 19-20      TO 1/4 MILE OR LESS
LOWEST:     26 ON 13                               3 = THUNDER
                        SNOW, ICE PELLETS, HAIL    4 = ICE PELLETS
                        TOTAL MONTH:   0.0 INCH    5 = HAIL
                        GRTST 24HR     0.0         6 = FREEZING RAIN OR DRIZZLE
                        GRTST DEPTH: 999 ON 17     7 = DUSTSTORM OR SANDSTORM:
                                                       VSBY 1/2 MILE OR LESS
                                                   8 = SMOKE OR HAZE
[NO. OF DAYS WITH]      [WEATHER - DAYS WITH]      9 = BLOWING SNOW
                                                   X = TORNADO
MAX 32 OR BELOW:   0    0.01 INCH OR MORE:  17
MAX 90 OR ABOVE:   0    0.10 INCH OR MORE:  12
MIN 32 OR BELOW:  12    0.50 INCH OR MORE:   5
MIN  0 OR BELOW:   0    1.00 INCH OR MORE:   1

[HDD (BASE 65) ]
TOTAL THIS MO.   740    CLEAR  (SCALE 0-3)   1
DPTR FM NORMAL     8    PTCLDY (SCALE 4-7)  11
TOTAL FM JUL 1  2470    CLOUDY (SCALE 8-10) 19
DPTR FM NORMAL     6

[CDD (BASE 65) ]
TOTAL THIS MO.     0
DPTR FM NORMAL     0    [PRESSURE DATA]
TOTAL FM JAN 1     0    HIGHEST SLP 30.64 ON 27
DPTR FM NORMAL     0    LOWEST  SLP 29.16 ON 20

[REMARKS]
#FINAL-01-12#
