000
CXUS55 KPQR 200057
CF6PDX
PRELIMINARY LOCAL CLIMATOLOGICAL DATA (WS FORM: F-6)

                                          STATION:   PORTLAND OR
                                          MONTH:     MARCH
                                          YEAR:      2012
                                          LATITUDE:   45 35 N
                                          LONGITUDE: 122 36 W

  TEMPERATURE IN F:       :PCPN:    SNOW:  WIND      :SUNSHINE: SKY     :PK WND
================================================================================
1   2   3   4   5  6A  6B    7    8   9   10  11  12  13   14  15   16   17  18
                                     12Z  AVG MX 2MIN
DY MAX MIN AVG DEP HDD CDD  WTR  SNW DPTH SPD SPD DIR MIN PSBL S-S WX    SPD DR
================================================================================

 1  45  32  39  -7  26   0 0.34    M    0  3.1  9 100   M    M   9 1      12  60
 2  48  37  43  -3  22   0    T    M    0  7.1 17 180   M    M  10 1      22 190
 3  56  44  50   4  15   0    T    M    0  5.4 16 200   M    M   9 12     18 210
 4  57  40  49   3  16   0 0.00    M    0  1.6  8 280   M    M   8 128     9 280
 5  48  37  43  -3  22   0 0.25    M    0 10.7 22 200   M    M   9 15     28 210
 6  49  33  41  -5  24   0 0.01    M    0  5.7 21 280   M    M   5        25 280
 7  51  28  40  -7  25   0 0.00    M    0  1.5  9 340   M    M   3        12 360
 8  66  32  49   2  16   0 0.00    M    0  6.9 20 110   M    M   5        23 110
 9  62  37  50   3  15   0 0.00    M    0  7.2 15 250   M    M   7 8      22 250
10  52  46  49   2  16   0 0.23    M    0 11.3 20 200   M    M  10        24 170
11  47  40  44  -3  21   0 0.14    M    0 12.5 22 210   M    M   9 18     28 220
12  51  36  44  -4  21   0 1.03    M    0 13.1 36 190   M    M  10 1      49 180
13  46  33  40  -8  25   0 0.21    M    0 10.9 30 220   M    M   7 1      37 220
14  43  37  40  -8  25   0 0.55    M    0 13.7 20 110   M    M  10 1      24 110
15  56  42  49   1  16   0 0.83    M    0 12.8 28 190   M    M  10 1      37 190
16  55  42  49   1  16   0 0.10    M    0  8.6 18 210   M    M   9 1      23 170
17  50  38  44  -4  21   0 0.16    M    0  6.8 21 200   M    M   8 1      29 200
18  45  32  39 -10  26   0 0.10    M    0  4.4 14 310   M    M   8 1      18 320
19  45  31  38 -11  27   0 0.15    M    0  9.9 18 110   M    M   9 1      22 110
20  49  38  44  -5  21   0 0.43    M    0  9.8 18 220   M    M  10 1      25 200
21  39  32  36 -13  29   0 0.77    M    0  4.7 14 130   M    M  10 1      17 130
22  48  32  40  -9  25   0 0.11    M    0  3.6  8  90   M    M   9        13  10
23  57  33  45  -4  20   0 0.00    M    0  3.9 18  80   M    M   6 12     22  90
24  64  44  54   5  11   0 0.00    M    0 12.1 26 100   M    M   8        33  90
25  55  42  49  -1  16   0    T    M    0  7.5 18 190   M    M  10        24 180
26  58  39  49  -1  16   0 0.02    M    0  7.7 23 230   M    M   7        30 230
27  55  46  51   1  14   0 0.14    M    0 10.1 23 200   M    M  10        35 180
28  55  44  50   0  15   0 0.10    M    0 13.8 35 200   M    M   9        41 200
29  54  47  51   1  14   0 1.09    M    0 13.4 28 190   M    M  10 1      37 190
30  55  42  49  -1  16   0 0.52    M    0  9.9 22 220   M    M  10 1      29 220
31  54  41  48  -2  17   0 0.61    M    0  8.4 22 290   M    M   9 1      26 300
================================================================================
SM 1615 1177       609   0  7.89    M    258.1          M      263
================================================================================
AV 52.1 38.0                               8.3 FASTST   M    M   8    MAX(MPH)
                                 MISC ---->  # 36 190               # 49  180
================================================================================
NOTES:
# LAST OF SEVERAL OCCURRENCES

COLUMN 17 PEAK WIND IN M.P.H.

PRELIMINARY LOCAL CLIMATOLOGICAL DATA (WS FORM: F-6) , PAGE 2

                                          STATION:  PORTLAND OR
                                          MONTH:    MARCH
                                          YEAR:     2012
                                          LATITUDE:   45 35 N
                                          LONGITUDE: 122 36 W

[TEMPERATURE DATA]      [PRECIPITATION DATA]       SYMBOLS USED IN COLUMN 16

AVERAGE MONTHLY: 45.0   TOTAL FOR MONTH:   7.89    1 = FOG OR MIST
DPTR FM NORMAL:  -3.2   DPTR FM NORMAL:    4.21    2 = FOG REDUCING VISIBILITY
HIGHEST:    66 ON  8    GRTST 24HR  1.46 ON 29-30      TO 1/4 MILE OR LESS
LOWEST:     28 ON  7                               3 = THUNDER
                        SNOW, ICE PELLETS, HAIL    4 = ICE PELLETS
                        TOTAL MONTH:    M          5 = HAIL
                        GRTST 24HR    M  ON   M    6 = FREEZING RAIN OR DRIZZLE
                        GRTST DEPTH:   0           7 = DUSTSTORM OR SANDSTORM:
                                                       VSBY 1/2 MILE OR LESS
                                                   8 = SMOKE OR HAZE
[NO. OF DAYS WITH]      [WEATHER - DAYS WITH]      9 = BLOWING SNOW
                                                   X = TORNADO
MAX 32 OR BELOW:   0    0.01 INCH OR MORE:  22
MAX 90 OR ABOVE:   0    0.10 INCH OR MORE:  20
MIN 32 OR BELOW:   7    0.50 INCH OR MORE:   7
MIN  0 OR BELOW:   0    1.00 INCH OR MORE:   2

[HDD (BASE 65) ]
TOTAL THIS MO.   609    CLEAR  (SCALE 0-3)   1
DPTR FM NORMAL    87    PTCLDY (SCALE 4-7)  10
TOTAL FM JUL 1  3697    CLOUDY (SCALE 8-10) 20
DPTR FM NORMAL   117

[CDD (BASE 65) ]
TOTAL THIS MO.     0
DPTR FM NORMAL     0    [PRESSURE DATA]
TOTAL FM JAN 1     0    HIGHEST SLP 30.50 ON  2
DPTR FM NORMAL     0    LOWEST  SLP 29.32 ON 16

[REMARKS]
#FINAL-03-12#
