000
CXUS55 KPQR 011230
CF6PDX
PRELIMINARY LOCAL CLIMATOLOGICAL DATA (WS FORM: F-6)

                                          STATION:   PORTLAND OR
                                          MONTH:     JUNE
                                          YEAR:      2012
                                          LATITUDE:   45 35 N
                                          LONGITUDE: 122 36 W

  TEMPERATURE IN F:       :PCPN:    SNOW:  WIND      :SUNSHINE: SKY     :PK WND
================================================================================
1   2   3   4   5  6A  6B    7    8   9   10  11  12  13   14  15   16   17  18
                                     12Z  AVG MX 2MIN
DY MAX MIN AVG DEP HDD CDD  WTR  SNW DPTH SPD SPD DIR MIN PSBL S-S WX    SPD DR
================================================================================

 1  76  59  68   7   0   3 0.07  0.0    0  5.7 15 320   M    M   9 1      18 330
 2  66  51  59  -2   6   0 0.01  0.0    0  3.7 12 350   M    M   9        11 300
 3  64  50  57  -5   8   0 0.01  0.0    0  2.5  9 310   M    M  10        12 310
 4  61  49  55  -7  10   0 0.56    M    0  5.6 22 310   M    M  10 1      26 310
 5  64  48  56  -6   9   0 0.22    M    0  7.1 22 310   M    M   7 18     28 300
 6  66  46  56  -6   9   0 0.00  0.0    0  5.6 13 120   M    M   7        20 240
 7  66  52  59  -3   6   0 0.48  0.0    0 10.6 22 230   M    M   9 1      25 260
 8  56  47  52 -10  13   0 0.63    M    0  7.9 22 190   M    M   9 138    31 280
 9  65  47  56  -6   9   0    T    M    0  6.7 15 320   M    M   7        20 310
10  69  47  58  -4   7   0 0.00  0.0    0  4.4 13 280   M    M   7        15 320
11  77  51  64   1   1   0 0.00  0.0    0  2.5  8 330   M    M   6        12 320
12  66  54  60  -3   5   0 0.26  0.0    0  3.1  9 200   M    M  10 18     12 200
13  64  51  58  -5   7   0 0.00  0.0    0  6.3 16 310   M    M   6 8      20 360
14  68  48  58  -5   7   0 0.00  0.0    0  6.1 13 310   M    M   5        17 330
15  80  50  65   2   0   0 0.00  0.0    0  4.4 12 330   M    M   4        16 320
16  85  60  73   9   0   8    T  0.0    0  2.7 13 320   M    M   8        17 320
17  73  58  66   2   0   1 0.00  0.0    0  6.4 17 260   M    M   8        21 340
18  66  53  60  -4   5   0 0.16  0.0    0  7.9 17 270   M    M   9 1      22 270
19  64  53  59  -5   6   0 0.02  0.0    0  6.0 20 290   M    M   8 1      23 290
20  81  50  66   2   0   1 0.00  0.0    0  4.2 10 280   M    M   5        13 320
21  81  57  69   5   0   4 0.00  0.0    0  5.4 12 320   M    M   7        18  80
22  66  58  62  -3   3   0 0.08  0.0    0  5.8 12 220   M    M  10 1      15 230
23  64  52  58  -7   7   0 0.79  0.0    0  5.2 14 270   M    M   8 18     22 250
24  69  54  62  -3   3   0 0.11  0.0    0  4.2 14 320   M    M   8 1      26  90
25  66  55  61  -4   4   0 0.02  0.0    0  4.1 12 250   M    M   9        15 270
26  65  53  59  -7   6   0 0.35  0.0    0  4.8 16 220   M    M   8 1      21 210
27  78  52  65  -1   0   0 0.00  0.0    0  3.9 12 280   M    M   6        15 270
28  76  53  65  -1   0   0    T  0.0    0  6.0 15 220   M    M   7        20 230
29  77  62  70   4   0   5    T  0.0    0  4.4 12 280   M    M  10        14 270
30  72  62  67   1   0   2 0.33  0.0    0  3.0 10 190   M    M  10 1      13 190
================================================================================
SM 2091 1582       131  24  4.10     0.0 156.2          M      236
================================================================================
AV 69.7 52.7                               5.2 FASTST   M    M   8    MAX(MPH)
                                 MISC ---->  # 22 310               # 31  280
================================================================================
NOTES:
# LAST OF SEVERAL OCCURRENCES

COLUMN 17 PEAK WIND IN M.P.H.

PRELIMINARY LOCAL CLIMATOLOGICAL DATA (WS FORM: F-6) , PAGE 2

                                          STATION:  PORTLAND OR
                                          MONTH:    JUNE
                                          YEAR:     2012
                                          LATITUDE:   45 35 N
                                          LONGITUDE: 122 36 W

[TEMPERATURE DATA]      [PRECIPITATION DATA]       SYMBOLS USED IN COLUMN 16

AVERAGE MONTHLY: 61.2   TOTAL FOR MONTH:   4.10    1 = FOG OR MIST
DPTR FM NORMAL:  -2.4   DPTR FM NORMAL:    2.40    2 = FOG REDUCING VISIBILITY
HIGHEST:    85 ON 16    GRTST 24HR  0.87 ON 22-23      TO 1/4 MILE OR LESS
LOWEST:     46 ON  6                               3 = THUNDER
                        SNOW, ICE PELLETS, HAIL    4 = ICE PELLETS
                        TOTAL MONTH:   0.0 INCH    5 = HAIL
                        GRTST 24HR     0.0         6 = FREEZING RAIN OR DRIZZLE
                        GRTST DEPTH:   0           7 = DUSTSTORM OR SANDSTORM:
                                                       VSBY 1/2 MILE OR LESS
                                                   8 = SMOKE OR HAZE
[NO. OF DAYS WITH]      [WEATHER - DAYS WITH]      9 = BLOWING SNOW
                                                   X = TORNADO
MAX 32 OR BELOW:   0    0.01 INCH OR MORE:  16
MAX 90 OR ABOVE:   0    0.10 INCH OR MORE:  10
MIN 32 OR BELOW:   0    0.50 INCH OR MORE:   3
MIN  0 OR BELOW:   0    1.00 INCH OR MORE:   0

[HDD (BASE 65) ]
TOTAL THIS MO.   131    CLEAR  (SCALE 0-3)   0
DPTR FM NORMAL    40    PTCLDY (SCALE 4-7)  16
TOTAL FM JUL 1  4406    CLOUDY (SCALE 8-10) 14
DPTR FM NORMAL   128

[CDD (BASE 65) ]
TOTAL THIS MO.    24
DPTR FM NORMAL   -23    [PRESSURE DATA]
TOTAL FM JAN 1    40    HIGHEST SLP 30.30 ON 10
DPTR FM NORMAL   -24    LOWEST  SLP 29.71 ON  4

[REMARKS]
#FINAL-06-12#
