000
CXUS55 KPQR 011230
CF6PDX
PRELIMINARY LOCAL CLIMATOLOGICAL DATA (WS FORM: F-6)

                                          STATION:   PORTLAND OR
                                          MONTH:     NOVEMBER
                                          YEAR:      2012
                                          LATITUDE:   45 35 N
                                          LONGITUDE: 122 36 W

  TEMPERATURE IN F:       :PCPN:    SNOW:  WIND      :SUNSHINE: SKY     :PK WND
================================================================================
1   2   3   4   5  6A  6B    7    8   9   10  11  12  13   14  15   16   17  18
                                     12Z  AVG MX 2MIN
DY MAX MIN AVG DEP HDD CDD  WTR  SNW DPTH SPD SPD DIR MIN PSBL S-S WX    SPD DR
================================================================================

 1  62  52  57   7   8   0 0.28  0.0    0 11.2 25 200   M    M   9 1      31 200
 2  63  50  57   7   8   0 0.15  0.0    0  5.4 14 110   M    M   9 1      17 130
 3  63  54  59   9   6   0 0.17  0.0    0  7.0 13 200   M    M  10 1      16 210
 4  66  58  62  12   3   0    T  0.0    0  7.5 14 110   M    M   9 8      16 110
 5  64  53  59  10   6   0 0.04  0.0    0  5.0 12 280   M    M   9 1      14 330
 6  59  52  56   7   9   0 0.10  0.0    0  3.1 10 320   M    M  10 12     14 310
 7  57  40  49   0  16   0    T    M    0  2.7 10 310   M    M   5 1      17 300
 8  51  38  45  -4  20   0    T    M    0  2.9  8 300   M    M   7 12     10 300
 9  47  37  42  -6  23   0 0.00  0.0    0  2.2  8 310   M    M   9 18      9 330
10  46  37  42  -6  23   0 0.00  0.0    0  2.3  9 310   M    M   9 18     10 310
11  47  39  43  -5  22   0 0.53    M    0 10.4 20 110   M    M  10 1      24 110
12  53  44  49   1  16   0 0.65    M    0  9.0 20 110   M    M  10 1      24 110
13  54  47  51   4  14   0    T    M    0  6.1 13 120   M    M  10        15 110
14  57  42  50   3  15   0 0.00  0.0    0  3.1  9 290   M    M   6 128    10 290
15  54  39  47   0  18   0 0.00  0.0    0  8.5 18 100   M    M   6 12     24 110
16  51  41  46  -1  19   0 0.00  0.0    0  9.7 22 120   M    M   9        24 120
17  50  44  47   1  18   0 0.76    M    0 14.1 23 110   M    M   9 1      26 110
18  54  45  50   4  15   0 0.56    M    0 11.9 22 190   M    M  10 1      28 200
19  59  49  54   8  11   0 1.86    M    0 12.7 26 210   M    M  10 1      39 170
20  58  47  53   7  12   0 0.49    M    0 12.5 24 230   M    M   9 15     31 230
21  50  38  44  -1  21   0 0.45    M    0  8.3 17 190   M    M   6 18     25 220
22  50  35  43  -2  22   0 0.00  0.0    0  7.4 16 120   M    M   8 1      20 120
23  53  42  48   3  17   0 1.12    M    0  7.7 17 120   M    M  10 1      21 180
24  53  38  46   2  19   0 0.20    M    0  2.2 14 130   M    M   9 1      16 250
25  50  38  44   0  21   0 0.00  0.0    0  3.8 20  90   M    M   8 1      24 100
26  51  40  46   2  19   0 0.00  0.0    0 14.9 25 100   M    M   5        32 100
27  47  35  41  -3  24   0 0.00  0.0    0  6.4 16 100   M    M   8        20 100
28  46  38  42  -1  23   0 0.04    M    0 11.0 25 100   M    M  10 1      32 110
29  46  42  44   1  21   0 0.29    M    0 13.6 24 110   M    M  10 1      29 110
30  61  44  53  10  12   0 0.54    M    0 12.8 24 220   M    M   9 1      35 210
================================================================================
SM 1622 1298       481   0  8.23     0.0 235.4          M      258
================================================================================
AV 54.1 43.3                               7.8 FASTST   M    M   9    MAX(MPH)
                                 MISC ---->  # 26 210               # 39  170
================================================================================
NOTES:
# LAST OF SEVERAL OCCURRENCES

COLUMN 17 PEAK WIND IN M.P.H.

PRELIMINARY LOCAL CLIMATOLOGICAL DATA (WS FORM: F-6) , PAGE 2

                                          STATION:  PORTLAND OR
                                          MONTH:    NOVEMBER
                                          YEAR:     2012
                                          LATITUDE:   45 35 N
                                          LONGITUDE: 122 36 W

[TEMPERATURE DATA]      [PRECIPITATION DATA]       SYMBOLS USED IN COLUMN 16

AVERAGE MONTHLY: 48.7   TOTAL FOR MONTH:   8.23    1 = FOG OR MIST
DPTR FM NORMAL:   2.1   DPTR FM NORMAL:    2.60    2 = FOG REDUCING VISIBILITY
HIGHEST:    66 ON  4    GRTST 24HR  2.14 ON 18-19      TO 1/4 MILE OR LESS
LOWEST:     35 ON 27,22                            3 = THUNDER
                        SNOW, ICE PELLETS, HAIL    4 = ICE PELLETS
                        TOTAL MONTH:   0.0 INCH    5 = HAIL
                        GRTST 24HR     0.0         6 = FREEZING RAIN OR DRIZZLE
                        GRTST DEPTH:   0           7 = DUSTSTORM OR SANDSTORM:
                                                       VSBY 1/2 MILE OR LESS
                                                   8 = SMOKE OR HAZE
[NO. OF DAYS WITH]      [WEATHER - DAYS WITH]      9 = BLOWING SNOW
                                                   X = TORNADO
MAX 32 OR BELOW:   0    0.01 INCH OR MORE:  17
MAX 90 OR ABOVE:   0    0.10 INCH OR MORE:  15
MIN 32 OR BELOW:   0    0.50 INCH OR MORE:   7
MIN  0 OR BELOW:   0    1.00 INCH OR MORE:   2

[HDD (BASE 65) ]
TOTAL THIS MO.   481    CLEAR  (SCALE 0-3)   0
DPTR FM NORMAL   -70    PTCLDY (SCALE 4-7)   9
TOTAL FM JUL 1   809    CLOUDY (SCALE 8-10) 21
DPTR FM NORMAL  -160

[CDD (BASE 65) ]
TOTAL THIS MO.     0
DPTR FM NORMAL     0    [PRESSURE DATA]
TOTAL FM JAN 1   436    HIGHEST SLP 30.37 ON 22
DPTR FM NORMAL    12    LOWEST  SLP 29.43 ON 30

[REMARKS]
#FINAL-11-12#
