000
CXUS55 KPQR 011230
CF6PDX
PRELIMINARY LOCAL CLIMATOLOGICAL DATA (WS FORM: F-6)

                                          STATION:   PORTLAND OR
                                          MONTH:     APRIL
                                          YEAR:      2012
                                          LATITUDE:   45 35 N
                                          LONGITUDE: 122 36 W

  TEMPERATURE IN F:       :PCPN:    SNOW:  WIND      :SUNSHINE: SKY     :PK WND
================================================================================
1   2   3   4   5  6A  6B    7    8   9   10  11  12  13   14  15   16   17  18
                                     12Z  AVG MX 2MIN
DY MAX MIN AVG DEP HDD CDD  WTR  SNW DPTH SPD SPD DIR MIN PSBL S-S WX    SPD DR
================================================================================

 1  51  41  46  -4  19   0 0.05    M    0 12.0 29 190   M    M   8        35 190
 2  61  41  51   1  14   0 0.00    M    0 11.1 21 120   M    M   7        24 110
 3  52  40  46  -4  19   0 0.24    M    0  8.6 21 310   M    M   9 1      25 120
 4  50  39  45  -6  20   0 0.18    M    0  7.3 20 250   M    M   9 1      25 240
 5  48  39  44  -7  21   0 0.34    M    0  5.0 21 310   M    M   8 15     25 300
 6  52  36  44  -7  21   0    T    M    0  4.1 18 220   M    M   7        23 210
 7  63  31  47  -4  18   0 0.00    M    0  8.5 21  80   M    M   6 1      26  80
 8  68  50  59   8   6   0 0.00    M    0 12.3 23  90   M    M   8        28  90
 9  67  44  56   5   9   0 0.00    M    0  4.5 12 320   M    M   8        15 320
10  65  48  57   6   8   0 0.02    M    0  5.0 20 240   M    M  10 8      25 240
11  55  46  51   0  14   0 0.48    M    0  4.5 17 190   M    M  10 1      20 200
12  59  42  51  -1  14   0    T    M    0  7.5 21 230   M    M   7 1      28 200
13  63  39  51  -1  14   0    T    M    0  3.3 23 310   M    M   7 1      28 320
14  63  41  52   0  13   0 0.00    M    0  3.6 15 310   M    M   5        18 310
15  66  43  55   3  10   0 0.12    M    0  3.0 15 230   M    M   9 1      17 230
16  61  46  54   2  11   0 0.40    M    0  9.6 20 240   M    M   8 18     23 260
17  51  40  46  -6  19   0 0.15    M    0  5.0 14 150   M    M   8 1      17 150
18  59  47  53   1  12   0 0.05    M    0  7.1 15 250   M    M   8 1      18 250
19  59  43  51  -2  14   0 0.49    M    0  8.0 17 220   M    M   9 1      22 210
20  58  47  53   0  12   0 0.03    M    0  6.3 14 210   M    M   8 1      17 320
21  75  46  61   8   4   0 0.00  0.0    0  2.5  8 270   M    M   6 18     10 270
22  82  49  66  13   0   1 0.00  0.0    0  2.5 10 330   M    M   4 1      17 240
23  82  55  69  16   0   4 0.00  0.0    0  5.7 14 320   M    M   7        18 330
24  64  56  60   6   5   0 0.10  0.0    0  8.0 17 200   M    M   9 1      21 200
25  67  52  60   6   5   0 0.11  0.0    0  8.7 16 230   M    M  10        23 250
26  59  46  53  -1  12   0 0.27    M    0  9.8 29 250   M    M   8 15     37 250
27  57  42  50  -4  15   0 0.02    M    0  5.4 17 300   M    M   8        20 300
28  64  49  57   3   8   0    T    M    0  4.0 10 280   M    M   9 1      13 280
29  65  52  59   4   6   0 0.09  0.0    0  3.7 16 230   M    M   9        22 230
30  59  45  52  -3  13   0 0.11    M    M 12.7 24 280   M    M   8 1      31 250
================================================================================
SM 1845 1335       356   5  3.25     0.0 199.3          M      237
================================================================================
AV 61.5 44.5                               6.6 FASTST   M    M   8    MAX(MPH)
                                 MISC ---->  # 29 190               # 37  250
================================================================================
NOTES:
# LAST OF SEVERAL OCCURRENCES

COLUMN 17 PEAK WIND IN M.P.H.

PRELIMINARY LOCAL CLIMATOLOGICAL DATA (WS FORM: F-6) , PAGE 2

                                          STATION:  PORTLAND OR
                                          MONTH:    APRIL
                                          YEAR:     2012
                                          LATITUDE:   45 35 N
                                          LONGITUDE: 122 36 W

[TEMPERATURE DATA]      [PRECIPITATION DATA]       SYMBOLS USED IN COLUMN 16

AVERAGE MONTHLY: 53.0   TOTAL FOR MONTH:   3.25    1 = FOG OR MIST
DPTR FM NORMAL:   0.7   DPTR FM NORMAL:    0.52    2 = FOG REDUCING VISIBILITY
HIGHEST:    82 ON 23,22 GRTST 24HR  0.56 ON 31- 1      TO 1/4 MILE OR LESS
LOWEST:     31 ON  7                               3 = THUNDER
                        SNOW, ICE PELLETS, HAIL    4 = ICE PELLETS
                        TOTAL MONTH:   0.0 INCH    5 = HAIL
                        GRTST 24HR     0.0         6 = FREEZING RAIN OR DRIZZLE
                        GRTST DEPTH:   0           7 = DUSTSTORM OR SANDSTORM:
                                                       VSBY 1/2 MILE OR LESS
                                                   8 = SMOKE OR HAZE
[NO. OF DAYS WITH]      [WEATHER - DAYS WITH]      9 = BLOWING SNOW
                                                   X = TORNADO
MAX 32 OR BELOW:   0    0.01 INCH OR MORE:  18
MAX 90 OR ABOVE:   0    0.10 INCH OR MORE:  12
MIN 32 OR BELOW:   1    0.50 INCH OR MORE:   0
MIN  0 OR BELOW:   0    1.00 INCH OR MORE:   0

[HDD (BASE 65) ]
TOTAL THIS MO.   356    CLEAR  (SCALE 0-3)   0
DPTR FM NORMAL   -27    PTCLDY (SCALE 4-7)  13
TOTAL FM JUL 1  4053    CLOUDY (SCALE 8-10) 17
DPTR FM NORMAL    90

[CDD (BASE 65) ]
TOTAL THIS MO.     5
DPTR FM NORMAL     4    [PRESSURE DATA]
TOTAL FM JAN 1     5    HIGHEST SLP M ON M
DPTR FM NORMAL     4    LOWEST  SLP 29.63 ON 26

[REMARKS]
#FINAL-04-12#
