000
CXUS55 KPQR 011230
CF6PDX
PRELIMINARY LOCAL CLIMATOLOGICAL DATA (WS FORM: F-6)

                                          STATION:   PORTLAND OR
                                          MONTH:     JULY
                                          YEAR:      2012
                                          LATITUDE:   45 35 N
                                          LONGITUDE: 122 36 W

  TEMPERATURE IN F:       :PCPN:    SNOW:  WIND      :SUNSHINE: SKY     :PK WND
================================================================================
1   2   3   4   5  6A  6B    7    8   9   10  11  12  13   14  15   16   17  18
                                     12Z  AVG MX 2MIN
DY MAX MIN AVG DEP HDD CDD  WTR  SNW DPTH SPD SPD DIR MIN PSBL S-S WX    SPD DR
================================================================================

 1  69  57  63  -4   2   0 0.02  0.0    0  5.4 12 300   M    M   8 1      22  90
 2  72  56  64  -3   1   0 0.01  0.0    0  5.3 15 200   M    M   9        18 210
 3  68  54  61  -6   4   0    T  0.0    0  9.2 22 210   M    M   7        26 210
 4  75  50  63  -4   2   0 0.00  0.0    0  5.4 12 280   M    M   3 8      16 290
 5  81  54  68   0   0   3 0.00  0.0    0  4.5 13 280   M    M   2        16 290
 6  82  56  69   1   0   4 0.00  0.0    0  6.4 13 280   M    M   2        16 350
 7  87  57  72   4   0   7 0.00  0.0    0  6.4 14 320   M    M   1        17 320
 8  88  61  75   7   0  10 0.00  0.0    0  7.0 17 310   M    M   2        20 310
 9  82  57  70   2   0   5 0.00  0.0    0  7.3 14 320   M    M   3        17 330
10  82  55  69   1   0   4 0.00  0.0    0  6.6 18 320   M    M   3        23 320
11  86  59  73   4   0   8 0.00  0.0    0  5.4 16 310   M    M   2 18     21 320
12  83  58  71   2   0   6 0.00  0.0    0  5.3 10 290   M    M   3        15 360
13  80  57  69   0   0   4 0.00  0.0    0  4.9 10 320   M    M   5        17 360
14  82  59  71   2   0   6 0.00  0.0    0  2.8 12 310   M    M   5        16  90
15  73  59  66  -3   0   1 0.11  0.0    0  2.8 14 320   M    M   9 18     18 310
16  80  56  68  -2   0   3 0.00  0.0    0  5.7 14 310   M    M   6        22 340
17  81  65  73   3   0   8 0.00  0.0    0  4.1 14 210   M    M   8        25  10
18  72  63  68  -2   0   3 0.00  0.0    0  4.7 12 180   M    M  10        18 240
19  80  62  71   1   0   6 0.03  0.0    0  5.0 13 320   M    M   8 3      18 320
20  72  62  67  -3   0   2 0.04  0.0    0  6.3 15 190   M    M   9 3      26  30
21  80  61  71   1   0   6 0.00  0.0    0  5.1 12 320   M    M   5        16 320
22  70  58  64  -6   1   0 0.00  0.0    0  6.7 17 310   M    M   8        22 320
23  71  50  61  -9   4   0 0.00  0.0    0  5.8 18 330   M    M   4        24 320
24  81  56  69  -1   0   4 0.00  0.0    0  6.8 17 320   M    M   2        23 320
25  86  57  72   2   0   7 0.00  0.0    0  4.4  9 310   M    M   1        13 330
26  83  59  71   1   0   6 0.00  0.0    0  4.7 12 320   M    M   5 18     16 360
27  72  60  66  -5   0   1    T  0.0    0  2.0 10 340   M    M   9        12  30
28  79  60  70  -1   0   5 0.00  0.0    0  7.8 16 310   M    M   5        20 320
29  76  60  68  -3   0   3 0.00  0.0    0  5.0 12 280   M    M   5        16 280
30  73  58  66  -5   0   1 0.00  0.0    0  7.2 13 320   M    M   5        16 320
31  78  56  67  -4   0   2 0.00  0.0    0  7.1 13 290   M    M   4        17 320
================================================================================
SM 2424 1792        14 115  0.21     0.0 173.1          M      158
================================================================================
AV 78.2 57.8                               5.6 FASTST   M    M   5    MAX(MPH)
                                 MISC ---->  # 22 210               # 26  210
================================================================================
NOTES:
# LAST OF SEVERAL OCCURRENCES

COLUMN 17 PEAK WIND IN M.P.H.

PRELIMINARY LOCAL CLIMATOLOGICAL DATA (WS FORM: F-6) , PAGE 2

                                          STATION:  PORTLAND OR
                                          MONTH:    JULY
                                          YEAR:     2012
                                          LATITUDE:   45 35 N
                                          LONGITUDE: 122 36 W

[TEMPERATURE DATA]      [PRECIPITATION DATA]       SYMBOLS USED IN COLUMN 16

AVERAGE MONTHLY: 68.0   TOTAL FOR MONTH:   0.21    1 = FOG OR MIST
DPTR FM NORMAL:  -1.2   DPTR FM NORMAL:   -0.44    2 = FOG REDUCING VISIBILITY
HIGHEST:    88 ON  8    GRTST 24HR  0.35 ON 30- 1      TO 1/4 MILE OR LESS
LOWEST:     50 ON 23, 4                            3 = THUNDER
                        SNOW, ICE PELLETS, HAIL    4 = ICE PELLETS
                        TOTAL MONTH:   0.0 INCH    5 = HAIL
                        GRTST 24HR     0.0         6 = FREEZING RAIN OR DRIZZLE
                        GRTST DEPTH:   0           7 = DUSTSTORM OR SANDSTORM:
                                                       VSBY 1/2 MILE OR LESS
                                                   8 = SMOKE OR HAZE
[NO. OF DAYS WITH]      [WEATHER - DAYS WITH]      9 = BLOWING SNOW
                                                   X = TORNADO
MAX 32 OR BELOW:   0    0.01 INCH OR MORE:   5
MAX 90 OR ABOVE:   0    0.10 INCH OR MORE:   1
MIN 32 OR BELOW:   0    0.50 INCH OR MORE:   0
MIN  0 OR BELOW:   0    1.00 INCH OR MORE:   0

[HDD (BASE 65) ]
TOTAL THIS MO.    14    CLEAR  (SCALE 0-3)  10
DPTR FM NORMAL    -3    PTCLDY (SCALE 4-7)  14
TOTAL FM JUL 1    14    CLOUDY (SCALE 8-10)  7
DPTR FM NORMAL    -3

[CDD (BASE 65) ]
TOTAL THIS MO.   115
DPTR FM NORMAL   -32    [PRESSURE DATA]
TOTAL FM JAN 1   155    HIGHEST SLP 30.26 ON 23
DPTR FM NORMAL   -56    LOWEST  SLP 29.75 ON 16

[REMARKS]
#FINAL-07-12#
