000
CXUS55 KPQR 011230
CF6PDX
PRELIMINARY LOCAL CLIMATOLOGICAL DATA (WS FORM: F-6)

                                          STATION:   PORTLAND OR
                                          MONTH:     JANUARY
                                          YEAR:      2013
                                          LATITUDE:   45 35 N
                                          LONGITUDE: 122 36 W

  TEMPERATURE IN F:       :PCPN:    SNOW:  WIND      :SUNSHINE: SKY     :PK WND
================================================================================
1   2   3   4   5  6A  6B    7    8   9   10  11  12  13   14  15   16   17  18
                                     12Z  AVG MX 2MIN
DY MAX MIN AVG DEP HDD CDD  WTR  SNW DPTH SPD SPD DIR MIN PSBL S-S WX    SPD DR
================================================================================

 1  40  23  32  -8  33   0 0.00  0.0    0  7.3 20 100   M    M   3 12     25 110
 2  41  32  37  -3  28   0 0.00  0.0    0 17.7 30 100   M    M   1        36 100
 3  40  32  36  -4  29   0    T    M    0 17.8 29 100   M    M   4        35 100
 4  42  34  38  -2  27   0 0.02    M    0  9.4 21 120   M    M   8 1      25 120
 5  38  34  36  -4  29   0 0.02    M    0 12.3 29 100   M    M  10        33 110
 6  40  34  37  -3  28   0 0.19    M    0  7.3 16 110   M    M  10 1      18 110
 7  53  39  46   6  19   0 0.07    M    0 11.5 25 200   M    M  10 1      32 200
 8  55  44  50   9  15   0 0.14    M    0 10.5 21 190   M    M  10 1      26 180
 9  53  36  45   4  20   0 0.22    M    0  7.7 22 200   M    M   9 1      30 220
10  40  33  37  -4  28   0 0.16    M    0  2.4  8 180   M    M   9 1       9 180
11  40  29  35  -6  30   0 0.00  0.0    0  2.0  8  60   M    M   6 1       9  50
12  34  26  30 -11  35   0 0.00  0.0    0  1.9  9 300   M    M   7 18     12 280
13  34  26  30 -11  35   0    T    M    0  2.4  9 300   M    M   8 1      12 300
14  34  29  32  -9  33   0 0.03    M    0  2.7  9 170   M    M  10 18     10 180
15  38  34  36  -5  29   0 0.01    M    0  3.0  9 310   M    M  10 1      10 310
16  37  34  36  -6  29   0 0.00  0.0    0  1.2  6 300   M    M  10 18      7 300
17  44  31  38  -4  27   0 0.00  0.0    0  2.6 10 110   M    M   5 1      12 110
18  46  26  36  -6  29   0 0.00  0.0    0  0.8  6 100   M    M   3 18      7 100
19  37  25  31 -11  34   0 0.00  0.0    0  1.9  8 280   M    M   8 128     8 280
20  42  27  35  -7  30   0 0.00  0.0    0  1.5  7 140   M    M   6 128     9 110
21  42  23  33  -9  32   0 0.00  0.0    0  5.1 18 120   M    M   1 1      23 130
22  42  24  33  -9  32   0 0.00  0.0    0  6.8 16 130   M    M   6 1      21 130
23  36  32  34  -8  31   0 0.21    M    0  9.4 18 110   M    M  10 1      22 120
24  44  34  39  -3  26   0 0.26    M    0  2.8 16 130   M    M  10 12     20 130
25  46  36  41  -1  24   0 0.24    M    0  8.6 15 110   M    M   9 12     18 120
26  47  38  43   1  22   0 0.03    M    0  6.0 18 210   M    M   9 12     21 200
27  43  37  40  -2  25   0 0.15    M    0  5.2 14 220   M    M  10 1      20 220
28  45  40  43   1  22   0 1.00    M    0  2.6  8 220   M    M  10 1      12 210
29  48  43  46   4  19   0 0.47    M    0  6.8 15 200   M    M  10 1      18 220
30  50  44  47   4  18   0 0.27    M    0  5.7 18 200   M    M  10 1      23 200
31  52  43  48   5  17   0    T    M    0  3.3 10  80   M    M   9 12     12  90
================================================================================
SM 1323 1022       835   0  3.49     0.0 186.2          M      241
================================================================================
AV 42.7 33.0                               6.0 FASTST   M    M   8    MAX(MPH)
                                 MISC ---->  # 30 100               # 36  100
================================================================================
NOTES:
# LAST OF SEVERAL OCCURRENCES

COLUMN 17 PEAK WIND IN M.P.H.

PRELIMINARY LOCAL CLIMATOLOGICAL DATA (WS FORM: F-6) , PAGE 2

                                          STATION:  PORTLAND OR
                                          MONTH:    JANUARY
                                          YEAR:     2013
                                          LATITUDE:   45 35 N
                                          LONGITUDE: 122 36 W

[TEMPERATURE DATA]      [PRECIPITATION DATA]       SYMBOLS USED IN COLUMN 16

AVERAGE MONTHLY: 37.8   TOTAL FOR MONTH:   3.49    1 = FOG OR MIST
DPTR FM NORMAL:  -3.6   DPTR FM NORMAL:   -1.39    2 = FOG REDUCING VISIBILITY
HIGHEST:    55 ON  8    GRTST 24HR  1.19 ON 28-29      TO 1/4 MILE OR LESS
LOWEST:     23 ON 21, 1                            3 = THUNDER
                        SNOW, ICE PELLETS, HAIL    4 = ICE PELLETS
                        TOTAL MONTH:   0.0 INCH    5 = HAIL
                        GRTST 24HR     0.0         6 = FREEZING RAIN OR DRIZZLE
                        GRTST DEPTH:   0           7 = DUSTSTORM OR SANDSTORM:
                                                       VSBY 1/2 MILE OR LESS
                                                   8 = SMOKE OR HAZE
[NO. OF DAYS WITH]      [WEATHER - DAYS WITH]      9 = BLOWING SNOW
                                                   X = TORNADO
MAX 32 OR BELOW:   0    0.01 INCH OR MORE:  17
MAX 90 OR ABOVE:   0    0.10 INCH OR MORE:  11
MIN 32 OR BELOW:  14    0.50 INCH OR MORE:   1
MIN  0 OR BELOW:   0    1.00 INCH OR MORE:   1

[HDD (BASE 65) ]
TOTAL THIS MO.   835    CLEAR  (SCALE 0-3)   3
DPTR FM NORMAL   103    PTCLDY (SCALE 4-7)  10
TOTAL FM JUL 1  2328    CLOUDY (SCALE 8-10) 18
DPTR FM NORMAL  -136

[CDD (BASE 65) ]
TOTAL THIS MO.     0
DPTR FM NORMAL     0    [PRESSURE DATA]
TOTAL FM JAN 1     0    HIGHEST SLP 30.68 ON 16
DPTR FM NORMAL     0    LOWEST  SLP 29.70 ON  9

[REMARKS]
#FINAL-01-13#
