000
CXUS56 KPQR 260146
CF6PDX
PRELIMINARY LOCAL CLIMATOLOGICAL DATA (WS FORM: F-6)

                                          STATION:   PORTLAND OR
                                          MONTH:     DECEMBER
                                          YEAR:      2013
                                          LATITUDE:   45 35 N
                                          LONGITUDE: 122 36 W

  TEMPERATURE IN F:       :PCPN:    SNOW:  WIND      :SUNSHINE: SKY     :PK WND
================================================================================
1   2   3   4   5  6A  6B    7    8   9   10  11  12  13   14  15   16   17  18
                                     12Z  AVG MX 2MIN
DY MAX MIN AVG DEP HDD CDD  WTR  SNW DPTH SPD SPD DIR MIN PSBL S-S WX    SPD DR
================================================================================

 1  57  48  53  10  12   0 0.85    M    0 15.3 26 210   M    M  10 1      37 200
 2  53  33  43   1  22   0 0.04    M    0  9.0 20 320   M    M   7 1      35 310
 3  43  27  35  -7  30   0 0.01    M    0  5.8 22  80   M    M   5 1      27 100
 4  38  22  30 -12  35   0 0.00  0.0    0  6.6 17  90   M    M   2 12     23 220
 5  32  19  26 -16  39   0 0.00  0.0    0  6.3 23 100   M    M   5        28  90
 6  30  24  27 -15  38   0 0.01    M    0 22.2 33  80   M    M   9 1      41  80
 7  30  15  23 -18  42   0 0.00  0.0    0 12.3 24  90   M    M   2        30  70
 8  28  12  20 -21  45   0 0.00  0.0    0  3.6 12 110   M    M   3        13 100
 9  29  14  22 -19  43   0    T    M    0  2.6  9 150   M    M   7        10 150
10  34  27  31 -10  34   0    T    M    0  2.6  8 310   M    M   9 128     9 310
11  41  27  34  -6  31   0    T  0.0    0  2.8 14 120   M    M   7 12     17 120
12  39  25  32  -8  33   0 0.13    M    0  7.6 20 120   M    M   7 18     23 110
13  45  36  41   1  24   0 0.03    M    0  2.8 12  90   M    M   9 12     14 110
14  42  38  40   0  25   0 0.00  0.0    0  2.7 12 120   M    M  10 12     13 120
15  46  39  43   3  22   0 0.02    M    0  2.8  9 130   M    M  10 12     10 130
16  43  40  42   2  23   0 0.00  0.0    0  2.7 10 280   M    M  10 12     12 280
17  40  36  38  -2  27   0    T    M    0  3.5 10 140   M    M  10 1      12 140
18  43  30  37  -3  28   0 0.06    M    0  2.4 14 300   M    M   7 1      17 300
19  37  28  33  -7  32   0 0.00  0.0    0  2.2  8 320   M    M   7 1       9 310
20  46  33  40   0  25   0 0.06    M    0  6.6 15 200   M    M  10 146    20 190
21  53  41  47   7  18   0 0.07    M    0  2.1  8 150   M    M  10 1       9 130
22  53  45  49   9  16   0 0.05    M    0  5.1 10 110   M    M   9 1      12 190
23  51  34  43   3  22   0 0.28    M    0  6.9 21 210   M    M   8 1      25 210
24  39  30  35  -5  30   0 0.00  0.0    0  3.2  8 300   M    M   9 12     10 300
25  42  34  38  -2  27   0 0.00  0.0    0  2.0  7 320   M    M   9 128    10 350
26  43  33  38  -2  27   0 0.00  0.0    0  1.4  6 150   M    M   8 128     8 200
27  39  32  36  -4  29   0    T    M    0  2.3  9 120   M    M  10 18     11 120
28  45  37  41   1  24   0 0.00  0.0    0  1.7  8 320   M    M   9 1      10 320
29  40  34  37  -3  28   0 0.00  0.0    0  2.7 10 110   M    M   9 1      12 110
30  42  35  39  -1  26   0    T    M    0  3.0 12 150   M    M   9 1      14 150
31  47  37  42   2  23   0 0.01    M    0  3.2  8 280   M    M  10 128    10 280
================================================================================
SM 1290  965       880   0  1.62     0.0 156.0          M      246
================================================================================
AV 41.6 31.1                               5.0 FASTST   M    M   8    MAX(MPH)
                                 MISC ---->  # 33  80               # 41   80
================================================================================
NOTES:
# LAST OF SEVERAL OCCURRENCES

COLUMN 17 PEAK WIND IN M.P.H.

PRELIMINARY LOCAL CLIMATOLOGICAL DATA (WS FORM: F-6) , PAGE 2

                                          STATION:  PORTLAND OR
                                          MONTH:    DECEMBER
                                          YEAR:     2013
                                          LATITUDE:   45 35 N
                                          LONGITUDE: 122 36 W

[TEMPERATURE DATA]      [PRECIPITATION DATA]       SYMBOLS USED IN COLUMN 16

AVERAGE MONTHLY: 36.4   TOTAL FOR MONTH:   1.62    1 = FOG OR MIST
DPTR FM NORMAL:  -4.0   DPTR FM NORMAL:   -3.87    2 = FOG REDUCING VISIBILITY
HIGHEST:    57 ON  1    GRTST 24HR  0.85 ON  1- 1      TO 1/4 MILE OR LESS
LOWEST:     12 ON  8                               3 = THUNDER
                        SNOW, ICE PELLETS, HAIL    4 = ICE PELLETS
                        TOTAL MONTH:   0.0 INCH    5 = HAIL
                        GRTST 24HR     0.0         6 = FREEZING RAIN OR DRIZZLE
                        GRTST DEPTH:   0           7 = DUSTSTORM OR SANDSTORM:
                                                       VSBY 1/2 MILE OR LESS
                                                   8 = SMOKE OR HAZE
[NO. OF DAYS WITH]      [WEATHER - DAYS WITH]      9 = BLOWING SNOW
                                                   X = TORNADO
MAX 32 OR BELOW:   5    0.01 INCH OR MORE:  13
MAX 90 OR ABOVE:   0    0.10 INCH OR MORE:   3
MIN 32 OR BELOW:  14    0.50 INCH OR MORE:   1
MIN  0 OR BELOW:   0    1.00 INCH OR MORE:   0

[HDD (BASE 65) ]
TOTAL THIS MO.   880    CLEAR  (SCALE 0-3)   3
DPTR FM NORMAL   117    PTCLDY (SCALE 4-7)   9
TOTAL FM JUL 1  1891    CLOUDY (SCALE 8-10) 19
DPTR FM NORMAL   159

[CDD (BASE 65) ]
TOTAL THIS MO.     0
DPTR FM NORMAL     0    [PRESSURE DATA]
TOTAL FM JAN 1   539    HIGHEST SLP M ON M
DPTR FM NORMAL   115    LOWEST  SLP 29.89 ON 20

[REMARKS]
#FINAL-12-13#
