000
CXUS55 KPQR 302232
CF6PDX
PRELIMINARY LOCAL CLIMATOLOGICAL DATA (WS FORM: F-6)

                                          STATION:   PORTLAND OR
                                          MONTH:     AUGUST
                                          YEAR:      2013
                                          LATITUDE:   45 35 N
                                          LONGITUDE: 122 36 W

  TEMPERATURE IN F:       :PCPN:    SNOW:  WIND      :SUNSHINE: SKY     :PK WND
================================================================================
1   2   3   4   5  6A  6B    7    8   9   10  11  12  13   14  15   16   17  18
                                     12Z  AVG MX 2MIN
DY MAX MIN AVG DEP HDD CDD  WTR  SNW DPTH SPD SPD DIR MIN PSBL S-S WX    SPD DR
================================================================================

 1  66  58  62  -9   3   0 0.06  0.0    0  1.8  9 310   M    M  10 18     10 190
 2  72  59  66  -5   0   1 0.00  0.0    0  4.1  9 320   M    M  10        13 340
 3  82  60  71   0   0   6 0.00  0.0    0  5.9 15 320   M    M   6        20 310
 4  89  61  75   5   0  10 0.00  0.0    0  6.1 14 320   M    M   1        18 320
 5  89  61  75   5   0  10 0.00  0.0    0  5.4 15 320   M    M   1        20 330
 6  91  58  75   5   0  10 0.00  0.0    0  5.5 14 320   M    M   1        16 330
 7  87  60  74   4   0   9 0.00  0.0    0  3.9 10 330   M    M   5        15 320
 8  83  61  72   2   0   7 0.00  0.0    0  4.0 15 330   M    M   7        23 330
 9  79  59  69  -1   0   4    T  0.0    0  5.4 15 280   M    M   7        18 270
10  79  60  70   0   0   5 0.01  0.0    0  4.5 14 290   M    M   7        16 290
11  75  62  69  -1   0   4 0.00  0.0    0  3.9 10 320   M    M   7        14 310
12  79  61  70   0   0   5 0.00  0.0    0  4.2 14 320   M    M   6        17 310
13  85  58  72   2   0   7 0.00  0.0    0  4.0 12 280   M    M   4        16 290
14  85  60  73   3   0   8    T  0.0    0  4.0 13 320   M    M   8        15 320
15  79  66  73   3   0   8    T  0.0    0  5.5 10 310   M    M   9        14 360
16  85  65  75   5   0  10 0.00  0.0    0  3.5 13 320   M    M   7        15 330
17  83  61  72   2   0   7 0.00  0.0    0  5.4 14 330   M    M   5        18 320
18  83  63  73   3   0   8 0.00  0.0    0  6.0 14 310   M    M   4        17 330
19  83  60  72   3   0   7 0.00  0.0    0  7.9 15 310   M    M   2        20 320
20  83  57  70   1   0   5 0.00  0.0    0  8.2 21 320   M    M   3        26 310
21  90  59  75   6   0  10 0.00  0.0    0  5.2 14 330   M    M   5        20 320
22  82  60  71   2   0   6    T  0.0    0  3.0 12 190   M    M   9 8      16 220
23  76  62  69   0   0   4    T  0.0    0  4.2 10 310   M    M   8        15 350
24  78  63  71   2   0   6 0.00  0.0    0  5.8 13 320   M    M   8        17 320
25  71  59  65  -4   0   0 0.08  0.0    0  3.3 12 320   M    M   9        15 320
26  80  61  71   2   0   6 0.21  0.0    0  7.9 21 200   M    M   8 1      26 200
27  81  62  72   4   0   7    T  0.0    0  5.0 14 310   M    M   8 1      16 310
28  81  63  72   4   0   7 0.05  0.0    0  3.7  9 300   M    M   8        12 310
29  80  65  73   5   0   8 0.37  0.0    0  7.6 22 170   M    M   8 13     28 180
30  82  65  74   6   0   9 0.00  0.0    0  5.3 12 320   M    M   6        15 320
31  89  59  74   6   0   9 0.00  0.0    0  3.5 12 320   M    M   1        15 310
================================================================================
SM 2527 1888         3 203  0.78     0.0 153.7          M      188
================================================================================
AV 81.5 60.9                               5.0 FASTST   M    M   6    MAX(MPH)
                                 MISC ---->  # 22 170               # 28  180
================================================================================
NOTES:
# LAST OF SEVERAL OCCURRENCES

COLUMN 17 PEAK WIND IN M.P.H.

PRELIMINARY LOCAL CLIMATOLOGICAL DATA (WS FORM: F-6) , PAGE 2

                                          STATION:  PORTLAND OR
                                          MONTH:    AUGUST
                                          YEAR:     2013
                                          LATITUDE:   45 35 N
                                          LONGITUDE: 122 36 W

[TEMPERATURE DATA]      [PRECIPITATION DATA]       SYMBOLS USED IN COLUMN 16

AVERAGE MONTHLY: 71.2   TOTAL FOR MONTH:   0.78    1 = FOG OR MIST
DPTR FM NORMAL:   1.7   DPTR FM NORMAL:    0.11    2 = FOG REDUCING VISIBILITY
HIGHEST:    91 ON  6    GRTST 24HR  0.39 ON 28-29      TO 1/4 MILE OR LESS
LOWEST:     57 ON 20                               3 = THUNDER
                        SNOW, ICE PELLETS, HAIL    4 = ICE PELLETS
                        TOTAL MONTH:   0.0 INCH    5 = HAIL
                        GRTST 24HR     0.0         6 = FREEZING RAIN OR DRIZZLE
                        GRTST DEPTH:   0           7 = DUSTSTORM OR SANDSTORM:
                                                       VSBY 1/2 MILE OR LESS
                                                   8 = SMOKE OR HAZE
[NO. OF DAYS WITH]      [WEATHER - DAYS WITH]      9 = BLOWING SNOW
                                                   X = TORNADO
MAX 32 OR BELOW:   0    0.01 INCH OR MORE:   6
MAX 90 OR ABOVE:   2    0.10 INCH OR MORE:   2
MIN 32 OR BELOW:   0    0.50 INCH OR MORE:   0
MIN  0 OR BELOW:   0    1.00 INCH OR MORE:   0

[HDD (BASE 65) ]
TOTAL THIS MO.     3    CLEAR  (SCALE 0-3)   6
DPTR FM NORMAL    -7    PTCLDY (SCALE 4-7)  17
TOTAL FM JUL 1     5    CLOUDY (SCALE 8-10)  8
DPTR FM NORMAL   -22

[CDD (BASE 65) ]
TOTAL THIS MO.   203
DPTR FM NORMAL    51    [PRESSURE DATA]
TOTAL FM JAN 1   453    HIGHEST SLP 30.15 ON 30
DPTR FM NORMAL    90    LOWEST  SLP 29.79 ON 27

[REMARKS]
#FINAL-08-13#
