000
CXUS54 KEWX 191010
CF63T5
PRELIMINARY LOCAL CLIMATOLOGICAL DATA (WS FORM: F-6)
STATION: LA GRANGE
MONTH: APRIL
YEAR: 2024
LATITUDE: 29 54 N
LONGITUDE: 96 57 W
TEMPERATURE IN F: :PCPN: SNOW: WIND :SUNSHINE: SKY :PK WND
================================================================================
1 2 3 4 5 6A 6B 7 8 9 10 11 12 13 14 15 16 17 18
12Z AVG MX 2MIN
DY MAX MIN AVG DEP HDD CDD WTR SNW DPTH SPD SPD DIR MIN PSBL S-S WX SPD DR
================================================================================
1 81 72 77 M 0 12 T M M 12.5 21 160 M M 8 1 30 M
2 77 56 67 M 0 2 T M M 12.9 25 330 M M 2 30 M
3 79 45 62 M 3 0 0.00 M M 4.8 13 310 M M 0 18 300
4 83 48 66 M 0 1 0.00 M M 4.9 9 180 M M 0 8 M M
5 84 49 67 M 0 2 0.00 M M 7.5 16 180 M M 0 22 190
6 77 58 68 M 0 3 0.00 M M 9.9 18 160 M M 6 27 150
7 79 65 72 M 0 7 T M M 5.2 15 320 M M 5 1 21 320
8 79 69 74 M 0 9 0.14 M M 5.1 12 150 M M 9 1 20 140
9 83 67 75 M 0 10 0.01 M M 8.1 15 150 M M 7 1 25 150
10 72 60 66 M 0 1 1.31 M M 14.6 23 270 M M 7 1 49 270
11 81 49 65 M 0 0 0.00 M M 4.8 13 340 M M 0 17 340
12 81 52 67 M 0 2 0.00 M M 5.8 14 180 M M 0 20 130
13 80 58 69 M 0 4 0.00 M M 7.7 18 170 M M 3 22 150
14 82 64 73 M 0 8 0.00 M M 8.8 15 160 M M 7 21 180
15 82 70 76 M 0 11 0.00 M M 11.8 21 130 M M 9 27 160
16 82 71 77 M 0 12 0.00 M M 11.1 16 180 M M 10 23 170
17 82 73 78 M 0 13 0.00 M M 5.6 10 130 M M 6 1 18 140
18 87 73 80 M 0 15 0.00 M M 6.7 12 170 M M 5 1 M M
================================================================================
SM 1451 1099 3 112 1.46 M 147.8 M 84
================================================================================
AV 80.6 61.1 8.2 FASTST M M 5 MAX(MPH)
MISC ----> 25 330 49 270
================================================================================
NOTES:
# LAST OF SEVERAL OCCURRENCES
COLUMN 17 PEAK WIND IN M.P.H.
PRELIMINARY LOCAL CLIMATOLOGICAL DATA (WS FORM: F-6) , PAGE 2
STATION: LA GRANGE
MONTH: APRIL
YEAR: 2024
LATITUDE: 29 54 N
LONGITUDE: 96 57 W
[TEMPERATURE DATA] [PRECIPITATION DATA] SYMBOLS USED IN COLUMN 16
AVERAGE MONTHLY: 70.8 TOTAL FOR MONTH: 1.46 1 = FOG OR MIST
DPTR FM NORMAL: 0.0 DPTR FM NORMAL: 1.46 2 = FOG REDUCING VISIBILITY
HIGHEST: 87 ON 18 GRTST 24HR 1.31 ON 10-10 TO 1/4 MILE OR LESS
LOWEST: 45 ON 3 3 = THUNDER
SNOW, ICE PELLETS, HAIL 4 = ICE PELLETS
TOTAL MONTH: M 5 = HAIL
GRTST 24HR M ON M 6 = FREEZING RAIN OR DRIZZLE
GRTST DEPTH: M ON M 7 = DUSTSTORM OR SANDSTORM:
VSBY 1/2 MILE OR LESS
8 = SMOKE OR HAZE
[NO. OF DAYS WITH] [WEATHER - DAYS WITH] 9 = BLOWING SNOW
X = TORNADO
MAX 32 OR BELOW: 0 0.01 INCH OR MORE: 3
MAX 90 OR ABOVE: 0 0.10 INCH OR MORE: 2
MIN 32 OR BELOW: 0 0.50 INCH OR MORE: 1
MIN 0 OR BELOW: 0 1.00 INCH OR MORE: 1
[HDD (BASE 65) ]
TOTAL THIS MO. 3 CLEAR (SCALE 0-3) 6
DPTR FM NORMAL M PTCLDY (SCALE 4-7) 9
TOTAL FM JUL 1 1262 CLOUDY (SCALE 8-10) 3
DPTR FM NORMAL M
[CDD (BASE 65) ]
TOTAL THIS MO. 112
DPTR FM NORMAL M [PRESSURE DATA]
TOTAL FM JAN 1 189 HIGHEST SLP M ON M
DPTR FM NORMAL M LOWEST SLP M ON M
[REMARKS]