000
CXAK56 PAFC 291006
CF6CDB
PRELIMINARY LOCAL CLIMATOLOGICAL DATA (WS FORM: F-6)
STATION: COLD BAY
MONTH: MARCH
YEAR: 2024
LATITUDE: 55 13 N
LONGITUDE: 162 44 W
TEMPERATURE IN F: :PCPN: SNOW: WIND :SUNSHINE: SKY :PK WND
================================================================================
1 2 3 4 5 6A 6B 7 8 9 10 11 12 13 14 15 16 17 18
12Z AVG MX 2MIN
DY MAX MIN AVG DEP HDD CDD WTR SNW DPTH SPD SPD DIR MIN PSBL S-S WX SPD DR
================================================================================
1 29 17 23 -7 42 0 0.05 M M 15.2 35 150 M M 8 1 45 150
2 36 29 33 3 32 0 0.23 M M 29.8 43 140 M M 10 1 54 140
3 38 33 36 6 29 0 0.24 M M 19.0 31 160 M M 8 1 37 160
4 37 28 33 3 32 0 0.03 M M 15.9 31 160 M M 5 1 41 130
5 37 24 31 1 34 0 0.10 M M 11.1 22 280 M M 6 1 28 290
6 36 23 30 0 35 0 0.01 M M 12.3 23 120 M M 6 1 28 120
7 31 27 29 -1 36 0 0.05 M M 19.2 30 320 M M 8 18 39 330
8 28 25 27 -3 38 0 T M M 12.2 21 30 M M 8 26 340
9 26 21 24 -6 41 0 T M M 13.0 21 300 M M 10 8 26 320
10 22 19 21 -9 44 0 T M M 19.6 29 340 M M 10 8 37 320
11 20 16 18 -12 47 0 T M M 20.2 29 340 M M 10 8 37 340
12 18 15 17 -12 48 0 0.01 M M 14.7 22 350 M M 10 8 27 340
13 20 17 19 -10 46 0 0.04 M M 14.3 22 340 M M 10 25 330
14 22 17 20 -9 45 0 0.02 M M 6.7 15 320 M M 10 1 20 340
15 28 7 18 -11 47 0 T M M 9.2 24 30 M M 7 31 30
16 29 22 26 -4 39 0 T M M 12.8 24 30 M M 9 30 30
17 29 20 25 -5 40 0 0.01 M M 9.6 18 140 M M 9 1 23 140
18 40 28 34 4 31 0 0.02 M M 31.7 43 150 M M 9 1 56 130
19 42 35 39 9 26 0 0.48 M M 30.7 62 140 M M 9 1 80 130
20 40 36 38 8 27 0 0.45 M M 31.1 47 150 M M 8 1 62 150
21 43 35 39 9 26 0 0.92 M M 24.2 41 140 M M 10 1 55 140
22 41 31 36 6 29 0 0.04 M M 14.7 25 90 M M 7 1 34 70
23 42 35 39 9 26 0 0.08 M M 11.6 25 140 M M 10 1 30 130
24 42 32 37 7 28 0 0.05 M M 6.8 22 300 M M 10 12 30 320
25 32 24 28 -2 37 0 0.07 M M 15.1 23 300 M M 10 16 28 290
26 35 19 27 -3 38 0 T M M 7.3 20 330 M M 5 23 340
27 39 26 33 3 32 0 0.06 M M 12.8 22 130 M M 8 1 29 150
28 41 33 37 6 28 0 0.05 M M 28.9 46 140 M M 9 1 59 140
================================================================================
SM 923 694 1003 0 3.01 M 469.7 M 239
================================================================================
AV 33.0 24.8 16.8 FASTST M M 9 MAX(MPH)
MISC ----> 62 140 80 130
================================================================================
NOTES:
# LAST OF SEVERAL OCCURRENCES
COLUMN 17 PEAK WIND IN M.P.H.
PRELIMINARY LOCAL CLIMATOLOGICAL DATA (WS FORM: F-6) , PAGE 2
STATION: COLD BAY
MONTH: MARCH
YEAR: 2024
LATITUDE: 55 13 N
LONGITUDE: 162 44 W
[TEMPERATURE DATA] [PRECIPITATION DATA] SYMBOLS USED IN COLUMN 16
AVERAGE MONTHLY: 28.9 TOTAL FOR MONTH: 3.01 1 = FOG OR MIST
DPTR FM NORMAL: -1.0 DPTR FM NORMAL: 0.29 2 = FOG REDUCING VISIBILITY
HIGHEST: 43 ON 21 GRTST 24HR 1.06 ON 20-21 TO 1/4 MILE OR LESS
LOWEST: 7 ON 15 3 = THUNDER
SNOW, ICE PELLETS, HAIL 4 = ICE PELLETS
TOTAL MONTH: M 5 = HAIL
GRTST 24HR M ON M 6 = FREEZING RAIN OR DRIZZLE
GRTST DEPTH: M ON M 7 = DUSTSTORM OR SANDSTORM:
VSBY 1/2 MILE OR LESS
8 = SMOKE OR HAZE
[NO. OF DAYS WITH] [WEATHER - DAYS WITH] 9 = BLOWING SNOW
X = TORNADO
MAX 32 OR BELOW: 13 0.01 INCH OR MORE: 21
MAX 90 OR ABOVE: 0 0.10 INCH OR MORE: 6
MIN 32 OR BELOW: 22 0.50 INCH OR MORE: 1
MIN 0 OR BELOW: 0 1.00 INCH OR MORE: 0
[HDD (BASE 65) ]
TOTAL THIS MO. 1003 CLEAR (SCALE 0-3) 0
DPTR FM NORMAL 16 PTCLDY (SCALE 4-7) 10
TOTAL FM JUL 1 6769 CLOUDY (SCALE 8-10) 18
DPTR FM NORMAL -311
[CDD (BASE 65) ]
TOTAL THIS MO. 0
DPTR FM NORMAL 0 [PRESSURE DATA]
TOTAL FM JAN 1 0 HIGHEST SLP M ON M
DPTR FM NORMAL 0 LOWEST SLP 28.81 ON 23
[REMARKS]