000
CXUS56 KFGZ 280910
CF6GCN
PRELIMINARY LOCAL CLIMATOLOGICAL DATA (WS FORM: F-6)
STATION: GRAND CANYON AZ AIRPORT
MONTH: MARCH
YEAR: 2024
LATITUDE: 35 57 N
LONGITUDE: 112 9 W
TEMPERATURE IN F: :PCPN: SNOW: WIND :SUNSHINE: SKY :PK WND
================================================================================
1 2 3 4 5 6A 6B 7 8 9 10 11 12 13 14 15 16 17 18
12Z AVG MX 2MIN
DY MAX MIN AVG DEP HDD CDD WTR SNW DPTH SPD SPD DIR MIN PSBL S-S WX SPD DR
================================================================================
1 57 31 44 9 21 0 0.00 M M 15.7 30 230 M M 3 43 190
2 54 33 44 9 21 0 T M M 23.9 44 220 M M 3 62 210
3 51 34 43 8 22 0 0.00 M M 20.2 35 230 M M 6 47 240
4 54 25 40 4 25 0 0.00 M M 10.5 23 220 M M 5 30 220
5 55 21 38 2 27 0 0.00 M M 5.4 23 230 M M 1 33 220
6 52 16 34 -2 31 0 0.00 M M 6.8 21 210 M M 3 27 220
7 44 27 36 0 29 0 0.02 M M 3.5 16 210 M M 9 128 22 210
8 49 20 35 -1 30 0 0.00 M M 3.4 12 310 M M 6 12 20 280
9 50 19 35 -2 30 0 0.00 M M 8.3 18 60 M M 0 25 100
10 57 17 37 0 28 0 0.00 M M 3.3 18 240 M M 0 24 250
11 56 24 40 3 25 0 0.00 M M 7.5 24 230 M M 1 35 210
12 53 20 37 -1 28 0 0.00 M M 8.1 22 220 M M 4 33 230
13 48 20 34 -4 31 0 T M M 4.3 18 280 M M 5 18 31 310
14 42 16 29 -9 36 0 T M M 14.5 26 50 M M 7 18 33 70
15 41 27 34 -4 31 0 0.19 M M 10.5 29 60 M M 9 1 37 60
16 39 15 27 -11 38 0 0.04 M M 3.4 13 110 M M 8 12 17 120
17 46 19 33 -6 32 0 0.09 M M 7.7 20 60 M M 3 18 26 60
18 49 34 42 3 23 0 0.20 M M 12.9 24 60 M M 7 13 34 70
19 52 26 39 0 26 0 0.02 M M 5.8 16 70 M M 3 27 80
20 57 24 41 2 24 0 0.00 M M 3.1 14 220 M M 4 20 30
21 63 22 43 3 22 0 0.00 M M 4.1 24 240 M M 1 36 220
22 61 23 42 2 23 0 0.00 M M 4.6 20 210 M M 0 28 220
23 57 27 42 2 23 0 0.04 M M 12.9 32 220 M M 5 1 42 230
24 40 29 35 -5 30 0 0.14 M M 7.0 17 290 M M 8 12 32 290
25 47 21 34 -6 31 0 0.00 M M 5.6 17 290 M M 4 1 30 300
26 47 24 36 -4 29 0 0.01 M M 6.6 18 340 M M 7 8 33 280
27 55 16 36 -4 29 0 0.00 M M 2.6 17 270 M M 0 26 270
================================================================================
SM 1376 630 745 0 0.75 M 222.2 M 112
================================================================================
AV 51.0 23.3 8.2 FASTST M M 4 MAX(MPH)
MISC ----> 44 220 62 210
================================================================================
NOTES:
# LAST OF SEVERAL OCCURRENCES
COLUMN 17 PEAK WIND IN M.P.H.
PRELIMINARY LOCAL CLIMATOLOGICAL DATA (WS FORM: F-6) , PAGE 2
STATION: GRAND CANYON AZ AIRPORT
MONTH: MARCH
YEAR: 2024
LATITUDE: 35 57 N
LONGITUDE: 112 9 W
[TEMPERATURE DATA] [PRECIPITATION DATA] SYMBOLS USED IN COLUMN 16
AVERAGE MONTHLY: 37.1 TOTAL FOR MONTH: 0.75 1 = FOG OR MIST
DPTR FM NORMAL: -0.7 DPTR FM NORMAL: -0.33 2 = FOG REDUCING VISIBILITY
HIGHEST: 63 ON 21 GRTST 24HR 0.27 ON 17-18 TO 1/4 MILE OR LESS
LOWEST: 15 ON 16 3 = THUNDER
SNOW, ICE PELLETS, HAIL 4 = ICE PELLETS
TOTAL MONTH: M 5 = HAIL
GRTST 24HR M ON M 6 = FREEZING RAIN OR DRIZZLE
GRTST DEPTH: M ON M 7 = DUSTSTORM OR SANDSTORM:
VSBY 1/2 MILE OR LESS
8 = SMOKE OR HAZE
[NO. OF DAYS WITH] [WEATHER - DAYS WITH] 9 = BLOWING SNOW
X = TORNADO
MAX 32 OR BELOW: 0 0.01 INCH OR MORE: 9
MAX 90 OR ABOVE: 0 0.10 INCH OR MORE: 3
MIN 32 OR BELOW: 24 0.50 INCH OR MORE: 0
MIN 0 OR BELOW: 0 1.00 INCH OR MORE: 0
[HDD (BASE 65) ]
TOTAL THIS MO. 745 CLEAR (SCALE 0-3) 10
DPTR FM NORMAL 13 PTCLDY (SCALE 4-7) 14
TOTAL FM JUL 1 5100 CLOUDY (SCALE 8-10) 3
DPTR FM NORMAL -364
[CDD (BASE 65) ]
TOTAL THIS MO. 0
DPTR FM NORMAL 0 [PRESSURE DATA]
TOTAL FM JAN 1 0 HIGHEST SLP M ON M
DPTR FM NORMAL 0 LOWEST SLP 29.34 ON 24
[REMARKS]