000
CXUS53 KGID 260830
CF6GRI
PRELIMINARY LOCAL CLIMATOLOGICAL DATA (WS FORM: F-6)
STATION: GRAND ISLAND NE
MONTH: APRIL
YEAR: 2024
LATITUDE: 40 58 N
LONGITUDE: 98 19 W
TEMPERATURE IN F: :PCPN: SNOW: WIND :SUNSHINE: SKY :PK WND
================================================================================
1 2 3 4 5 6A 6B 7 8 9 10 11 12 13 14 15 16 17 18
12Z AVG MX 2MIN
DY MAX MIN AVG DEP HDD CDD WTR SNW DPTH SPD SPD DIR MIN PSBL S-S WX SPD DR
================================================================================
1 43 35 39 -8 26 0 0.01 0.0 0 16.2 28 90 M M 10 1 36 80
2 58 34 46 -1 19 0 0.00 0.0 0 20.7 39 340 M M 4 52 340
3 57 31 44 -3 21 0 0.00 0.0 0 17.0 28 320 M M 1 39 320
4 63 28 46 -2 19 0 0.00 0.0 0 8.4 16 350 M M 0 28 20
5 68 33 51 3 14 0 0.00 0.0 0 15.0 28 130 M M 0 37 140
6 71 42 57 9 8 0 0.11 0.0 0 23.4 44 140 M M 3 3 63 130
7 57 43 50 2 15 0 T 0.0 0 22.4 36 210 M M 7 50 210
8 64 34 49 0 16 0 0.00 0.0 0 14.0 35 290 M M 1 44 290
9 69 33 51 2 14 0 0.00 0.0 0 9.2 23 240 M M 0 29 250
10 72 37 55 6 10 0 0.00 0.0 0 14.6 31 350 M M 1 42 350
11 62 37 50 0 15 0 0.00 0.0 0 16.7 35 320 M M 0 47 340
12 72 29 51 1 14 0 0.00 0.0 0 8.1 17 160 M M 0 24 210
13 87 44 66 16 0 1 0.00 0.0 0 9.3 21 220 M M 0 28 220
14 85 47 66 16 0 1 0.00 0.0 0 12.2 25 60 M M 0 33 50
15 86 55 71 20 0 6 0.00 0.0 0 23.4 38 160 M M 1 52 150
16 68 53 61 10 4 0 0.21 0.0 0 20.3 40 270 M M 6 13 56 280
17 70 47 59 8 6 0 T 0.0 0 12.4 29 10 M M 2 3 37 360
18 56 37 47 -5 18 0 0.08 0.0 0 16.2 30 360 M M 6 13 40 360
19 53 32 43 -9 22 0 0.00 0.0 0 7.8 17 320 M M 6 23 320
20 52 25 39 -13 26 0 0.00 0.0 0 9.4 20 330 M M 4 26 320
21 63 29 46 -6 19 0 0.00 0.0 0 9.5 16 230 M M 0 29 260
22 76 44 60 7 5 0 0.00 0.0 0 15.9 29 230 M M 1 39 220
23 68 42 55 2 10 0 0.00 0.0 0 12.3 29 340 M M 0 40 320
24 70 35 53 0 12 0 0.00 0.0 0 7.9 18 180 M M 4 25 160
25 66 51 59 5 6 0 2.53 0.0 0 17.4 31 150 M M 9 13 43 130
================================================================================
SM 1656 957 319 8 2.94 0.0 359.7 M 66
================================================================================
AV 66.2 38.3 14.4 FASTST M M 3 MAX(MPH)
MISC ----> 44 140 63 130
================================================================================
NOTES:
# LAST OF SEVERAL OCCURRENCES
COLUMN 17 PEAK WIND IN M.P.H.
PRELIMINARY LOCAL CLIMATOLOGICAL DATA (WS FORM: F-6) , PAGE 2
STATION: GRAND ISLAND NE
MONTH: APRIL
YEAR: 2024
LATITUDE: 40 58 N
LONGITUDE: 98 19 W
[TEMPERATURE DATA] [PRECIPITATION DATA] SYMBOLS USED IN COLUMN 16
AVERAGE MONTHLY: 52.3 TOTAL FOR MONTH: 2.94 1 = FOG OR MIST
DPTR FM NORMAL: 2.1 DPTR FM NORMAL: 0.94 2 = FOG REDUCING VISIBILITY
HIGHEST: 87 ON 13 GRTST 24HR 2.53 ON 25-25 TO 1/4 MILE OR LESS
LOWEST: 25 ON 20 3 = THUNDER
SNOW, ICE PELLETS, HAIL 4 = ICE PELLETS
TOTAL MONTH: 0.0 INCH 5 = HAIL
GRTST 24HR 0.0 6 = FREEZING RAIN OR DRIZZLE
GRTST DEPTH: 0 7 = DUSTSTORM OR SANDSTORM:
VSBY 1/2 MILE OR LESS
8 = SMOKE OR HAZE
[NO. OF DAYS WITH] [WEATHER - DAYS WITH] 9 = BLOWING SNOW
X = TORNADO
MAX 32 OR BELOW: 0 0.01 INCH OR MORE: 5
MAX 90 OR ABOVE: 0 0.10 INCH OR MORE: 3
MIN 32 OR BELOW: 6 0.50 INCH OR MORE: 1
MIN 0 OR BELOW: 0 1.00 INCH OR MORE: 1
[HDD (BASE 65) ]
TOTAL THIS MO. 319 CLEAR (SCALE 0-3) 16
DPTR FM NORMAL -57 PTCLDY (SCALE 4-7) 7
TOTAL FM JUL 1 5080 CLOUDY (SCALE 8-10) 2
DPTR FM NORMAL -604
[CDD (BASE 65) ]
TOTAL THIS MO. 8
DPTR FM NORMAL 8 [PRESSURE DATA]
TOTAL FM JAN 1 8 HIGHEST SLP M ON M
DPTR FM NORMAL 7 LOWEST SLP 29.24 ON 16
[REMARKS]