000
CXUS53 KLMK 280710
CF6LOU
PRELIMINARY LOCAL CLIMATOLOGICAL DATA (WS FORM: F-6)
STATION: LOUISVILLE BOWMAN KY
MONTH: MARCH
YEAR: 2024
LATITUDE: 38 13 N
LONGITUDE: 85 39 W
TEMPERATURE IN F: :PCPN: SNOW: WIND :SUNSHINE: SKY :PK WND
================================================================================
1 2 3 4 5 6A 6B 7 8 9 10 11 12 13 14 15 16 17 18
12Z AVG MX 2MIN
DY MAX MIN AVG DEP HDD CDD WTR SNW DPTH SPD SPD DIR MIN PSBL S-S WX SPD DR
================================================================================
1 44 32 38 -4 27 0 0.17 M M 5.6 13 170 M M 7 1 17 160
2 54 39 47 4 18 0 0.01 M M 2.4 9 220 M M 9 12 14 230
3 70 33 52 9 13 0 T M M 5.9 20 160 M M 5 12 27 150
4 77 54 66 23 0 1 0.00 M M 7.2 17 180 M M 2 23 200
5 69 59 64 20 1 0 0.11 M M 7.6 17 170 M M 7 13 23 180
6 59 50 55 11 10 0 0.55 M M 6.0 15 340 M M 10 12 21 340
7 58 47 53 9 12 0 0.00 M M 6.4 14 90 M M 9 18 90
8 59 50 55 10 10 0 0.50 M M 6.1 14 130 M M 10 1 20 180
9 58 41 50 5 15 0 0.07 M M 9.8 18 290 M M 9 1 26 290
10 50 32 41 -4 24 0 0.00 M M 11.0 22 290 M M 2 32 280
11 59 28 44 -2 21 0 0.00 M M 5.0 14 240 M M 0 21 250
12 69 35 52 6 13 0 0.00 M M 6.8 16 240 M M 0 23 170
13 74 46 60 14 5 0 0.00 M M 5.9 14 180 M M 1 20 210
14 79 54 67 20 0 2 0.68 M M 10.6 29 310 M M 3 13 45 320
15 58 41 50 3 15 0 0.02 M M 4.6 18 170 M M 7 13 27 180
16 64 34 49 2 16 0 0.00 M M 6.8 20 230 M M 1 1 25 260
17 56 36 46 -2 19 0 0.00 M M 10.3 23 270 M M 2 31 290
18 37 30 34 -14 31 0 0.00 M M 9.5 17 290 M M 7 25 270
19 55 26 41 -7 24 0 0.00 M M 12.3 28 220 M M 1 38 210
20 61 40 51 2 14 0 0.00 M M 10.1 18 290 M M 1 8 28 310
21 52 29 41 -8 24 0 0.00 M M 8.0 17 80 M M 0 8 22 80
22 60 37 49 0 16 0 0.02 M M 4.3 13 340 M M 7 22 340
23 50 33 42 -8 23 0 0.00 M M 11.4 20 10 M M 1 31 20
24 58 30 44 -6 21 0 0.00 M M 10.2 17 90 M M 1 25 100
25 70 49 60 10 5 0 0.04 M M 13.5 26 150 M M 3 38 170
26 67 46 57 6 8 0 0.15 M M 15.1 28 180 M M 6 1 44 150
27 52 35 44 -7 21 0 0.00 M M 5.3 13 300 M M 3 18 290
================================================================================
SM 1619 1066 406 3 2.32 M 217.7 M 114
================================================================================
AV 60.0 39.5 8.1 FASTST M M 4 MAX(MPH)
MISC ----> 29 310 45 320
================================================================================
NOTES:
# LAST OF SEVERAL OCCURRENCES
COLUMN 17 PEAK WIND IN M.P.H.
PRELIMINARY LOCAL CLIMATOLOGICAL DATA (WS FORM: F-6) , PAGE 2
STATION: LOUISVILLE BOWMAN KY
MONTH: MARCH
YEAR: 2024
LATITUDE: 38 13 N
LONGITUDE: 85 39 W
[TEMPERATURE DATA] [PRECIPITATION DATA] SYMBOLS USED IN COLUMN 16
AVERAGE MONTHLY: 49.7 TOTAL FOR MONTH: 2.32 1 = FOG OR MIST
DPTR FM NORMAL: 3.1 DPTR FM NORMAL: -1.45 2 = FOG REDUCING VISIBILITY
HIGHEST: 79 ON 14 GRTST 24HR 0.70 ON 14-15 TO 1/4 MILE OR LESS
LOWEST: 26 ON 19 3 = THUNDER
SNOW, ICE PELLETS, HAIL 4 = ICE PELLETS
TOTAL MONTH: M 5 = HAIL
GRTST 24HR M ON M 6 = FREEZING RAIN OR DRIZZLE
GRTST DEPTH: M ON M 7 = DUSTSTORM OR SANDSTORM:
VSBY 1/2 MILE OR LESS
8 = SMOKE OR HAZE
[NO. OF DAYS WITH] [WEATHER - DAYS WITH] 9 = BLOWING SNOW
X = TORNADO
MAX 32 OR BELOW: 0 0.01 INCH OR MORE: 11
MAX 90 OR ABOVE: 0 0.10 INCH OR MORE: 6
MIN 32 OR BELOW: 7 0.50 INCH OR MORE: 3
MIN 0 OR BELOW: 0 1.00 INCH OR MORE: 0
[HDD (BASE 65) ]
TOTAL THIS MO. 406 CLEAR (SCALE 0-3) 12
DPTR FM NORMAL -92 PTCLDY (SCALE 4-7) 10
TOTAL FM JUL 1 3412 CLOUDY (SCALE 8-10) 5
DPTR FM NORMAL -366
[CDD (BASE 65) ]
TOTAL THIS MO. 3
DPTR FM NORMAL 3 [PRESSURE DATA]
TOTAL FM JAN 1 3 HIGHEST SLP M ON M
DPTR FM NORMAL 3 LOWEST SLP 29.59 ON 26
[REMARKS]