000
CXUS51 KGYX 250900
CF6MHT
PRELIMINARY LOCAL CLIMATOLOGICAL DATA (WS FORM: F-6)
STATION: MANCHESTER
MONTH: APRIL
YEAR: 2024
LATITUDE: 42 55 N
LONGITUDE: 71 26 W
TEMPERATURE IN F: :PCPN: SNOW: WIND :SUNSHINE: SKY :PK WND
================================================================================
1 2 3 4 5 6A 6B 7 8 9 10 11 12 13 14 15 16 17 18
12Z AVG MX 2MIN
DY MAX MIN AVG DEP HDD CDD WTR SNW DPTH SPD SPD DIR MIN PSBL S-S WX SPD DR
================================================================================
1 59 32 46 4 19 0 0.00 0.0 0 3.4 15 170 M M 8 19 170
2 53 37 45 2 20 0 0.00 0.0 0 4.0 14 110 M M 8 27 100
3 46 35 41 -2 24 0 0.83 1.6 0 6.9 15 80 M M 10 14 26 100
4 35 34 35 -8 30 0 0.84 6.5 4 12.5 23 60 M M 10 12 42 40
5 44 34 39 -5 26 0 0.11 2.2 7 9.2 20 290 M M 10 1 24 290
6 47 36 42 -2 23 0 0.01 0.0 4 12.1 20 340 M M 10 29 360
7 53 33 43 -2 22 0 0.00 0.0 0 6.7 16 340 M M 7 23 330
8 68 28 48 3 17 0 0.00 0.0 0 4.7 15 300 M M 3 20 270
9 70 36 53 7 12 0 0.00 0.0 0 4.0 15 100 M M 6 24 100
10 56 36 46 0 19 0 0.10 0.0 0 3.4 13 360 M M 7 1 18 10
11 49 44 47 1 18 0 0.14 0.0 0 4.0 9 100 M M 10 1 17 100
12 65 49 57 10 8 0 0.97 0.0 0 14.5 26 160 M M 8 18 39 160
13 57 45 51 4 14 0 0.00 0.0 0 12.7 25 280 M M 6 35 270
14 62 38 50 2 15 0 0.05 0.0 0 6.8 21 220 M M 7 1 31 220
15 71 40 56 8 9 0 0.00 0.0 0 7.9 24 330 M M 5 12 34 280
16 68 37 53 5 12 0 0.00 0.0 0 7.9 23 300 M M 2 33 320
17 67 36 52 3 13 0 0.00 0.0 0 3.7 20 150 M M 5 25 150
18 50 44 47 -2 18 0 0.12 0.0 0 3.8 10 140 M M 10 14 140
19 61 43 52 2 13 0 0.01 0.0 0 8.1 18 190 M M 9 28 160
20 63 45 54 4 11 0 0.17 0.0 0 9.4 28 300 M M 8 1 37 300
21 55 32 44 -6 21 0 0.00 0.0 0 7.1 21 290 M M 5 33 290
22 56 31 44 -7 21 0 0.00 0.0 0 10.1 25 330 M M 0 36 340
23 66 29 48 -3 17 0 0.00 0.0 0 8.9 22 170 M M 2 29 190
24 65 36 51 -1 14 0 0.01 0.0 0 13.0 30 320 M M 6 41 320
================================================================================
SM 1386 890 416 0 3.36 10.3 184.8 M 162
================================================================================
AV 57.8 37.1 7.7 FASTST M M 7 MAX(MPH)
MISC ----> 30 320 42 40
================================================================================
NOTES:
# LAST OF SEVERAL OCCURRENCES
COLUMN 17 PEAK WIND IN M.P.H.
PRELIMINARY LOCAL CLIMATOLOGICAL DATA (WS FORM: F-6) , PAGE 2
STATION: MANCHESTER
MONTH: APRIL
YEAR: 2024
LATITUDE: 42 55 N
LONGITUDE: 71 26 W
[TEMPERATURE DATA] [PRECIPITATION DATA] SYMBOLS USED IN COLUMN 16
AVERAGE MONTHLY: 47.4 TOTAL FOR MONTH: 3.36 1 = FOG OR MIST
DPTR FM NORMAL: 0.5 DPTR FM NORMAL: 0.66 2 = FOG REDUCING VISIBILITY
HIGHEST: 71 ON 15 GRTST 24HR 1.52 ON 3- 4 TO 1/4 MILE OR LESS
LOWEST: 28 ON 8 3 = THUNDER
SNOW, ICE PELLETS, HAIL 4 = ICE PELLETS
TOTAL MONTH: 10.3 INCHES 5 = HAIL
GRTST 24HR 6.5 ON 4- 4 6 = FREEZING RAIN OR DRIZZLE
GRTST DEPTH: 7 ON 5 7 = DUSTSTORM OR SANDSTORM:
VSBY 1/2 MILE OR LESS
8 = SMOKE OR HAZE
[NO. OF DAYS WITH] [WEATHER - DAYS WITH] 9 = BLOWING SNOW
X = TORNADO
MAX 32 OR BELOW: 0 0.01 INCH OR MORE: 12
MAX 90 OR ABOVE: 0 0.10 INCH OR MORE: 8
MIN 32 OR BELOW: 5 0.50 INCH OR MORE: 3
MIN 0 OR BELOW: 0 1.00 INCH OR MORE: 0
[HDD (BASE 65) ]
TOTAL THIS MO. 416 CLEAR (SCALE 0-3) 3
DPTR FM NORMAL -21 PTCLDY (SCALE 4-7) 14
TOTAL FM JUL 1 5008 CLOUDY (SCALE 8-10) 7
DPTR FM NORMAL -822
[CDD (BASE 65) ]
TOTAL THIS MO. 0
DPTR FM NORMAL 0 [PRESSURE DATA]
TOTAL FM JAN 1 0 HIGHEST SLP M ON M
DPTR FM NORMAL 0 LOWEST SLP 29.31 ON 12
[REMARKS]