000
CXUS51 KBTV 280700
CF6MVL
PRELIMINARY LOCAL CLIMATOLOGICAL DATA (WS FORM: F-6)
STATION: MORRISVILLE VT
MONTH: MARCH
YEAR: 2024
LATITUDE: 44 31 N
LONGITUDE: 72 37 W
TEMPERATURE IN F: :PCPN: SNOW: WIND :SUNSHINE: SKY :PK WND
================================================================================
1 2 3 4 5 6A 6B 7 8 9 10 11 12 13 14 15 16 17 18
12Z AVG MX 2MIN
DY MAX MIN AVG DEP HDD CDD WTR SNW DPTH SPD SPD DIR MIN PSBL S-S WX SPD DR
================================================================================
1 38 8 23 1 42 0 0.00 M M 4.3 14 210 M M 4 25 240
2 43 21 32 10 33 0 0.11 M M 0.8 9 160 M M 6 1 12 170
3 49 33 41 18 24 0 0.01 M M 2.7 13 10 M M 10 12 18 30
4 51 37 44 21 21 0 0.00 M M 6.4 20 170 M M 10 1 29 170
5 49 37 43 20 22 0 0.15 M M 6.7 15 230 M M 9 23 200
6 45 37 41 17 24 0 1.05 M M 1.3 6 20 M M 10 1 7 360
7 45 26 36 12 29 0 0.32 M M 8.8 22 10 M M 8 1 29 30
8 52 22 37 13 28 0 T M M 1.9 8 200 M M 1 128 13 350
9 42 27 35 10 30 0 0.23 M M 10.9 25 160 M M 5 1 39 170
10 38 27 33 8 32 0 0.18 M M 3.4 15 310 M M 10 1 26 320
11 35 24 30 4 35 0 0.06 M M 10.8 24 330 M M 8 36 320
12 43 22 33 7 32 0 T M M 5.9 20 340 M M 0 30 320
13 53 17 35 9 30 0 T M M 1.1 8 310 M M 3 9 310
14 53 28 41 14 24 0 0.11 M M 2.1 14 350 M M 3 1 19 340
15 41 32 37 10 28 0 0.47 M M 1.6 10 10 M M 10 12 15 350
16 45 32 39 12 26 0 0.04 M M 2.3 12 360 M M 8 126 13 360
17 46 34 40 12 25 0 0.22 M M 4.1 15 210 M M 8 1 26 200
18 39 30 35 7 30 0 0.03 M M 5.8 15 200 M M 10 1 24 230
19 35 24 30 1 35 0 0.06 M M 5.3 17 320 M M 8 1 26 290
20 43 26 35 6 30 0 0.06 M M 5.1 15 210 M M 9 12 25 200
21 26 17 22 -7 43 0 T M M 9.7 21 310 M M 9 34 290
22 28 13 21 -9 44 0 0.00 M M 6.7 22 310 M M 3 35 330
23 27 18 23 -7 42 0 M M M 5.7 17 330 M M 10 12 29 10
24 34 11 23 -8 42 0 0.00 M M 7.0 18 340 M M 2 27 320
25 46 3 25 -6 40 0 0.00 M M 3.6 14 170 M M 0 20 140
26 54 18 36 5 29 0 T M M 5.0 10 190 M M 5 17 210
27 45 36 41 9 24 0 0.07 M M 4.8 16 210 M M 9 1 27 200
================================================================================
SM 1145 660 844 0 3.17 M 133.8 M 178
================================================================================
AV 42.4 24.4 5.0 FASTST M M 7 MAX(MPH)
MISC ----> 25 160 39 170
================================================================================
NOTES:
# LAST OF SEVERAL OCCURRENCES
COLUMN 17 PEAK WIND IN M.P.H.
PRELIMINARY LOCAL CLIMATOLOGICAL DATA (WS FORM: F-6) , PAGE 2
STATION: MORRISVILLE VT
MONTH: MARCH
YEAR: 2024
LATITUDE: 44 31 N
LONGITUDE: 72 37 W
[TEMPERATURE DATA] [PRECIPITATION DATA] SYMBOLS USED IN COLUMN 16
AVERAGE MONTHLY: 33.4 TOTAL FOR MONTH: 3.17 1 = FOG OR MIST
DPTR FM NORMAL: 6.7 DPTR FM NORMAL: 1.50 2 = FOG REDUCING VISIBILITY
HIGHEST: 54 ON 26 GRTST 24HR 1.37 ON 6- 7 TO 1/4 MILE OR LESS
LOWEST: 3 ON 25 3 = THUNDER
SNOW, ICE PELLETS, HAIL 4 = ICE PELLETS
TOTAL MONTH: M 5 = HAIL
GRTST 24HR M ON M 6 = FREEZING RAIN OR DRIZZLE
GRTST DEPTH: M ON M 7 = DUSTSTORM OR SANDSTORM:
VSBY 1/2 MILE OR LESS
8 = SMOKE OR HAZE
[NO. OF DAYS WITH] [WEATHER - DAYS WITH] 9 = BLOWING SNOW
X = TORNADO
MAX 32 OR BELOW: 3 0.01 INCH OR MORE: 16
MAX 90 OR ABOVE: 0 0.10 INCH OR MORE: 9
MIN 32 OR BELOW: 21 0.50 INCH OR MORE: 1
MIN 0 OR BELOW: 0 1.00 INCH OR MORE: 1
[HDD (BASE 65) ]
TOTAL THIS MO. 844 CLEAR (SCALE 0-3) 6
DPTR FM NORMAL -188 PTCLDY (SCALE 4-7) 9
TOTAL FM JUL 1 5780 CLOUDY (SCALE 8-10) 12
DPTR FM NORMAL -1276
[CDD (BASE 65) ]
TOTAL THIS MO. 0
DPTR FM NORMAL 0 [PRESSURE DATA]
TOTAL FM JAN 1 0 HIGHEST SLP M ON M
DPTR FM NORMAL 0 LOWEST SLP 29.25 ON 10
[REMARKS]