000
CXUS54 KMAF 171110
CF6PEQ
PRELIMINARY LOCAL CLIMATOLOGICAL DATA (WS FORM: F-6)
STATION: PECOS MUNICIPAL AIRPORT
MONTH: APRIL
YEAR: 2024
LATITUDE: 31 22 N
LONGITUDE: 103 31 W
TEMPERATURE IN F: :PCPN: SNOW: WIND :SUNSHINE: SKY :PK WND
================================================================================
1 2 3 4 5 6A 6B 7 8 9 10 11 12 13 14 15 16 17 18
12Z AVG MX 2MIN
DY MAX MIN AVG DEP HDD CDD WTR SNW DPTH SPD SPD DIR MIN PSBL S-S WX SPD DR
================================================================================
1 75 56 66 M 0 1 M M M 15.6 41 270 M M 2 8 52 270
2 67 47 57 M 8 0 M M M 10.2 21 260 M M 0 26 260
3 80 39 60 M 5 0 M M M 3.8 9 340 M M 0 17 280
4 86 47 67 M 0 2 M M M 7.1 12 80 M M 0 18 160
5 91 46 69 M 0 4 M M M 12.2 24 140 M M 0 31 160
6 79 51 65 M 0 0 M M M 15.6 28 280 M M 0 35 270
7 80 43 62 M 3 0 M M M 11.2 22 240 M M 0 26 240
8 81 39 60 M 5 0 M M M 3.6 16 140 M M 0 20 40
9 68 45 57 M 8 0 M M M 15.6 28 320 M M 0 38 320
10 75 38 57 M 8 0 M M M 6.1 15 350 M M 0 20 290
11 84 40 62 M 3 0 M M M 5.8 14 100 M M 0 22 110
12 89 51 70 M 0 5 M M M 9.8 22 120 M M 0 30 120
13 92 53 73 M 0 8 M M M 4.9 12 130 M M 0 24 210
14 96 53 75 M 0 10 M M M 7.4 16 240 M M 0 23 280
15 96 60 78 M 0 13 M M M 10.4 28 230 M M 0 8 32 230
16 88 56 72 M 0 7 M M M 11.7 22 280 M M 0 30 280
================================================================================
SM 1327 764 40 50 M M 151.1 M 2
================================================================================
AV 82.9 47.8 9.4 FASTST M M 0 MAX(MPH)
MISC ----> 41 270 52 270
================================================================================
NOTES:
# LAST OF SEVERAL OCCURRENCES
COLUMN 17 PEAK WIND IN M.P.H.
PRELIMINARY LOCAL CLIMATOLOGICAL DATA (WS FORM: F-6) , PAGE 2
STATION: PECOS MUNICIPAL AIRPORT
MONTH: APRIL
YEAR: 2024
LATITUDE: 31 22 N
LONGITUDE: 103 31 W
[TEMPERATURE DATA] [PRECIPITATION DATA] SYMBOLS USED IN COLUMN 16
AVERAGE MONTHLY: 65.3 TOTAL FOR MONTH: M 1 = FOG OR MIST
DPTR FM NORMAL: 0.0 DPTR FM NORMAL: M 2 = FOG REDUCING VISIBILITY
HIGHEST: 96 ON 15,14 GRTST 24HR M ON M TO 1/4 MILE OR LESS
LOWEST: 38 ON 10 3 = THUNDER
SNOW, ICE PELLETS, HAIL 4 = ICE PELLETS
TOTAL MONTH: M 5 = HAIL
GRTST 24HR M ON M 6 = FREEZING RAIN OR DRIZZLE
GRTST DEPTH: M ON M 7 = DUSTSTORM OR SANDSTORM:
VSBY 1/2 MILE OR LESS
8 = SMOKE OR HAZE
[NO. OF DAYS WITH] [WEATHER - DAYS WITH] 9 = BLOWING SNOW
X = TORNADO
MAX 32 OR BELOW: 0 0.01 INCH OR MORE: 0
MAX 90 OR ABOVE: 4 0.10 INCH OR MORE: 0
MIN 32 OR BELOW: 0 0.50 INCH OR MORE: 0
MIN 0 OR BELOW: 0 1.00 INCH OR MORE: 0
[HDD (BASE 65) ]
TOTAL THIS MO. 40 CLEAR (SCALE 0-3) 16
DPTR FM NORMAL M PTCLDY (SCALE 4-7) 0
TOTAL FM JUL 1 1712 CLOUDY (SCALE 8-10) 0
DPTR FM NORMAL M
[CDD (BASE 65) ]
TOTAL THIS MO. 50
DPTR FM NORMAL M [PRESSURE DATA]
TOTAL FM JAN 1 93 HIGHEST SLP M ON M
DPTR FM NORMAL M LOWEST SLP M ON M
[REMARKS]