000
CXUS56 KMTR 170900
CF6SNS
PRELIMINARY LOCAL CLIMATOLOGICAL DATA (WS FORM: F-6)
STATION: SALINAS AIRPORT
MONTH: APRIL
YEAR: 2024
LATITUDE: 36 40 N
LONGITUDE: 121 36 W
TEMPERATURE IN F: :PCPN: SNOW: WIND :SUNSHINE: SKY :PK WND
================================================================================
1 2 3 4 5 6A 6B 7 8 9 10 11 12 13 14 15 16 17 18
12Z AVG MX 2MIN
DY MAX MIN AVG DEP HDD CDD WTR SNW DPTH SPD SPD DIR MIN PSBL S-S WX SPD DR
================================================================================
1 70 45 58 2 7 0 0.00 M M 4.3 16 300 M M 1 21 310
2 73 47 60 4 5 0 0.00 M M 9.4 17 140 M M 0 22 150
3 61 50 56 0 9 0 T M M 8.1 18 270 M M 10 18 26 270
4 54 45 50 -6 15 0 0.46 M M 10.0 24 150 M M 9 1 31 260
5 57 41 49 -7 16 0 0.03 M M 11.7 30 270 M M 3 1 41 270
6 60 38 49 -7 16 0 0.00 M M 7.0 16 280 M M 0 22 310
7 61 42 52 -4 13 0 0.00 M M 8.1 20 280 M M 1 26 280
8 66 45 56 0 9 0 0.00 M M 5.9 18 290 M M 0 23 290
9 72 44 58 2 7 0 0.00 M M 7.5 16 310 M M 0 20 310
10 78 46 62 6 3 0 0.00 M M 5.8 15 300 M M 0 1 19 290
11 77 49 63 7 2 0 0.00 M M 7.3 16 290 M M 0 20 280
12 64 48 56 0 9 0 0.00 M M 8.5 23 160 M M 5 1 31 160
13 57 47 52 -4 13 0 0.42 M M 17.7 30 140 M M 9 1 40 130
14 64 47 56 -1 9 0 0.04 M M 10.2 22 140 M M 5 29 140
15 65 49 57 0 8 0 0.00 M M 4.7 15 290 M M 3 22 290
16 74 44 59 2 6 0 0.00 M M 6.3 17 300 M M 0 1 22 320
================================================================================
SM 1053 727 147 0 0.95 M 132.5 M 46
================================================================================
AV 65.8 45.4 8.3 FASTST M M 3 MAX(MPH)
MISC ----> # 30 270 41 270
================================================================================
NOTES:
# LAST OF SEVERAL OCCURRENCES
COLUMN 17 PEAK WIND IN M.P.H.
PRELIMINARY LOCAL CLIMATOLOGICAL DATA (WS FORM: F-6) , PAGE 2
STATION: SALINAS AIRPORT
MONTH: APRIL
YEAR: 2024
LATITUDE: 36 40 N
LONGITUDE: 121 36 W
[TEMPERATURE DATA] [PRECIPITATION DATA] SYMBOLS USED IN COLUMN 16
AVERAGE MONTHLY: 55.6 TOTAL FOR MONTH: 0.95 1 = FOG OR MIST
DPTR FM NORMAL: -0.6 DPTR FM NORMAL: 0.31 2 = FOG REDUCING VISIBILITY
HIGHEST: 78 ON 10 GRTST 24HR 0.49 ON 4- 5 TO 1/4 MILE OR LESS
LOWEST: 38 ON 6 3 = THUNDER
SNOW, ICE PELLETS, HAIL 4 = ICE PELLETS
TOTAL MONTH: M 5 = HAIL
GRTST 24HR M ON M 6 = FREEZING RAIN OR DRIZZLE
GRTST DEPTH: M ON M 7 = DUSTSTORM OR SANDSTORM:
VSBY 1/2 MILE OR LESS
8 = SMOKE OR HAZE
[NO. OF DAYS WITH] [WEATHER - DAYS WITH] 9 = BLOWING SNOW
X = TORNADO
MAX 32 OR BELOW: 0 0.01 INCH OR MORE: 4
MAX 90 OR ABOVE: 0 0.10 INCH OR MORE: 2
MIN 32 OR BELOW: 0 0.50 INCH OR MORE: 0
MIN 0 OR BELOW: 0 1.00 INCH OR MORE: 0
[HDD (BASE 65) ]
TOTAL THIS MO. 147 CLEAR (SCALE 0-3) 9
DPTR FM NORMAL 5 PTCLDY (SCALE 4-7) 4
TOTAL FM JUL 1 1708 CLOUDY (SCALE 8-10) 3
DPTR FM NORMAL -518
[CDD (BASE 65) ]
TOTAL THIS MO. 0
DPTR FM NORMAL 0 [PRESSURE DATA]
TOTAL FM JAN 1 1 HIGHEST SLP M ON M
DPTR FM NORMAL 0 LOWEST SLP 29.74 ON 4
[REMARKS]