000
CXUS51 KOKX 021425
CLANYC
CLIMATE REPORT
NATIONAL WEATHER SERVICE NEW YORK, NY
912 AM EST TUE JAN 02 2024
...................................
...THE CENTRAL PARK NY CLIMATE SUMMARY FOR THE YEAR OF 2023...
CLIMATE NORMAL PERIOD 1991 TO 2020
CLIMATE RECORD PERIOD 1869 TO 2024
WEATHER OBSERVED NORMAL DEPART LAST YEAR`S
VALUE DATE(S) VALUE FROM VALUE DATE(S)
NORMAL
................................................................
TEMPERATURE (F)
RECORD
HIGH 106 07/09/1936
LOW -15 02/09/1934
HIGHEST 93 09/06 MM MM 97 08/09
09/07
07/05
LOWEST 3 02/04 MM MM 7 12/24
AVG. MAXIMUM 64.8 62.6 2.2 63.6
AVG. MINIMUM 51.0 48.9 2.1 49.0
MEAN 57.9 55.8 2.1 56.3
DAYS MAX >= 90 12 17.4 -5.4 25
DAYS MAX <= 32 1 16.0 -15.0 18
DAYS MIN <= 32 28 67.3 -39.3 74
DAYS MIN <= 0 0 0.1 -0.1 0
PRECIPITATION (INCHES)
RECORD
MAXIMUM 80.56 1983
MINIMUM 26.09 1965
TOTALS 59.29 49.52 9.77 46.30
DAILY AVG. 0.16 0.14 0.02 0.13
DAYS >= .01 123 125.4 -2.4 111
DAYS >= .10 84 78.8 5.2 76
DAYS >= .50 39 33.3 5.7 32
DAYS >= 1.00 15 13.6 1.4 8
GREATEST
24 HR. TOTAL 5.85 0MM28 TO 09/29 2.16
STORM TOTAL 5.85 1.85
(MM/DD(HH)) MM
SNOWFALL (INCHES)
RECORDS
TOTAL 64.0 1896
24 HR TOTAL MM
SNOW DEPTH 26 12/27/1947
TOTALS 2.3 29.8 -27.5 17.7
LIQUID EQUIV 0.20 2.90 -2.70 1.80
SINCE 7/1 T 5.5 -5.5 MM
LIQUID 7/1 -0.10 0.50 -0.60 MM
SNOWDEPTH AVG. 0 0
DAYS >= TRACE 14 11.4 2.6 21
DAYS >= 1.0 0 7.0 -7.0 4
GREATEST
SNOW DEPTH 2 02/28 7 01/30
24 HR TOTAL 2.2 MM 0.0
STORM TOTAL 0.9 7.3
(MM/DD(HH)) MM
DEGREE DAYS
HEATING TOTAL 3709 4553 -844 4423
SINCE 7/1 1384 1589 -205 MM
COOLING TOTAL 1242 1222 20 1382
SINCE 1/1 1242 1222 20 MM
................................................................
WIND (MPH)
AVERAGE WIND SPEED 4.6
RESULTANT WIND SPEED/DIRECTION 1/070
HIGHEST WIND SPEED/DIRECTION 29/310 DATE 02/03
HIGHEST GUST SPEED/DIRECTION 43/100 DATE 04/29
SKY COVER
POSSIBLE SUNSHINE (PERCENT) MM
AVERAGE SKY COVER 0.39
NUMBER OF DAYS FAIR 191
NUMBER OF DAYS PC 96
NUMBER OF DAYS CLOUDY 78
AVERAGE RH (PERCENT) 61
WEATHER CONDITIONS. NUMBER OF DAYS WITH
THUNDERSTORM 33 MIXED PRECIP 0
HEAVY RAIN 50 RAIN 73
LIGHT RAIN 148 FREEZING RAIN 0
LT FREEZING RAIN 0 HAIL 0
HEAVY SNOW 1 SNOW 2
LIGHT SNOW 12 SLEET 1
FOG 143 FOG W/VIS <= 1/4 MILE 9
HAZE 68
- INDICATES NEGATIVE NUMBERS.
R INDICATES RECORD WAS SET OR TIED.
MM INDICATES DATA IS MISSING.
T INDICATES TRACE AMOUNT.
$$