000
CXUS51 KALY 010914
CLMDDH
CLIMATE REPORT
NATIONAL WEATHER SERVICE ALBANY NY
514 AM EDT MON APR 01 2024
...................................
...THE BENNINGTON VT CLIMATE SUMMARY FOR THE MONTH OF MARCH 2024...
CLIMATE NORMAL PERIOD: 1991 TO 2020
CLIMATE RECORD PERIOD: 9999 TO 9999
WEATHER OBSERVED NORMAL DEPART LAST YEAR`S
VALUE DATE(S) VALUE FROM VALUE DATE(S)
NORMAL
................................................................
TEMPERATURE (F)
HIGHEST 65 03/13 61 03/22
03/14
LOWEST 14 03/24 15 03/20
AVG. MAXIMUM 47.5 43.6 3.9 44.0
AVG. MINIMUM 29.7 23.2 6.5 25.8
MEAN 38.6 33.4 5.2 34.9
DAYS MAX >= 90 0 0.0 0.0 0
DAYS MAX <= 32 2 4.8 -2.8 2
DAYS MIN <= 32 20 25.2 -5.2 28
DAYS MIN <= 0 0 0.8 -0.8 0
PRECIPITATION (INCHES)
TOTALS 6.35 2.65 3.70 MM
DAILY AVG. 0.20 0.00
DAYS >= .01 15 MM
DAYS >= .10 11 MM
DAYS >= .50 5 MM
DAYS >= 1.00 1 MM
GREATEST
24 HR. TOTAL 2.11 03/22 TO 03/23
DEGREE DAYS
HEATING TOTAL 812 980 -168 928
SINCE 7/1 5204 6058 -854 MM
COOLING TOTAL 0 0 0 0
SINCE 1/1 0 0 0 MM
................................................................
WIND (MPH)
AVERAGE WIND SPEED 6.0
HIGHEST WIND SPEED/DIRECTION 25/120 DATE 03/10
25/270 03/20
HIGHEST GUST SPEED/DIRECTION 42/110 DATE 03/10
42/300 03/11
SKY COVER
AVERAGE SKY COVER 0.65
AVERAGE RH (PERCENT) 68
WEATHER CONDITIONS. NUMBER OF DAYS WITH
THUNDERSTORM 1 MIXED PRECIP 0
HEAVY RAIN 1 RAIN 8
LIGHT RAIN 14 FREEZING RAIN 1
LT FREEZING RAIN 1 HAIL 0
HEAVY SNOW 2 SNOW 3
LIGHT SNOW 7 SLEET 0
FOG 17 FOG W/VIS <= 1/4 MILE 7
HAZE 3
- INDICATES NEGATIVE NUMBERS.
R INDICATES RECORD WAS SET OR TIED.
MM INDICATES DATA IS MISSING.
T INDICATES TRACE AMOUNT.
$$