000
CXUS52 KTBW 040400
CLMFMY
CLIMATE REPORT
NATIONAL WEATHER SERVICE TAMPA BAY FL
1100 PM EST SUN MAR 03 2024
...................................
...THE FORT MYERS CLIMATE SUMMARY FOR THE MONTH OF FEBRUARY 2024...
CLIMATE NORMAL PERIOD: 1991 TO 2020
CLIMATE RECORD PERIOD: 1902 TO 2024
WEATHER OBSERVED NORMAL DEPART LAST YEAR`S
VALUE DATE(S) VALUE FROM VALUE DATE(S)
NORMAL
................................................................
TEMPERATURE (F)
ALL-TIME FEBRUARY RECORD
HIGH 92 02/25/1962
LOW 27 02/04/1917
FEBRUARY 2024
HIGHEST 84 02/29 MM MM 90 02/24
LOWEST 47 02/22 MM MM 50 02/14
AVG. MAXIMUM 75.7 78.0 -2.3 83.8
AVG. MINIMUM 55.4 56.6 -1.2 63.3
MEAN 65.6 67.3 -1.7 73.6
DAYS MAX >= 90 0 0.0 0.0 1
DAYS MAX <= 32 0 0.0 0.0 0
DAYS MIN <= 32 0 0.0 0.0 0
DAYS MIN <= 0 0 0.0 0.0 0
PRECIPITATION (INCHES)
ALL-TIME FEBRUARY RECORD
MAXIMUM 10.82 1983
MINIMUM T 2001
1944
1911
FEBRUARY 2024
TOTALS 2.61 1.78 0.83 0.07
DAILY AVG. 0.09 0.06 0.03 0.00
DAYS >= .01 7 5.1 1.9 3
DAYS >= .10 5 2.5 2.5 0
DAYS >= .50 2 1.2 0.8 0
DAYS >= 1.00 1 0.5 0.5 0
GREATEST
24 HR. TOTAL 1.59 02/17 TO 02/18
DEGREE DAYS
HEATING TOTAL 36 51 -15 1
SINCE 7/1 146 230 -84 MM
COOLING TOTAL 60 116 -56 247
SINCE 1/1 149 203 -54 MM
................................................................
WIND (MPH)
AVERAGE WIND SPEED 7.2
HIGHEST WIND SPEED/DIRECTION 26/250 DATE 02/12
HIGHEST GUST SPEED/DIRECTION 40/260 DATE 02/12
SKY COVER (DOES NOT INCLUDE ANY CLOUDS ABOVE 12000 FEET)
POSSIBLE SUNSHINE (PERCENT) MM
AVERAGE SKY COVER 0.22
NUMBER OF DAYS FAIR 22
NUMBER OF DAYS PC 6
NUMBER OF DAYS CLOUDY 1
AVERAGE RH (PERCENT) 70
WEATHER CONDITIONS. NUMBER OF DAYS WITH
THUNDERSTORM 0 MIXED PRECIP 0
HEAVY RAIN 5 RAIN 5
LIGHT RAIN 10 FREEZING RAIN 0
LT FREEZING RAIN 0 HAIL 0
HEAVY SNOW 0 SNOW 0
LIGHT SNOW 0 SLEET 0
FOG 8 FOG W/VIS <= 1/4 MILE 0
HAZE 1
- INDICATES NEGATIVE NUMBERS.
R INDICATES RECORD WAS SET OR TIED.
MM INDICATES DATA IS MISSING.
T INDICATES TRACE AMOUNT.
$$