000
CXUS52 KTBW 011337
CLMFMY
CLIMATE REPORT
NATIONAL WEATHER SERVICE TAMPA BAY FL
837 AM EST MON JAN 01 2024
...................................
...THE FORT MYERS CLIMATE SUMMARY FOR THE MONTH OF DECEMBER 2023...
CLIMATE NORMAL PERIOD: 1991 TO 2020
CLIMATE RECORD PERIOD: 1902 TO 2023
WEATHER OBSERVED NORMAL DEPART LAST YEAR`S
VALUE DATE(S) VALUE FROM VALUE DATE(S)
NORMAL
................................................................
TEMPERATURE (F)
ALL-TIME DECEMBER RECORD
HIGH 91 12/19/2016
LOW 26 12/13/1962
DECEMBER 2023
HIGHEST 86 12/02 MM MM 86 12/06
12/07
LOWEST 50 12/20 MM MM 41 12/24
12/31
12/25
AVG. MAXIMUM 75.4 77.3 -1.9 78.2
AVG. MINIMUM 59.5 57.3 2.2 59.5
MEAN 67.4 67.3 0.1 68.8
DAYS MAX >= 90 0 0.0 0.0 0
DAYS MAX <= 32 0 0.0 0.0 0
DAYS MIN <= 32 0 0.0 0.0 0
DAYS MIN <= 0 0 0.0 0.0 0
PRECIPITATION (INCHES)
ALL-TIME DECEMBER RECORD
MAXIMUM 7.04 1922
MINIMUM 0.01 1924
DECEMBER 2023
TOTALS 4.18 1.90 2.28 1.10
DAILY AVG. 0.13 0.06 0.07 0.04
DAYS >= .01 5 5.4 -0.4 6
DAYS >= .10 5 3.0 2.0 2
DAYS >= .50 2 1.2 0.8 1
DAYS >= 1.00 2 0.5 1.5 0
GREATEST
24 HR. TOTAL 2.01 12/25 TO 12/25
DEGREE DAYS
HEATING TOTAL 37 62 -25 56
SINCE 7/1 44 79 -35 MM
COOLING TOTAL 117 133 -16 185
SINCE 1/1 4930 4044 886 MM
................................................................
WIND (MPH)
AVERAGE WIND SPEED 8.4
HIGHEST WIND SPEED/DIRECTION 26/330 DATE 12/17
HIGHEST GUST SPEED/DIRECTION 38/070 DATE 12/14
38/170 12/17
SKY COVER (DOES NOT INCLUDE ANY CLOUDS ABOVE 12000 FEET)
POSSIBLE SUNSHINE (PERCENT) MM
AVERAGE SKY COVER 0.33
NUMBER OF DAYS FAIR 21
NUMBER OF DAYS PC 7
NUMBER OF DAYS CLOUDY 3
AVERAGE RH (PERCENT) 75
WEATHER CONDITIONS. NUMBER OF DAYS WITH
THUNDERSTORM 0 MIXED PRECIP 0
HEAVY RAIN 4 RAIN 4
LIGHT RAIN 8 FREEZING RAIN 0
LT FREEZING RAIN 0 HAIL 0
HEAVY SNOW 0 SNOW 0
LIGHT SNOW 0 SLEET 0
FOG 12 FOG W/VIS <= 1/4 MILE 2
HAZE 0
- INDICATES NEGATIVE NUMBERS.
R INDICATES RECORD WAS SET OR TIED.
MM INDICATES DATA IS MISSING.
T INDICATES TRACE AMOUNT.
$$