000
CXUS52 KTBW 011904
CLMSRQ


CLIMATE REPORT
NATIONAL WEATHER SERVICE TAMPA BAY FL
200 PM EST SAT FEB 1 2014

...................................

...THE SARASOTA BRADENTON CLIMATE SUMMARY FOR THE MONTH OF JANUARY 2014...

CLIMATE NORMAL PERIOD 1981 TO 2010
CLIMATE RECORD PERIOD 1911 TO 2014

WEATHER         OBSERVED          NORMAL  DEPART  LAST YEAR`S
                 VALUE   DATE(S)  VALUE   FROM    VALUE  DATE(S)
                                          NORMAL
................................................................
TEMPERATURE (F)
ALL-TIME JANUARY RECORD
 HIGH              87   01/09/2013
                        01/23/1990
                        54/01/2206
 LOW               23   01/13/1981
                        01/21/1971
                        01/29/1940

JANUARY 2014
HIGHEST            80   01/11        MM      MM       87  01/09
                        01/10
LOWEST             35   01/19        MM      MM       42  01/24
AVG. MAXIMUM     68.5              70.9    -2.4     77.3
AVG. MINIMUM     49.3              51.8    -2.5     56.7
MEAN             58.9              61.4    -2.5     67.0
DAYS MAX >= 90      0               0.0     0.0        0
DAYS MAX <= 32      0               0.0     0.0        0
DAYS MIN <= 32      0               0.6    -0.6        0
DAYS MIN <= 0       0               0.0     0.0        0

PRECIPITATION (INCHES)
ALL-TIME JANUARY RECORD
 MAXIMUM        10.26   1998
 MINIMUM         0.00   1950

JANUARY 2014
TOTALS           2.10              2.49   -0.39     0.20
DAILY AVG.       0.07              0.08   -0.01     0.01
DAYS >= .01        12                MM      MM        5
DAYS >= .10         6                MM      MM        0
DAYS >= .50         0                MM      MM        0
DAYS >= 1.00        0                MM      MM        0
GREATEST
 24 HR. TOTAL    0.65   01/29 TO 01/30

DEGREE_DAYS
HEATING TOTAL     211               165      46       46
 SINCE 7/1        253               320     -67      164
COOLING TOTAL      31                52     -21      117
 SINCE 1/1         31                62     -31      117
.................................................................

WIND (MPH)
AVERAGE WIND SPEED              8.3
HIGHEST WIND SPEED/DIRECTION    29/290    DATE  01/02
HIGHEST GUST SPEED/DIRECTION    38/270    DATE  01/02

SKY COVER (DOES NOT INCLUDE ANY CLOUDS ABOVE 12000 FEET)
POSSIBLE SUNSHINE (PERCENT)   MM
AVERAGE SKY COVER           0.40
NUMBER OF DAYS FAIR           16
NUMBER OF DAYS PC              6
NUMBER OF DAYS CLOUDY          9

AVERAGE RH (PERCENT)     73

WEATHER CONDITIONS. NUMBER OF DAYS WITH
THUNDERSTORM              0     MIXED PRECIP               0
HEAVY RAIN                3     RAIN                       6
LIGHT RAIN               17     FREEZING RAIN              0
LT FREEZING RAIN          0     HAIL                       0
HEAVY SNOW                0     SNOW                       0
LIGHT SNOW                0     SLEET                      0
FOG                      17     FOG W/VIS <= 1/4 MILE      6
HAZE                      1

-  INDICATES NEGATIVE NUMBERS.
R  INDICATES RECORD WAS SET OR TIED.
MM INDICATES DATA IS MISSING.
T  INDICATES TRACE AMOUNT.

$$
