000
CXUS52 KTBW 022020
CLMSRQ


CLIMATE REPORT
NATIONAL WEATHER SERVICE TAMPA BAY FL
420 PM EDT MON JUN 2 2014

...................................

...THE SARASOTA BRADENTON CLIMATE SUMMARY FOR THE MONTH OF MAY 2014...

        ...8TH WETTEST MAY SINCE RECORDS BEGAN IN 1911...

CLIMATE NORMAL PERIOD 1981 TO 2010
CLIMATE RECORD PERIOD 1911 TO 2014

WEATHER         OBSERVED          NORMAL  DEPART  LAST YEAR`S
                 VALUE   DATE(S)  VALUE   FROM    VALUE  DATE(S)
                                          NORMAL
................................................................
TEMPERATURE (F)
ALL-TIME MAY RECORD
 HIGH              98   05/28/1953
 LOW               45   05/11/1923
                        05/16/1917

MAY 2014
HIGHEST            92   05/14        MM      MM       94  05/25
LOWEST             58   05/04        MM      MM       57  05/07
AVG. MAXIMUM     86.7              85.6     1.1     85.3
AVG. MINIMUM     68.3              67.2     1.1     66.3
MEAN             77.5              76.4     1.1     75.8
DAYS MAX >= 90      6               2.9     3.1        7
DAYS MAX <= 32      0               0.0     0.0        0
DAYS MIN <= 32      0               0.0     0.0        0
DAYS MIN <= 0       0               0.0     0.0        0

PRECIPITATION (INCHES)
ALL-TIME MAY RECORD
 MAXIMUM         9.39   1991
 MINIMUM            T   2007

MAY 2014
TOTALS           7.05              2.21    4.84     2.01
DAILY AVG.       0.23              0.07    0.16     0.06
DAYS >= .01         9                MM      MM        4
DAYS >= .10         9                MM      MM        3
DAYS >= .50         4                MM      MM        2
DAYS >= 1.00        1                MM      MM        1
GREATEST
 24 HR. TOTAL    3.98   05/02 TO 05/03

DEGREE_DAYS
HEATING TOTAL       0                 0       0        0
 SINCE 7/1        345               477    -132      397
COOLING TOTAL     394               354      40      344
 SINCE 1/1        812               751      61      868
.................................................................

WIND (MPH)
AVERAGE WIND SPEED              8.6
HIGHEST WIND SPEED/DIRECTION    44/130    DATE  05/26
HIGHEST GUST SPEED/DIRECTION    53/130    DATE  05/26

SKY COVER (DOES NOT INCLUDE ANY CLOUDS ABOVE 12000 FEET)
POSSIBLE SUNSHINE (PERCENT)   MM
AVERAGE SKY COVER           0.20
NUMBER OF DAYS FAIR           27
NUMBER OF DAYS PC              4
NUMBER OF DAYS CLOUDY          0

AVERAGE RH (PERCENT)     69

WEATHER CONDITIONS. NUMBER OF DAYS WITH
THUNDERSTORM             11     MIXED PRECIP               0
HEAVY RAIN                6     RAIN                       9
LIGHT RAIN               11     FREEZING RAIN              0
LT FREEZING RAIN          0     HAIL                       0
HEAVY SNOW                0     SNOW                       0
LIGHT SNOW                0     SLEET                      0
FOG                      10     FOG W/VIS <= 1/4 MILE      0
HAZE                      1
................................................................

REMARKS
THE MAY 2014 RAINFALL TOTAL OF 7.05 INCHES RANKS AS THE 8TH
WETTEST MAY SINCE RECORDS BEGAN IN 1911. THE WETTEST MAY HAD
A RAINFALL TOTAL OF 9.39 INCHES WHICH OCCURRED IN 1991.


-  INDICATES NEGATIVE NUMBERS.
R  INDICATES RECORD WAS SET OR TIED.
MM INDICATES DATA IS MISSING.
T  INDICATES TRACE AMOUNT.

$$
