000
CXUS52 KTBW 011930
CLMSRQ


CLIMATE REPORT
NATIONAL WEATHER SERVICE TAMPA BAY FL
230 PM EST SUN DEC 1 2013

...................................

...THE SARASOTA BRADENTON CLIMATE SUMMARY FOR THE MONTH OF NOVEMBER 2013...

         ...6TH WARMEST NOVEMBER SINCE RECORDS BEGAN IN 1911...

CLIMATE NORMAL PERIOD 1981 TO 2010
CLIMATE RECORD PERIOD 1911 TO 2013

WEATHER         OBSERVED          NORMAL  DEPART  LAST YEAR`S
                 VALUE   DATE(S)  VALUE   FROM    VALUE  DATE(S)
                                          NORMAL
................................................................
TEMPERATURE (F)
ALL-TIME NOVEMBER RECORD
 HIGH              93   11/22/1948
 LOW               27   11/25/1970

NOVEMBER 2013
HIGHEST            87   11/06        MM      MM       84  11/12
LOWEST             40   11/28        MM      MM       43  11/25
AVG. MAXIMUM     80.8              78.8     2.0     76.1
AVG. MINIMUM     63.5              59.6     3.9     55.8
MEAN             72.2              69.2     3.0     65.9
DAYS MAX >= 90      0               0.0     0.0        0
DAYS MAX <= 32      0               0.0     0.0        0
DAYS MIN <= 32      0               0.0     0.0        0
DAYS MIN <= 0       0               0.0     0.0        0

PRECIPITATION (INCHES)
ALL-TIME NOVEMBER RECORD
 MAXIMUM         7.26   1997
 MINIMUM            T   2001

NOVEMBER 2013
TOTALS           1.35              1.93   -0.58     0.35
DAILY AVG.       0.05              0.06   -0.01     0.01
DAYS >= .01         6                MM      MM        1
DAYS >= .10         3                MM      MM        1
DAYS >= .50         1                MM      MM        0
DAYS >= 1.00        0                MM      MM        0
GREATEST
 24 HR. TOTAL    0.71   11/20 TO 11/20

DEGREE_DAYS
HEATING TOTAL      18                30     -12       41
 SINCE 7/1         18                33     -15       41
COOLING TOTAL     240               156      84       76
 SINCE 1/1       3628              3300     328     3724
.................................................................

WIND (MPH)
AVERAGE WIND SPEED              9.2
HIGHEST WIND SPEED/DIRECTION    32/180    DATE  11/26
HIGHEST GUST SPEED/DIRECTION    43/290    DATE  11/27

SKY COVER (DOES NOT INCLUDE ANY CLOUDS ABOVE 12000 FEET)
POSSIBLE SUNSHINE (PERCENT)   MM
AVERAGE SKY COVER           0.40
NUMBER OF DAYS FAIR           17
NUMBER OF DAYS PC              9
NUMBER OF DAYS CLOUDY          4

AVERAGE RH (PERCENT)     72

WEATHER CONDITIONS. NUMBER OF DAYS WITH
THUNDERSTORM              0     MIXED PRECIP               0
HEAVY RAIN                3     RAIN                       3
LIGHT RAIN               13     FREEZING RAIN              0
LT FREEZING RAIN          0     HAIL                       0
HEAVY SNOW                0     SNOW                       0
LIGHT SNOW                0     SLEET                      0
FOG                       6     FOG W/VIS <= 1/4 MILE      0
HAZE                      1
................................................................

REMARKS
THE NOVEMBER 2013 MONTHLY AVERAGE TEMPERATURE OF 72.2 DEGREES RANKS
AS THE 6TH WARMEST NOVEMBER SINCE RECORDS BEGAN IN 1911. THE WARMEST
NOVEMBER HAD AN AVERAGE TEMPERATURE OF 76.1 DEGREES WHICH OCCURRED
IN 1986.

-  INDICATES NEGATIVE NUMBERS.
R  INDICATES RECORD WAS SET OR TIED.
MM INDICATES DATA IS MISSING.
T  INDICATES TRACE AMOUNT.

$$
