000
CXUS52 KTBW 012005
CLMSRQ


CLIMATE REPORT
NATIONAL WEATHER SERVICE TAMPA BAY FL
300 PM EST THU JAN 1 2015

...................................

...THE SARASOTA BRADENTON CLIMATE SUMMARY FOR THE MONTH OF DECEMBER 2014...

CLIMATE NORMAL PERIOD 1981 TO 2010
CLIMATE RECORD PERIOD 1911 TO 2014

WEATHER         OBSERVED          NORMAL  DEPART  LAST YEAR`S
                 VALUE   DATE(S)  VALUE   FROM    VALUE  DATE(S)
                                          NORMAL
................................................................
TEMPERATURE (F)
ALL-TIME DECEMBER RECORD
 HIGH              90   12/14/1971
                        12/18/1967
 LOW               20   12/26/1983

DECEMBER 2014
HIGHEST            82   12/04        MM      MM       87  12/21
                        12/03
LOWEST             40   12/15        MM      MM       44  12/18
                        12/14
AVG. MAXIMUM     73.4              73.2     0.2     78.7
AVG. MINIMUM     55.4              53.7     1.7     59.4
MEAN             64.4              63.5     0.9     69.1
DAYS MAX >= 90      0               0.0     0.0        0
DAYS MAX <= 32      0               0.0     0.0        0
DAYS MIN <= 32      0               0.3    -0.3        0
DAYS MIN <= 0       0               0.0     0.0        0

PRECIPITATION (INCHES)
ALL-TIME DECEMBER RECORD
 MAXIMUM        11.94   1997
 MINIMUM         0.00   1933

DECEMBER 2014
TOTALS           0.47              2.53   -2.06     0.21
DAILY AVG.       0.02              0.08   -0.06     0.01
DAYS >= .01         6                MM      MM        3
DAYS >= .10         1                MM      MM        1
DAYS >= .50         0                MM      MM        0
DAYS >= 1.00        0                MM      MM        0
GREATEST
 24 HR. TOTAL    0.30   12/24 TO 12/24

DEGREE_DAYS
HEATING TOTAL      99               122     -23       24
 SINCE 7/1        184               155      29       42
COOLING TOTAL      89                74      15      157
 SINCE 1/1       3501              3374     127     3785
.................................................................

WIND (MPH)
AVERAGE WIND SPEED              7.1
HIGHEST WIND SPEED/DIRECTION    29/180    DATE  12/24
HIGHEST GUST SPEED/DIRECTION    39/180    DATE  12/24

SKY COVER (DOES NOT INCLUDE ANY CLOUDS ABOVE 12000 FEET)
POSSIBLE SUNSHINE (PERCENT)   MM
AVERAGE SKY COVER           0.40
NUMBER OF DAYS FAIR           17
NUMBER OF DAYS PC              9
NUMBER OF DAYS CLOUDY          5

AVERAGE RH (PERCENT)     79

WEATHER CONDITIONS. NUMBER OF DAYS WITH
THUNDERSTORM              0     MIXED PRECIP               0
HEAVY RAIN                0     RAIN                       1
LIGHT RAIN               11     FREEZING RAIN              0
LT FREEZING RAIN          0     HAIL                       0
HEAVY SNOW                0     SNOW                       0
LIGHT SNOW                0     SLEET                      0
FOG                      16     FOG W/VIS <= 1/4 MILE      6
HAZE                      0
................................................................

REMARKS
THE DECEMBER 2014 MONTHLY AVERAGE TEMPERATURE OF 64.4 DEGREES
RANKS AS THE 43RD COOLEST/61ST WARMEST DECEMBER SINCE RECORDS
BEGAN IN 1911.

THE DECEMBER 2014 RAINFALL TOTAL OF 0.47 INCHES RANKS AS THE
14TH DRIEST DECEMBER SINCE RECORDS BEGAN IN 1911. THE DRIEST
DECEMBER HAD NO RAIN WHICH OCCURRED IN 1933.


-  INDICATES NEGATIVE NUMBERS.
R  INDICATES RECORD WAS SET OR TIED.
MM INDICATES DATA IS MISSING.
T  INDICATES TRACE AMOUNT.

$$
