000
CXUS52 KTBW 032036
CLMSRQ


CLIMATE REPORT
NATIONAL WEATHER SERVICE TAMPA BAY FL
430 PM EDT THU OCT 3 2013

...................................

...THE SARASOTA BRADENTON CLIMATE SUMMARY FOR THE MONTH OF SEPTEMBER 2013...

CLIMATE NORMAL PERIOD 1981 TO 2010
CLIMATE RECORD PERIOD 1911 TO 2013

WEATHER         OBSERVED          NORMAL  DEPART  LAST YEAR`S
                 VALUE   DATE(S)  VALUE   FROM    VALUE  DATE(S)
                                          NORMAL
................................................................
ALL-TIME SEPTEMBER TEMPERATURE (F)
RECORD
 HIGH              98   09/07/1970
                        09/11/1925
 LOW               58   09/30/1970

SEPTEMBER 2013
HIGHEST            94   09/15        MM      MM       93  09/23
                                                          09/01
LOWEST             71   09/30        MM      MM       69  09/25
                        09/21
AVG. MAXIMUM     89.4              88.8     0.6     89.3
AVG. MINIMUM     73.9              74.0    -0.1     74.3
MEAN             81.7              81.4     0.3     81.8
DAYS MAX >= 90     18              12.8     5.2       12
DAYS MAX <= 32      0               0.0     0.0        0
DAYS MIN <= 32      0               0.0     0.0        0
DAYS MIN <= 0       0               0.0     0.0        0

PRECIPITATION (INCHES)
ALL-TIME SEPTEMBER RECORD
 MAXIMUM        21.16   1962
 MINIMUM         1.04   2005

SEPTEMBER 2013
TOTALS          11.95              7.10    4.85     1.94
DAILY AVG.       0.40              0.24    0.16     0.06
DAYS >= .01        14                MM      MM       10
DAYS >= .10         9                MM      MM        7
DAYS >= .50         7                MM      MM        1
DAYS >= 1.00        6                MM      MM        0
GREATEST
 24 HR. TOTAL    3.99   09/23 TO 09/24

DEGREE_DAYS
HEATING TOTAL       0                 0       0        0
 SINCE 7/1          0                 0       0        0
COOLING TOTAL     507               492      15      510
 SINCE 1/1       3007              2789     218     3264
.................................................................

WIND (MPH)
AVERAGE WIND SPEED              6.8
HIGHEST WIND SPEED/DIRECTION    36/140    DATE  09/15
HIGHEST GUST SPEED/DIRECTION    43/070    DATE  09/06

SKY COVER
POSSIBLE SUNSHINE (PERCENT)   MM
AVERAGE SKY COVER           0.20
NUMBER OF DAYS FAIR           25
NUMBER OF DAYS PC              4
NUMBER OF DAYS CLOUDY          1

AVERAGE RH (PERCENT)     75

WEATHER CONDITIONS. NUMBER OF DAYS WITH
THUNDERSTORM              0     MIXED PRECIP               0
HEAVY RAIN                7     RAIN                       9
LIGHT RAIN               18     FREEZING RAIN              0
LT FREEZING RAIN          0     HAIL                       0
HEAVY SNOW                0     SNOW                       0
LIGHT SNOW                0     SLEET                      0
FOG                      10     FOG W/VIS <= 1/4 MILE      1
HAZE                      1

-  INDICATES NEGATIVE NUMBERS.
R  INDICATES RECORD WAS SET OR TIED.
MM INDICATES DATA IS MISSING.
T  INDICATES TRACE AMOUNT.

$$
