000
CXUS52 KTBW 011538
CLMSRQ


CLIMATE REPORT
NATIONAL WEATHER SERVICE TAMPA BAY FL
1130 AM EDT THU MAY 1 2014

...................................

...THE SARASOTA BRADENTON CLIMATE SUMMARY FOR THE MONTH OF APRIL 2014...

CLIMATE NORMAL PERIOD 1981 TO 2010
CLIMATE RECORD PERIOD 1911 TO 2014

WEATHER         OBSERVED          NORMAL  DEPART  LAST YEAR`S
                 VALUE   DATE(S)  VALUE   FROM    VALUE  DATE(S)
                                          NORMAL
................................................................
TEMPERATURE (F)
ALL-TIME APRIL RECORD
 HIGH              94   04/16/1994
                        04/22/1974
                        04/01/1974
 LOW               37   04/05/1915

APRIL 2014
HIGHEST            89   04/29        MM      MM       91  04/16
                        04/28
LOWEST             53   04/01        MM      MM       58  04/06
AVG. MAXIMUM     81.3              80.7     0.6     83.5
AVG. MINIMUM     62.6              61.5     1.1     65.4
MEAN             72.0              71.1     0.9     74.4
DAYS MAX >= 90      0               0.3    -0.3        1
DAYS MAX <= 32      0               0.0     0.0        0
DAYS MIN <= 32      0               0.0     0.0        0
DAYS MIN <= 0       0               0.0     0.0        0

PRECIPITATION (INCHES)
ALL-TIME APRIL RECORD
 MAXIMUM        10.23   1987
 MINIMUM         0.00   1967

APRIL 2014
TOTALS           1.24              2.44   -1.20     3.94
DAILY AVG.       0.04              0.08   -0.04     0.13
DAYS >= .01         5                MM      MM        6
DAYS >= .10         3                MM      MM        4
DAYS >= .50         1                MM      MM        1
DAYS >= 1.00        0                MM      MM        1
GREATEST
 24 HR. TOTAL    0.65   04/08 TO 04/09

DEGREE_DAYS
HEATING TOTAL       0                10     -10        0
 SINCE 7/1        345               477    -132      397
COOLING TOTAL     216               193      23      289
 SINCE 1/1        418               397      21      524
.................................................................

WIND (MPH)
AVERAGE WIND SPEED              9.4
HIGHEST WIND SPEED/DIRECTION    30/280    DATE  04/08
HIGHEST GUST SPEED/DIRECTION    38/170    DATE  04/07

SKY COVER (DOES NOT INCLUDE ANY CLOUDS ABOVE 12000 FEET)
POSSIBLE SUNSHINE (PERCENT)   MM
AVERAGE SKY COVER           0.30
NUMBER OF DAYS FAIR           21
NUMBER OF DAYS PC              8
NUMBER OF DAYS CLOUDY          1

AVERAGE RH (PERCENT)     73

WEATHER CONDITIONS. NUMBER OF DAYS WITH
THUNDERSTORM              2     MIXED PRECIP               0
HEAVY RAIN                2     RAIN                       3
LIGHT RAIN                7     FREEZING RAIN              0
LT FREEZING RAIN          0     HAIL                       0
HEAVY SNOW                0     SNOW                       0
LIGHT SNOW                0     SLEET                      0
FOG                      10     FOG W/VIS <= 1/4 MILE      1
HAZE                      2

-  INDICATES NEGATIVE NUMBERS.
R  INDICATES RECORD WAS SET OR TIED.
MM INDICATES DATA IS MISSING.
T  INDICATES TRACE AMOUNT.

$$
