000
CXUS52 KTBW 011445
CLMSRQ


CLIMATE REPORT
NATIONAL WEATHER SERVICE TAMPA BAY FL
1045 AM EDT THU OCT 1 2015

...................................

...THE SARASOTA BRADENTON CLIMATE SUMMARY FOR THE MONTH OF SEPTEMBER 2015...

CLIMATE NORMAL PERIOD 1981 TO 2010
CLIMATE RECORD PERIOD 1911 TO 2015

WEATHER         OBSERVED          NORMAL  DEPART  LAST YEAR`S
                 VALUE   DATE(S)  VALUE   FROM    VALUE  DATE(S)
                                          NORMAL
................................................................
TEMPERATURE (F)
ALL-TIME SEPTEMBER RECORD
 HIGH              98   09/07/1970
                        09/11/1925
 LOW               58   09/30/1970

SEPTEMBER 2015
HIGHEST            93   09/05        MM      MM       96  09/01
                        09/04
LOWEST             72   09/14        MM      MM       70  09/19
                        09/06                             09/18
AVG. MAXIMUM     88.8              88.8     0.0     88.7
AVG. MINIMUM     74.3              74.0     0.3     73.2
MEAN             81.5              81.4     0.1     80.9
DAYS MAX >= 90     14              12.8     1.2        9
DAYS MAX <= 32      0               0.0     0.0        0
DAYS MIN <= 32      0               0.0     0.0        0
DAYS MIN <= 0       0               0.0     0.0        0

PRECIPITATION (INCHES)
ALL-TIME SEPTEMBER RECORD
 MAXIMUM        21.16   1962
 MINIMUM         1.07   2005

SEPTEMBER 2015
TOTALS           8.40              7.10    1.30    10.53
DAILY AVG.       0.28              0.24    0.04     0.35
DAYS >= .01        14                MM      MM       19
DAYS >= .10        10                MM      MM       15
DAYS >= .50         6                MM      MM        7
DAYS >= 1.00        3                MM      MM        3
GREATEST
 24 HR. TOTAL    3.15   09/28 TO 09/29

DEGREE_DAYS
HEATING TOTAL       0                 0       0        0
 SINCE 7/1          0                 0       0        0
COOLING TOTAL     503               492      11      453
 SINCE 1/1       3138              2789     349     2999
.................................................................

WIND (MPH)
AVERAGE WIND SPEED              6.6
HIGHEST WIND SPEED/DIRECTION    38/140    DATE  09/15
HIGHEST GUST SPEED/DIRECTION    46/140    DATE  09/15

SKY COVER (DOES NOT INCLUDE ANY CLOUDS ABOVE 12000 FEET)
POSSIBLE SUNSHINE (PERCENT)   MM
AVERAGE SKY COVER           0.20
NUMBER OF DAYS FAIR           27
NUMBER OF DAYS PC              2
NUMBER OF DAYS CLOUDY          1

AVERAGE RH (PERCENT)     80

WEATHER CONDITIONS. NUMBER OF DAYS WITH
THUNDERSTORM             16     MIXED PRECIP               0
HEAVY RAIN                9     RAIN                      11
LIGHT RAIN               16     FREEZING RAIN              0
LT FREEZING RAIN          0     HAIL                       0
HEAVY SNOW                0     SNOW                       0
LIGHT SNOW                0     SLEET                      0
FOG                      14     FOG W/VIS <= 1/4 MILE      0
HAZE                      3
.................................................................

REMARKS
THE SEPTEMBER 2015 MONTHLY AVERAGE TEMPERATURE OF 81.5 DEGREES TIES
WITH 1954 AND 1921 AS THE 26TH WARMEST SEPTEMBER SINCE RECORDS BEGAN
IN 1911. THE WARMEST SEPTEMBER HAD AN AVERAGE TEMPERATURE OF 82.7
DEGREES WHICH OCCURRED IN 2007.

THE SEPTEMBER 2015 MONTHLY RAINFALL TOTAL OF 8.40 INCHES RANKS AS THE
40TH WETTEST/70TH DRIEST SEPTEMBER SINCE RECORDS BEGAN IN 1911.

-  INDICATES NEGATIVE NUMBERS.
R  INDICATES RECORD WAS SET OR TIED.
MM INDICATES DATA IS MISSING.
T  INDICATES TRACE AMOUNT.

$$
