000
CDUS42 KTBW 282112
CLIFMY


CLIMATE REPORT
NATIONAL WEATHER SERVICE TAMPA BAY FL
511 PM EDT TUE JUN 28 2016


...................................

...THE FORT MYERS CLIMATE SUMMARY FOR JUNE 28 2016...
VALID TODAY AS OF 0500 PM LOCAL TIME.

CLIMATE NORMAL PERIOD 1981 TO 2010
CLIMATE RECORD PERIOD 1902 TO 2016


WEATHER ITEM   OBSERVED TIME   RECORD YEAR NORMAL DEPARTURE LAST
                VALUE   (LST)  VALUE       VALUE  FROM      YEAR
                                                  NORMAL
..................................................................
TEMPERATURE (F)
 TODAY
  MAXIMUM         90   1121 AM  98    1980  92     -2       91
  MINIMUM         74    546 AM  67    1950  74      0       75
  AVERAGE         82                        83     -1       83

PRECIPITATION (IN)
  TODAY            0.53          3.74 1992   0.37   0.16     0.00
  MONTH TO DATE   12.03                      9.35   2.68     8.60
  SINCE JUN 1     12.03                      9.35   2.68     8.60
  SINCE JAN 1     32.90                     21.15  11.75    17.45

DEGREE DAYS
 HEATING
  TODAY            0                         0      0        0
  MONTH TO DATE    0                         0      0        0
  SINCE JUN 1      0                         0      0        0
  SINCE JUL 1    204                       287    -83      231

 COOLING
  TODAY           17                        18     -1       18
  MONTH TO DATE  507                       492     15      499
  SINCE JUN 1    507                       492     15      499
  SINCE JAN 1   1605                      1558     47     1853
..................................................................


WIND (MPH)
  RESULTANT WIND SPEED   2   RESULTANT WIND DIRECTION  SW (230)
  HIGHEST WIND SPEED    24   HIGHEST WIND DIRECTION     N (340)
  HIGHEST GUST SPEED    29   HIGHEST GUST DIRECTION     N (340)
  AVERAGE WIND SPEED     3.0


SKY COVER
  POSSIBLE SUNSHINE  MM
  AVERAGE SKY COVER 0.3


WEATHER CONDITIONS
 THE FOLLOWING WEATHER WAS RECORDED TODAY.
  THUNDERSTORM
  HEAVY RAIN
  RAIN
  LIGHT RAIN
  FOG
  HAZE


RELATIVE HUMIDITY (PERCENT)
 HIGHEST   100           500 AM
 LOWEST     63          1100 AM

..........................................................


THE FORT MYERS CLIMATE NORMALS FOR TOMORROW
                         NORMAL    RECORD    YEAR
 MAXIMUM TEMPERATURE (F)   92        97      2014
 MINIMUM TEMPERATURE (F)   74        68      1947
                                             1917
                                             1914


SUNRISE AND SUNSET
JUNE 28 2016..........SUNRISE   637 AM EDT   SUNSET   825 PM EDT
JUNE 29 2016..........SUNRISE   637 AM EDT   SUNSET   825 PM EDT


-  INDICATES NEGATIVE NUMBERS.
R  INDICATES RECORD WAS SET OR TIED.
MM INDICATES DATA IS MISSING.
T  INDICATES TRACE AMOUNT.




$$


&&
------------------------------------------------------------------
******************** SUPPLEMENTAL DATA ***************************

...GULF WATER TEMPERATURE AT FORT MYERS BEACH 88 DEGREES
