000
CDUS42 KTBW 252217
CLIFMY


CLIMATE REPORT
NATIONAL WEATHER SERVICE TAMPA BAY FL
515 PM EST SAT FEB 25 2017


...................................

...THE FORT MYERS CLIMATE SUMMARY FOR FEBRUARY 25 2017...
VALID TODAY AS OF 0500 PM LOCAL TIME.

CLIMATE NORMAL PERIOD 1981 TO 2010
CLIMATE RECORD PERIOD 1902 TO 2017


WEATHER ITEM   OBSERVED TIME   RECORD YEAR NORMAL DEPARTURE LAST
                VALUE   (LST)  VALUE       VALUE  FROM      YEAR
                                                  NORMAL
..................................................................
TEMPERATURE (F)
 TODAY
  MAXIMUM         82   1137 AM  92    1962  78      4       67
  MINIMUM         65    452 AM  35    1989  57      8       53
  AVERAGE         74                        68      6       60

PRECIPITATION (IN)
  TODAY            0.00          2.55 2004   0.09  -0.09     0.00
  MONTH TO DATE    0.72                      1.89  -1.17     2.13
  SINCE DEC 1      2.49                      5.54  -3.05    18.71
  SINCE JAN 1      2.25                      3.83  -1.58    15.11

DEGREE DAYS
 HEATING
  TODAY            0                         2     -2        5
  MONTH TO DATE    1                        56    -55       70
  SINCE DEC 1     60                       239   -179      177
  SINCE JUL 1     65                       257   -192      177

 COOLING
  TODAY            9                         4      5        0
  MONTH TO DATE  157                        90     67       65
  SINCE DEC 1    586                       294    292      387
  SINCE JAN 1    310                       173    137      109
..................................................................


WIND (MPH)
  RESULTANT WIND SPEED   3   RESULTANT WIND DIRECTION   W (290)
  HIGHEST WIND SPEED    18   HIGHEST WIND DIRECTION     W (260)
  HIGHEST GUST SPEED    22   HIGHEST GUST DIRECTION     W (260)
  AVERAGE WIND SPEED     3.5


SKY COVER
  POSSIBLE SUNSHINE  MM
  AVERAGE SKY COVER 0.3


WEATHER CONDITIONS
 THE FOLLOWING WEATHER WAS RECORDED TODAY.
  FOG


RELATIVE HUMIDITY (PERCENT)
 HIGHEST   100           200 AM
 LOWEST     67          1100 AM

..........................................................


THE FORT MYERS CLIMATE NORMALS FOR TOMORROW
                         NORMAL    RECORD    YEAR
 MAXIMUM TEMPERATURE (F)   78        87      1997
                                             1971
                                             1962
 MINIMUM TEMPERATURE (F)   57        32      1967


SUNRISE AND SUNSET
FEBRUARY 25 2017......SUNRISE   655 AM EST   SUNSET   627 PM EST
FEBRUARY 26 2017......SUNRISE   654 AM EST   SUNSET   627 PM EST


-  INDICATES NEGATIVE NUMBERS.
R  INDICATES RECORD WAS SET OR TIED.
MM INDICATES DATA IS MISSING.
T  INDICATES TRACE AMOUNT.




$$


&&
------------------------------------------------------------------
******************** SUPPLEMENTAL DATA ***************************

...GULF WATER TEMPERATURE AT FORT MYERS BEACH 73 DEGREES
