000
CDUS42 KTBW 222223
CLIFMY


CLIMATE REPORT
NATIONAL WEATHER SERVICE TAMPA BAY FL
519 PM EST SAT NOV 22 2014


...................................

...THE FORT MYERS CLIMATE SUMMARY FOR NOVEMBER 22 2014...
VALID TODAY AS OF 0500 PM LOCAL TIME.

CLIMATE NORMAL PERIOD 1981 TO 2010
CLIMATE RECORD PERIOD 1902 TO 2014


WEATHER ITEM   OBSERVED TIME   RECORD YEAR NORMAL DEPARTURE LAST
                VALUE   (LST)  VALUE       VALUE  FROM      YEAR
                                                  NORMAL
..................................................................
TEMPERATURE (F)
 TODAY
  MAXIMUM         82   1213 PM  92    1986  80      2       85
  MINIMUM         68    249 AM  37    1937  61      7       65
                                      1914
  AVERAGE         75                        70      5       75

PRECIPITATION (IN)
  TODAY            0.00          0.76 1935   0.05  -0.05     0.00
  MONTH TO DATE    1.58                      1.59  -0.01     0.96
  SINCE SEP 1     10.14                     12.78  -2.64    13.22
  SINCE JAN 1     39.38                     53.85 -14.47    52.82

DEGREE DAYS
 HEATING
  TODAY            0                         1     -1        0
  MONTH TO DATE   28                         7     21        0
  SINCE SEP 1     28                         9     19        0
  SINCE JUL 1     28                         9     19        0

 COOLING
  TODAY           10                         6      4       10
  MONTH TO DATE   90                       170    -80      206
  SINCE SEP 1    970                      1094   -124     1111
  SINCE JAN 1   3881                      3818     63     3829
..................................................................


WIND (MPH)
  RESULTANT WIND SPEED  13   RESULTANT WIND DIRECTION   E (90)
  HIGHEST WIND SPEED    24   HIGHEST WIND DIRECTION     E (100)
  HIGHEST GUST SPEED    33   HIGHEST GUST DIRECTION     E (110)
  AVERAGE WIND SPEED    13.3


SKY COVER
  POSSIBLE SUNSHINE  MM
  AVERAGE SKY COVER 0.7


WEATHER CONDITIONS
 THE FOLLOWING WEATHER WAS RECORDED TODAY.
  NO SIGNIFICANT WEATHER WAS OBSERVED.


RELATIVE HUMIDITY (PERCENT)
 HIGHEST    90           300 AM
 LOWEST     67          1200 PM

..........................................................


THE FORT MYERS CLIMATE NORMALS FOR TOMORROW
                         NORMAL    RECORD    YEAR
 MAXIMUM TEMPERATURE (F)   80        95      1986
 MINIMUM TEMPERATURE (F)   61        40      1956


SUNRISE AND SUNSET
NOVEMBER 22 2014......SUNRISE   652 AM EST   SUNSET   535 PM EST
NOVEMBER 23 2014......SUNRISE   653 AM EST   SUNSET   535 PM EST


-  INDICATES NEGATIVE NUMBERS.
R  INDICATES RECORD WAS SET OR TIED.
MM INDICATES DATA IS MISSING.
T  INDICATES TRACE AMOUNT.




$$


&&
------------------------------------------------------------------
******************** SUPPLEMENTAL DATA ***************************

...GULF WATER TEMPERATURE AT FORT MYERS BEACH 67
