000
CDUS42 KTBW 220833
CLIFMY


CLIMATE REPORT
NATIONAL WEATHER SERVICE TAMPA BAY FL
431 AM EDT FRI MAY 22 2015


...................................

...THE FORT MYERS CLIMATE SUMMARY FOR MAY 21 2015...

CLIMATE NORMAL PERIOD 1981 TO 2010
CLIMATE RECORD PERIOD 1902 TO 2015


WEATHER ITEM   OBSERVED TIME   RECORD YEAR NORMAL DEPARTURE LAST
                VALUE   (LST)  VALUE       VALUE  FROM      YEAR
                                                  NORMAL
..................................................................
TEMPERATURE (F)
 YESTERDAY
  MAXIMUM         91    354 PM  96    1998  90      1       90
  MINIMUM         74    540 AM  54    1917  70      4       65
  AVERAGE         83                        80      3       78

PRECIPITATION (IN)
  YESTERDAY        0.00          5.33 1980   0.10  -0.10     0.00
  MONTH TO DATE    1.05                      1.38  -0.33     1.47
  SINCE MAR 1      4.54                      6.44  -1.90     5.59
  SINCE JAN 1      7.73                     10.53  -2.80     9.03

DEGREE DAYS
 HEATING
  YESTERDAY        0                         0      0        0
  MONTH TO DATE    0                         0      0        0
  SINCE MAR 1      0                        27    -27        9
  SINCE JUL 1    231                       287    -56      178

 COOLING
  YESTERDAY       18                        15      3       13
  MONTH TO DATE  306                       277     29      295
  SINCE MAR 1   1033                       722    311      761
  SINCE JAN 1   1181                       907    274     1022
..................................................................


WIND (MPH)
  RESULTANT WIND SPEED   7   RESULTANT WIND DIRECTION  NW (310)
  HIGHEST WIND SPEED    16   HIGHEST WIND DIRECTION     W (280)
  HIGHEST GUST SPEED    21   HIGHEST GUST DIRECTION     W (290)
  AVERAGE WIND SPEED     7.9


SKY COVER
  POSSIBLE SUNSHINE  MM
  AVERAGE SKY COVER 0.1


WEATHER CONDITIONS
 THE FOLLOWING WEATHER WAS RECORDED YESTERDAY.
  NO SIGNIFICANT WEATHER WAS OBSERVED.


RELATIVE HUMIDITY (PERCENT)
 HIGHEST    88           200 AM
 LOWEST     41           400 PM

..........................................................


THE FORT MYERS CLIMATE NORMALS FOR TODAY
                         NORMAL    RECORD    YEAR
 MAXIMUM TEMPERATURE (F)   90        96      2011
                                             1951
 MINIMUM TEMPERATURE (F)   70        56      1919


SUNRISE AND SUNSET
MAY 22 2015...........SUNRISE   637 AM EDT   SUNSET   811 PM EDT
MAY 23 2015...........SUNRISE   637 AM EDT   SUNSET   812 PM EDT


-  INDICATES NEGATIVE NUMBERS.
R  INDICATES RECORD WAS SET OR TIED.
MM INDICATES DATA IS MISSING.
T  INDICATES TRACE AMOUNT.




$$


&&
------------------------------------------------------------------
******************** SUPPLEMENTAL DATA ***************************

...GULF WATER TEMPERATURE AT FORT MYERS BEACH 85 DEGREES.
