000
CDUS42 KTBW 020830
CLIFMY


CLIMATE REPORT
NATIONAL WEATHER SERVICE TAMPA BAY FL
428 AM EDT SAT AUG 2 2014


...................................

...THE FORT MYERS CLIMATE SUMMARY FOR AUGUST 1 2014...

CLIMATE NORMAL PERIOD 1981 TO 2010
CLIMATE RECORD PERIOD 1902 TO 2014


WEATHER ITEM   OBSERVED TIME   RECORD YEAR NORMAL DEPARTURE LAST
                VALUE   (LST)  VALUE       VALUE  FROM      YEAR
                                                  NORMAL
..................................................................
TEMPERATURE (F)
 YESTERDAY
  MAXIMUM         93    304 PM  97    1986  92      1       93
                                      1942
  MINIMUM         76   1105 PM  67    1952  75      1       74
                                      1942
  AVERAGE         85                        83      2       84

PRECIPITATION (IN)
  YESTERDAY        0.09          2.57 2010   0.31  -0.22     0.21
  MONTH TO DATE    0.09                      0.31  -0.22     0.21
  SINCE JUN 1     11.21                     19.44  -8.23    20.59
  SINCE JAN 1     22.55                     31.24  -8.69    30.75

DEGREE DAYS
 HEATING
  YESTERDAY        0                         0      0        0
  MONTH TO DATE    0                         0      0        0
  SINCE JUN 1      0                         0      0        0
  SINCE JUL 1      0                         0      0        0

 COOLING
  YESTERDAY       20                        18      2       19
  MONTH TO DATE   20                        18      2       19
  SINCE JUN 1   1130                      1107     23     1046
  SINCE JAN 1   2321                      2173    148     2184
..................................................................


WIND (MPH)
  RESULTANT WIND SPEED   1   RESULTANT WIND DIRECTION  SE (130)
  HIGHEST WIND SPEED    17   HIGHEST WIND DIRECTION     E (100)
  HIGHEST GUST SPEED    25   HIGHEST GUST DIRECTION     E (80)
  AVERAGE WIND SPEED     4.8


SKY COVER
  POSSIBLE SUNSHINE  MM
  AVERAGE SKY COVER 0.3


WEATHER CONDITIONS
 THE FOLLOWING WEATHER WAS RECORDED YESTERDAY.
  LIGHT RAIN


RELATIVE HUMIDITY (PERCENT)
 HIGHEST   100           600 AM
 LOWEST     52           300 PM

..........................................................


THE FORT MYERS CLIMATE NORMALS FOR TODAY
                         NORMAL    RECORD    YEAR
 MAXIMUM TEMPERATURE (F)   92        96      1942
 MINIMUM TEMPERATURE (F)   75        70      1955
                                             1943
                                             1910


SUNRISE AND SUNSET
AUGUST  2 2014........SUNRISE   653 AM EDT   SUNSET   814 PM EDT
AUGUST  3 2014........SUNRISE   653 AM EDT   SUNSET   813 PM EDT


-  INDICATES NEGATIVE NUMBERS.
R  INDICATES RECORD WAS SET OR TIED.
MM INDICATES DATA IS MISSING.
T  INDICATES TRACE AMOUNT.




$$


&&
------------------------------------------------------------------
******************** SUPPLEMENTAL DATA ***************************

...GULF WATER TEMPERATURE AT NAPLES 92
