000
CDUS42 KTBW 192214
CLIFMY


CLIMATE REPORT
NATIONAL WEATHER SERVICE TAMPA BAY FL
511 PM EST SUN NOV 19 2017


...................................

...THE FORT MYERS CLIMATE SUMMARY FOR NOVEMBER 19 2017...
VALID TODAY AS OF 0500 PM LOCAL TIME.

CLIMATE NORMAL PERIOD 1981 TO 2010
CLIMATE RECORD PERIOD 1902 TO 2017


WEATHER ITEM   OBSERVED TIME   RECORD YEAR NORMAL DEPARTURE LAST
                VALUE   (LST)  VALUE       VALUE  FROM      YEAR
                                                  NORMAL
..................................................................
TEMPERATURE (F)
 TODAY
  MAXIMUM         81    234 PM  89    1988  81      0       82
  MINIMUM         60    643 AM  39    1951  61     -1       59
  AVERAGE         71                        71      0       71

PRECIPITATION (IN)
  TODAY            0.00          1.47 1939   0.04  -0.04     0.00
  MONTH TO DATE    0.09                      1.45  -1.36      T
  SINCE SEP 1     13.04                     12.64   0.40    10.14
  SINCE JAN 1     59.79                     53.71   6.08    63.62

DEGREE DAYS
 HEATING
  TODAY            0                         1     -1        0
  MONTH TO DATE    0                         4     -4        0
  SINCE SEP 1      5                         6     -1        0
  SINCE JUL 1      5                         6     -1        0

 COOLING
  TODAY            6                         7     -1        6
  MONTH TO DATE  190                       152     38      126
  SINCE SEP 1   1124                      1076     48     1094
  SINCE JAN 1   4086                      3800    286     3939
..................................................................


WIND (MPH)
  RESULTANT WIND SPEED   5   RESULTANT WIND DIRECTION   W (250)
  HIGHEST WIND SPEED    16   HIGHEST WIND DIRECTION     W (250)
  HIGHEST GUST SPEED    19   HIGHEST GUST DIRECTION     W (250)
  AVERAGE WIND SPEED     5.2


SKY COVER
  POSSIBLE SUNSHINE  MM
  AVERAGE SKY COVER 0.1


WEATHER CONDITIONS
 THE FOLLOWING WEATHER WAS RECORDED TODAY.
  FOG


RELATIVE HUMIDITY (PERCENT)
 HIGHEST   100           500 AM
 LOWEST     58          1200 PM

..........................................................


THE FORT MYERS CLIMATE NORMALS FOR TOMORROW
                         NORMAL    RECORD    YEAR
 MAXIMUM TEMPERATURE (F)   81        88      1973
 MINIMUM TEMPERATURE (F)   61        42      1951


SUNRISE AND SUNSET
NOVEMBER 19 2017......SUNRISE   650 AM EST   SUNSET   536 PM EST
NOVEMBER 20 2017......SUNRISE   651 AM EST   SUNSET   536 PM EST


-  INDICATES NEGATIVE NUMBERS.
R  INDICATES RECORD WAS SET OR TIED.
MM INDICATES DATA IS MISSING.
T  INDICATES TRACE AMOUNT.




$$


&&
------------------------------------------------------------------
******************** SUPPLEMENTAL DATA ***************************

...GULF WATER TEMPERATURE AT FORT MYERS BEACH 75 DEGREES
