000
CDUS42 KTBW 302127
CLIFMY


CLIMATE REPORT
NATIONAL WEATHER SERVICE TAMPA BAY FL
525 PM EDT SAT JUL 30 2016


...................................

...THE FORT MYERS CLIMATE SUMMARY FOR JULY 30 2016...
VALID TODAY AS OF 0500 PM LOCAL TIME.

CLIMATE NORMAL PERIOD 1981 TO 2010
CLIMATE RECORD PERIOD 1902 TO 2016


WEATHER ITEM   OBSERVED TIME   RECORD YEAR NORMAL DEPARTURE LAST
                VALUE   (LST)  VALUE       VALUE  FROM      YEAR
                                                  NORMAL
..................................................................
TEMPERATURE (F)
 TODAY
  MAXIMUM         93    229 PM  97    1942  92      1       90
  MINIMUM         78    629 AM  66    1928  75      3       76
  AVERAGE         86                        83      3       83

PRECIPITATION (IN)
  TODAY            0.00          4.00 1996   0.30  -0.30      T
  MONTH TO DATE    7.72                      8.74  -1.02    12.27
  SINCE JUN 1     20.32                     18.83   1.49    20.87
  SINCE JAN 1     41.19                     30.63  10.56    29.72

DEGREE DAYS
 HEATING
  TODAY            0                         0      0        0
  MONTH TO DATE    0                         0      0        0
  SINCE JUN 1      0                         0      0        0
  SINCE JUL 1      0                         0      0        0

 COOLING
  TODAY           21                        18      3       18
  MONTH TO DATE  595                       540     55      533
  SINCE JUN 1   1139                      1065     74     1071
  SINCE JAN 1   2237                      2131    106     2425
..................................................................


WIND (MPH)
  RESULTANT WIND SPEED   2   RESULTANT WIND DIRECTION   W (270)
  HIGHEST WIND SPEED    15   HIGHEST WIND DIRECTION     W (280)
  HIGHEST GUST SPEED    20   HIGHEST GUST DIRECTION     W (290)
  AVERAGE WIND SPEED     4.0


SKY COVER
  POSSIBLE SUNSHINE  MM
  AVERAGE SKY COVER 0.2


WEATHER CONDITIONS
 THE FOLLOWING WEATHER WAS RECORDED TODAY.
  THUNDERSTORM


RELATIVE HUMIDITY (PERCENT)
 HIGHEST    97          1200 AM
 LOWEST     56           100 PM

..........................................................


THE FORT MYERS CLIMATE NORMALS FOR TOMORROW
                         NORMAL    RECORD    YEAR
 MAXIMUM TEMPERATURE (F)   92        97      1982
 MINIMUM TEMPERATURE (F)   75        67      1952


SUNRISE AND SUNSET
JULY 30 2016..........SUNRISE   652 AM EDT   SUNSET   816 PM EDT
JULY 31 2016..........SUNRISE   652 AM EDT   SUNSET   815 PM EDT


-  INDICATES NEGATIVE NUMBERS.
R  INDICATES RECORD WAS SET OR TIED.
MM INDICATES DATA IS MISSING.
T  INDICATES TRACE AMOUNT.




$$


&&
------------------------------------------------------------------
******************** SUPPLEMENTAL DATA ***************************

...GULF WATER TEMPERATURE AT FORT MYERS BEACH 90 DEGREES
