000
CDUS42 KTBW 222123
CLIFMY


CLIMATE REPORT
NATIONAL WEATHER SERVICE TAMPA BAY FL
519 PM EDT TUE JUL 22 2014


...................................

...THE FORT MYERS CLIMATE SUMMARY FOR JULY 22 2014...
VALID TODAY AS OF 0500 PM LOCAL TIME.

CLIMATE NORMAL PERIOD 1981 TO 2010
CLIMATE RECORD PERIOD 1902 TO 2014


WEATHER ITEM   OBSERVED TIME   RECORD YEAR NORMAL DEPARTURE LAST
                VALUE   (LST)  VALUE       VALUE  FROM      YEAR
                                                  NORMAL
..................................................................
TEMPERATURE (F)
 TODAY
  MAXIMUM         87   1022 AM  96    1936  92     -5       91
  MINIMUM         74    108 PM  69    1951  75     -1       76
                                      1908
  AVERAGE         81                        83     -2       84

PRECIPITATION (IN)
  TODAY            0.40          3.02 2001   0.29   0.11     0.00
  MONTH TO DATE    6.46                      6.43   0.03     8.75
  SINCE JUN 1      8.94                     16.52  -7.58    19.08
  SINCE JAN 1     20.28                     28.32  -8.04    29.24

DEGREE DAYS
 HEATING
  TODAY            0                         0      0        0
  MONTH TO DATE    0                         0      0        0
  SINCE JUN 1      0                         0      0        0
  SINCE JUL 1      0                         0      0        0

 COOLING
  TODAY           16                        18     -2       19
  MONTH TO DATE  407                       396     11      354
  SINCE JUN 1    937                       921     16      859
  SINCE JAN 1   2128                      1987    141     1997
..................................................................


WIND (MPH)
  RESULTANT WIND SPEED   2   RESULTANT WIND DIRECTION  SE (140)
  HIGHEST WIND SPEED    14   HIGHEST WIND DIRECTION     S (180)
  HIGHEST GUST SPEED    18   HIGHEST GUST DIRECTION     S (180)
  AVERAGE WIND SPEED     3.7


SKY COVER
  POSSIBLE SUNSHINE  MM
  AVERAGE SKY COVER 0.5


WEATHER CONDITIONS
 THE FOLLOWING WEATHER WAS RECORDED TODAY.
  THUNDERSTORM
  HEAVY RAIN
  LIGHT RAIN
  FOG


RELATIVE HUMIDITY (PERCENT)
 HIGHEST    94           100 AM
 LOWEST     70          1100 AM

..........................................................


THE FORT MYERS CLIMATE NORMALS FOR TOMORROW
                         NORMAL    RECORD    YEAR
 MAXIMUM TEMPERATURE (F)   92        97      1995
 MINIMUM TEMPERATURE (F)   75        69      1922


SUNRISE AND SUNSET
JULY 22 2014..........SUNRISE   647 AM EDT   SUNSET   820 PM EDT
JULY 23 2014..........SUNRISE   648 AM EDT   SUNSET   820 PM EDT


-  INDICATES NEGATIVE NUMBERS.
R  INDICATES RECORD WAS SET OR TIED.
MM INDICATES DATA IS MISSING.
T  INDICATES TRACE AMOUNT.




$$


&&
------------------------------------------------------------------
******************** SUPPLEMENTAL DATA ***************************

...GULF WATER TEMPERATURE AT NAPLES 92
