000
CDUS42 KTBW 262214
CLIFMY


CLIMATE REPORT
NATIONAL WEATHER SERVICE TAMPA BAY FL
512 PM EST THU FEB 26 2015


...................................

...THE FORT MYERS CLIMATE SUMMARY FOR FEBRUARY 26 2015...
VALID TODAY AS OF 0500 PM LOCAL TIME.

CLIMATE NORMAL PERIOD 1981 TO 2010
CLIMATE RECORD PERIOD 1902 TO 2015


WEATHER ITEM   OBSERVED TIME   RECORD YEAR NORMAL DEPARTURE LAST
                VALUE   (LST)  VALUE       VALUE  FROM      YEAR
                                                  NORMAL
..................................................................
TEMPERATURE (F)
 TODAY
  MAXIMUM         73    257 PM  87    1971  78     -5       79
                                      1962
                                      1929
  MINIMUM         67    459 PM  32    1967  57     10       60
  AVERAGE         70                        68      2       70

PRECIPITATION (IN)
  TODAY            T             1.64 1922   0.09  -0.09      T
  MONTH TO DATE    0.84                      1.98  -1.14     1.01
  SINCE DEC 1      1.46                      5.63  -4.17     3.67
  SINCE JAN 1      1.41                      3.92  -2.51     3.17

DEGREE DAYS
 HEATING
  TODAY            0                         2     -2        0
  MONTH TO DATE   84                        58     26       16
  SINCE DEC 1    187                       241    -54      158
  SINCE JUL 1    228                       259    -31      167

 COOLING
  TODAY            5                         4      1        5
  MONTH TO DATE   44                        94    -50      177
  SINCE DEC 1    282                       298    -16      475
  SINCE JAN 1    144                       177    -33      260
..................................................................


WIND (MPH)
  RESULTANT WIND SPEED  10   RESULTANT WIND DIRECTION  SW (210)
  HIGHEST WIND SPEED    21   HIGHEST WIND DIRECTION     S (200)
  HIGHEST GUST SPEED    32   HIGHEST GUST DIRECTION    SW (210)
  AVERAGE WIND SPEED    12.1


SKY COVER
  POSSIBLE SUNSHINE  MM
  AVERAGE SKY COVER 0.8


WEATHER CONDITIONS
 THE FOLLOWING WEATHER WAS RECORDED TODAY.
  LIGHT RAIN
  FOG


RELATIVE HUMIDITY (PERCENT)
 HIGHEST   100           100 AM
 LOWEST     73           300 PM

..........................................................


THE FORT MYERS CLIMATE NORMALS FOR TOMORROW
                         NORMAL    RECORD    YEAR
 MAXIMUM TEMPERATURE (F)   79        89      2012
 MINIMUM TEMPERATURE (F)   57        38      1965


SUNRISE AND SUNSET
FEBRUARY 26 2015......SUNRISE   654 AM EST   SUNSET   627 PM EST
FEBRUARY 27 2015......SUNRISE   653 AM EST   SUNSET   627 PM EST


-  INDICATES NEGATIVE NUMBERS.
R  INDICATES RECORD WAS SET OR TIED.
MM INDICATES DATA IS MISSING.
T  INDICATES TRACE AMOUNT.




$$


&&
------------------------------------------------------------------
******************** SUPPLEMENTAL DATA ***************************

...GULF WATER TEMPERATURE AT FORT MYERS BEACH 66
