000
CDUS42 KTBW 052122
CLIFMY


CLIMATE REPORT
NATIONAL WEATHER SERVICE TAMPA BAY FL
520 PM EDT THU MAY 5 2016


...................................

...THE FORT MYERS CLIMATE SUMMARY FOR MAY 5 2016...
VALID TODAY AS OF 0500 PM LOCAL TIME.

CLIMATE NORMAL PERIOD 1981 TO 2010
CLIMATE RECORD PERIOD 1902 TO 2016


WEATHER ITEM   OBSERVED TIME   RECORD YEAR NORMAL DEPARTURE LAST
                VALUE   (LST)  VALUE       VALUE  FROM      YEAR
                                                  NORMAL
..................................................................
TEMPERATURE (F)
 TODAY
  MAXIMUM         82    309 PM  96    2002  88     -6       84
  MINIMUM         68    653 AM  52    1971  66      2       67
                                      1921
  AVERAGE         75                        77     -2       76

PRECIPITATION (IN)
  TODAY            0.00          2.25 1986   0.06  -0.06     0.00
  MONTH TO DATE    1.16                      0.28   0.88     0.00
  SINCE MAR 1      3.66                      5.34  -1.68     3.49
  SINCE JAN 1     18.77                      9.43   9.34     6.68

DEGREE DAYS
 HEATING
  TODAY            0                         0      0        0
  MONTH TO DATE    0                         0      0        0
  SINCE MAR 1      9                        27    -18        0
  SINCE JUL 1    204                       287    -83      231

 COOLING
  TODAY           10                        12     -2       11
  MONTH TO DATE   65                        58      7       46
  SINCE MAR 1    613                       503    110      773
  SINCE JAN 1    724                       688     36      921
..................................................................


WIND (MPH)
  RESULTANT WIND SPEED  12   RESULTANT WIND DIRECTION  NW (320)
  HIGHEST WIND SPEED    23   HIGHEST WIND DIRECTION    NW (310)
  HIGHEST GUST SPEED    32   HIGHEST GUST DIRECTION    NW (320)
  AVERAGE WIND SPEED    13.5


SKY COVER
  POSSIBLE SUNSHINE  MM
  AVERAGE SKY COVER 0.1


WEATHER CONDITIONS
 THE FOLLOWING WEATHER WAS RECORDED TODAY.
  NO SIGNIFICANT WEATHER WAS OBSERVED.


RELATIVE HUMIDITY (PERCENT)
 HIGHEST    78           400 AM
 LOWEST     42          1100 AM

..........................................................


THE FORT MYERS CLIMATE NORMALS FOR TOMORROW
                         NORMAL    RECORD    YEAR
 MAXIMUM TEMPERATURE (F)   88        96      1984
 MINIMUM TEMPERATURE (F)   67        50      1945


SUNRISE AND SUNSET
MAY  5 2016...........SUNRISE   646 AM EDT   SUNSET   802 PM EDT
MAY  6 2016...........SUNRISE   646 AM EDT   SUNSET   803 PM EDT


-  INDICATES NEGATIVE NUMBERS.
R  INDICATES RECORD WAS SET OR TIED.
MM INDICATES DATA IS MISSING.
T  INDICATES TRACE AMOUNT.




$$


&&
------------------------------------------------------------------
******************** SUPPLEMENTAL DATA ***************************

...GULF WATER TEMPERATURE AT FORT MYERS BEACH 80 DEGREES
