000
CDUS42 KTBW 030828
CLIFMY


CLIMATE REPORT
NATIONAL WEATHER SERVICE TAMPA BAY FL
426 AM EDT THU SEP 3 2015


...................................

...THE FORT MYERS CLIMATE SUMMARY FOR SEPTEMBER 2 2015...

CLIMATE NORMAL PERIOD 1981 TO 2010
CLIMATE RECORD PERIOD 1902 TO 2015


WEATHER ITEM   OBSERVED TIME   RECORD YEAR NORMAL DEPARTURE LAST
                VALUE   (LST)  VALUE       VALUE  FROM      YEAR
                                                  NORMAL
..................................................................
TEMPERATURE (F)
 YESTERDAY
  MAXIMUM         94    235 PM  95    2014  91      3       95
                                      1994
                                      1990
  MINIMUM         76    618 AM  69    1942  75      1       74
                                      1918
                                      1917
  AVERAGE         85                        83      2       85

PRECIPITATION (IN)
  YESTERDAY        0.00          5.55 1969   0.33  -0.33     0.09
  MONTH TO DATE    0.00                      0.66  -0.66     0.09
  SINCE SEP 1      0.00                      0.66  -0.66     0.09
  SINCE JAN 1     41.33                     41.73  -0.40    29.33

DEGREE DAYS
 HEATING
  YESTERDAY        0                         0      0        0
  MONTH TO DATE    0                         0      0        0
  SINCE SEP 1      0                         0      0        0
  SINCE JUL 1      0                         0      0        0

 COOLING
  YESTERDAY       20                        18      2       20
  MONTH TO DATE   38                        36      2       41
  SINCE SEP 1     38                        36      2       41
  SINCE JAN 1   3055                      2760    295     2952
..................................................................


WIND (MPH)
  RESULTANT WIND SPEED   2   RESULTANT WIND DIRECTION  NW (320)
  HIGHEST WIND SPEED    13   HIGHEST WIND DIRECTION     W (290)
  HIGHEST GUST SPEED    17   HIGHEST GUST DIRECTION     W (290)
  AVERAGE WIND SPEED     4.2


SKY COVER
  POSSIBLE SUNSHINE  MM
  AVERAGE SKY COVER 0.2


WEATHER CONDITIONS
 THE FOLLOWING WEATHER WAS RECORDED YESTERDAY.
  THUNDERSTORM


RELATIVE HUMIDITY (PERCENT)
 HIGHEST    94           400 AM
 LOWEST     49           200 PM

..........................................................


THE FORT MYERS CLIMATE NORMALS FOR TODAY
                         NORMAL    RECORD    YEAR
 MAXIMUM TEMPERATURE (F)   91        98      1912
 MINIMUM TEMPERATURE (F)   75        70      1947
                                             1934
                                             1919


SUNRISE AND SUNSET
SEPTEMBER  3 2015.....SUNRISE   708 AM EDT   SUNSET   745 PM EDT
SEPTEMBER  4 2015.....SUNRISE   708 AM EDT   SUNSET   744 PM EDT


-  INDICATES NEGATIVE NUMBERS.
R  INDICATES RECORD WAS SET OR TIED.
MM INDICATES DATA IS MISSING.
T  INDICATES TRACE AMOUNT.




$$


&&
------------------------------------------------------------------
******************** SUPPLEMENTAL DATA ***************************

...GULF WATER TEMPERATURE AT FORT MYERS BEACH 86
