000
CDUS42 KTBW 010829
CLIFMY


CLIMATE REPORT
NATIONAL WEATHER SERVICE TAMPA BAY FL
427 AM EDT WED APR 1 2015


...................................

...THE FORT MYERS CLIMATE SUMMARY FOR MARCH 31 2015...

CLIMATE NORMAL PERIOD 1981 TO 2010
CLIMATE RECORD PERIOD 1902 TO 2015


WEATHER ITEM   OBSERVED TIME   RECORD YEAR NORMAL DEPARTURE LAST
                VALUE   (LST)  VALUE       VALUE  FROM      YEAR
                                                  NORMAL
..................................................................
TEMPERATURE (F)
 YESTERDAY
  MAXIMUM         84    242 PM  90    1981  82      2       79
                                      1975
                                      1929
  MINIMUM         56    539 AM  42    1950  61     -5       55
  AVERAGE         70                        72     -2       67

PRECIPITATION (IN)
  YESTERDAY        0.00          4.05 1972   0.09  -0.09     0.00
  MONTH TO DATE    1.49                      2.88  -1.39     3.19
  SINCE MAR 1      1.49                      2.88  -1.39     3.19
  SINCE JAN 1      4.68                      6.97  -2.29     6.63

DEGREE DAYS
 HEATING
  YESTERDAY        0                         0      0        0
  MONTH TO DATE    0                        21    -21        9
  SINCE MAR 1      0                        24    -24        9
  SINCE JUL 1    231                       284    -53      178

 COOLING
  YESTERDAY        5                         7     -2        2
  MONTH TO DATE  305                       176    129      161
  SINCE MAR 1    305                       176    129      161
  SINCE JAN 1    453                       361     92      422
..................................................................


WIND (MPH)
  RESULTANT WIND SPEED   2   RESULTANT WIND DIRECTION  NW (320)
  HIGHEST WIND SPEED    17   HIGHEST WIND DIRECTION     W (270)
  HIGHEST GUST SPEED    22   HIGHEST GUST DIRECTION     W (260)
  AVERAGE WIND SPEED     4.4


SKY COVER
  POSSIBLE SUNSHINE  MM
  AVERAGE SKY COVER 0.1


WEATHER CONDITIONS
 THE FOLLOWING WEATHER WAS RECORDED YESTERDAY.
  NO SIGNIFICANT WEATHER WAS OBSERVED.


RELATIVE HUMIDITY (PERCENT)
 HIGHEST    93           300 AM
 LOWEST     42           100 PM

..........................................................


THE FORT MYERS CLIMATE NORMALS FOR TODAY
                         NORMAL    RECORD    YEAR
 MAXIMUM TEMPERATURE (F)   82        92      1974
 MINIMUM TEMPERATURE (F)   61        44      2003


SUNRISE AND SUNSET
APRIL  1 2015.........SUNRISE   719 AM EDT   SUNSET   744 PM EDT
APRIL  2 2015.........SUNRISE   718 AM EDT   SUNSET   745 PM EDT


-  INDICATES NEGATIVE NUMBERS.
R  INDICATES RECORD WAS SET OR TIED.
MM INDICATES DATA IS MISSING.
T  INDICATES TRACE AMOUNT.




$$


&&
------------------------------------------------------------------
******************** SUPPLEMENTAL DATA ***************************

...GULF WATER TEMPERATURE AT FORT MYERS BEACH 75
