000
CDUS42 KTBW 160930
CLIFMY


CLIMATE REPORT
NATIONAL WEATHER SERVICE TAMPA BAY FL
429 AM EST TUE JAN 16 2018


...................................

...THE FORT MYERS CLIMATE SUMMARY FOR JANUARY 15 2018...

CLIMATE NORMAL PERIOD 1981 TO 2010
CLIMATE RECORD PERIOD 1902 TO 2018


WEATHER ITEM   OBSERVED TIME   RECORD YEAR NORMAL DEPARTURE LAST
                VALUE   (LST)  VALUE       VALUE  FROM      YEAR
                                                  NORMAL
..................................................................
TEMPERATURE (F)
 YESTERDAY
  MAXIMUM         73    318 PM  87    1947  74     -1       82
  MINIMUM         48    753 AM  31    1948  53     -5       59
  AVERAGE         61                        64     -3       71

PRECIPITATION (IN)
  YESTERDAY        0.00          2.59 2016   0.06  -0.06     0.00
  MONTH TO DATE    0.39                      0.95  -0.56     0.76
  SINCE DEC 1      1.84                      2.66  -0.82     1.00
  SINCE JAN 1      0.39                      0.95  -0.56     0.76

DEGREE DAYS
 HEATING
  YESTERDAY        4                         4      0        0
  MONTH TO DATE   92                        60     32       27
  SINCE DEC 1    135                       135      0       36
  SINCE JUL 1    140                       153    -13       41

 COOLING
  YESTERDAY        0                         3     -3        6
  MONTH TO DATE   31                        44    -13       80
  SINCE DEC 1    200                       165     35      356
  SINCE JAN 1     31                        44    -13       80
..................................................................


WIND (MPH)
  RESULTANT WIND SPEED  12   RESULTANT WIND DIRECTION  NE (30)
  HIGHEST WIND SPEED    18   HIGHEST WIND DIRECTION    NE (50)
  HIGHEST GUST SPEED    24   HIGHEST GUST DIRECTION    NE (50)
  AVERAGE WIND SPEED    12.1


SKY COVER
  POSSIBLE SUNSHINE  MM
  AVERAGE SKY COVER 0.2


WEATHER CONDITIONS
 THE FOLLOWING WEATHER WAS RECORDED YESTERDAY.
  NO SIGNIFICANT WEATHER WAS OBSERVED.


RELATIVE HUMIDITY (PERCENT)
 HIGHEST    86           100 AM
 LOWEST     53           200 PM

..........................................................


THE FORT MYERS CLIMATE NORMALS FOR TODAY
                         NORMAL    RECORD    YEAR
 MAXIMUM TEMPERATURE (F)   75        85      1943
 MINIMUM TEMPERATURE (F)   53        32      1927


SUNRISE AND SUNSET
JANUARY 16 2018.......SUNRISE   717 AM EST   SUNSET   558 PM EST
JANUARY 17 2018.......SUNRISE   717 AM EST   SUNSET   558 PM EST


-  INDICATES NEGATIVE NUMBERS.
R  INDICATES RECORD WAS SET OR TIED.
MM INDICATES DATA IS MISSING.
T  INDICATES TRACE AMOUNT.




$$


&&
------------------------------------------------------------------
******************** SUPPLEMENTAL DATA ***************************

...GULF WATER TEMPERATURE AT FORT MYERS BEACH 62 DEGREES
