000
CDUS42 KTBW 302116
CLISRQ


CLIMATE REPORT
NATIONAL WEATHER SERVICE TAMPA BAY FL
513 PM EDT SUN APR 30 2017


...................................

...THE SARASOTA BRADENTON CLIMATE SUMMARY FOR APRIL 30 2017...
VALID TODAY AS OF 0500 PM LOCAL TIME.

CLIMATE NORMAL PERIOD 1981 TO 2010
CLIMATE RECORD PERIOD 1911 TO 2017


WEATHER ITEM   OBSERVED TIME   RECORD YEAR NORMAL DEPARTURE LAST
                VALUE   (LST)  VALUE       VALUE  FROM      YEAR
                                                  NORMAL
..................................................................
TEMPERATURE (F)
 TODAY
  MAXIMUM         95R   138 PM  93    1970  83     12       89
  MINIMUM         73    621 AM  46    1916  64      9       71
  AVERAGE         84                        74     10       80

PRECIPITATION (IN)
  TODAY            0.00          0.78 1957   0.06  -0.06     0.00
  MONTH TO DATE    T                         2.44  -2.44     0.91
  SINCE MAR 1      0.74                      6.30  -5.56     1.83
  SINCE JAN 1      3.23                     11.49  -8.26     7.51

DEGREE DAYS
 HEATING
  TODAY            0                         0      0        0
  MONTH TO DATE    1                         8     -7        0
  SINCE MAR 1     54                        59     -5       14
  SINCE JUL 1    202                       477   -275      320

 COOLING
  TODAY           19                         9     10       15
  MONTH TO DATE  308                       193    115      277
  SINCE MAR 1    425                       293    132      480
  SINCE JAN 1    599                       397    202      546
..................................................................


WIND (MPH)
  RESULTANT WIND SPEED  12   RESULTANT WIND DIRECTION  SE (130)
  HIGHEST WIND SPEED    24   HIGHEST WIND DIRECTION    SE (140)
  HIGHEST GUST SPEED    34   HIGHEST GUST DIRECTION    SE (150)
  AVERAGE WIND SPEED    14.4


SKY COVER
  POSSIBLE SUNSHINE  MM
  AVERAGE SKY COVER 0.2


WEATHER CONDITIONS
 THE FOLLOWING WEATHER WAS RECORDED TODAY.
  NO SIGNIFICANT WEATHER WAS OBSERVED.


RELATIVE HUMIDITY (PERCENT)
 HIGHEST    87           200 AM
 LOWEST     36           100 PM

..........................................................


THE SARASOTA BRADENTON CLIMATE NORMALS FOR TOMORROW
                         NORMAL    RECORD    YEAR
 MAXIMUM TEMPERATURE (F)   83        92      2012
                                             1986
                                             1953
 MINIMUM TEMPERATURE (F)   64        48      1921


SUNRISE AND SUNSET
APRIL 30 2017.........SUNRISE   652 AM EDT   SUNSET   803 PM EDT
MAY  1 2017...........SUNRISE   651 AM EDT   SUNSET   804 PM EDT


-  INDICATES NEGATIVE NUMBERS.
R  INDICATES RECORD WAS SET OR TIED.
MM INDICATES DATA IS MISSING.
T  INDICATES TRACE AMOUNT.




$$


&&
------------------------------------------------------------------
******************** SUPPLEMENTAL DATA ***************************

...GULF WATER TEMPERATURE AT VENICE 82 DEGREES
