000
CDUS42 KTBW 292116
CLISRQ


CLIMATE REPORT
NATIONAL WEATHER SERVICE TAMPA BAY FL
513 PM EDT FRI JUL 29 2016


...................................

...THE SARASOTA BRADENTON CLIMATE SUMMARY FOR JULY 29 2016...
VALID TODAY AS OF 0500 PM LOCAL TIME.

CLIMATE NORMAL PERIOD 1981 TO 2010
CLIMATE RECORD PERIOD 1911 TO 2016


WEATHER ITEM   OBSERVED TIME   RECORD YEAR NORMAL DEPARTURE LAST
                VALUE   (LST)  VALUE       VALUE  FROM      YEAR
                                                  NORMAL
..................................................................
TEMPERATURE (F)
 TODAY
  MAXIMUM         93   1213 PM  96    2011  90      3       87
                                      1998
                                      1996
  MINIMUM         79    217 PM  64    1976  75      4       77
  AVERAGE         86                        82      4       82

PRECIPITATION (IN)
  TODAY            T             3.58 1960   0.25  -0.25      T
  MONTH TO DATE    5.09                      7.44  -2.35     5.90
  SINCE JUN 1     11.82                     14.95  -3.13     9.63
  SINCE JAN 1     24.10                     28.65  -4.55    21.95

DEGREE DAYS
 HEATING
  TODAY            0                         0      0        0
  MONTH TO DATE    0                         0      0        0
  SINCE JUN 1      0                         0      0        0
  SINCE JUL 1      0                         0      0        0

 COOLING
  TODAY           21                        18      3       17
  MONTH TO DATE  600                       506     94      512
  SINCE JUN 1   1157                       978    179     1013
  SINCE JAN 1   2121                      1729    392     2053
..................................................................


WIND (MPH)
  RESULTANT WIND SPEED   2   RESULTANT WIND DIRECTION  SW (220)
  HIGHEST WIND SPEED    17   HIGHEST WIND DIRECTION    SE (140)
  HIGHEST GUST SPEED    23   HIGHEST GUST DIRECTION     N (20)
  AVERAGE WIND SPEED     3.8


SKY COVER
  POSSIBLE SUNSHINE  MM
  AVERAGE SKY COVER 0.4


WEATHER CONDITIONS
 THE FOLLOWING WEATHER WAS RECORDED TODAY.
  THUNDERSTORM
  LIGHT RAIN


RELATIVE HUMIDITY (PERCENT)
 HIGHEST    79           300 AM
 LOWEST     60          1100 AM

..........................................................


THE SARASOTA BRADENTON CLIMATE NORMALS FOR TOMORROW
                         NORMAL    RECORD    YEAR
 MAXIMUM TEMPERATURE (F)   90        96      1998
                                             1990
                                             1927
 MINIMUM TEMPERATURE (F)   75        65      1976


SUNRISE AND SUNSET
JULY 29 2016..........SUNRISE   652 AM EDT   SUNSET   820 PM EDT
JULY 30 2016..........SUNRISE   653 AM EDT   SUNSET   820 PM EDT


-  INDICATES NEGATIVE NUMBERS.
R  INDICATES RECORD WAS SET OR TIED.
MM INDICATES DATA IS MISSING.
T  INDICATES TRACE AMOUNT.




$$


&&
------------------------------------------------------------------
******************** SUPPLEMENTAL DATA ***************************

...GULF WATER TEMPERATURE AT VENICE 92 DEGREES.
