000
CDUS42 KTBW 292127
CLISRQ


CLIMATE REPORT
NATIONAL WEATHER SERVICE TAMPA BAY FL
525 PM EDT WED MAR 29 2017


...................................

...THE SARASOTA BRADENTON CLIMATE SUMMARY FOR MARCH 29 2017...
VALID TODAY AS OF 0500 PM LOCAL TIME.

CLIMATE NORMAL PERIOD 1981 TO 2010
CLIMATE RECORD PERIOD 1911 TO 2017


WEATHER ITEM   OBSERVED TIME   RECORD YEAR NORMAL DEPARTURE LAST
                VALUE   (LST)  VALUE       VALUE  FROM      YEAR
                                                  NORMAL
..................................................................
TEMPERATURE (F)
 TODAY
  MAXIMUM         81   1034 AM  89    1989  78      3       79
  MINIMUM         60    622 AM  40    1919  59      1       65
  AVERAGE         71                        68      3       72

PRECIPITATION (IN)
  TODAY            0.00          5.05 2001   0.13  -0.13     0.36
  MONTH TO DATE    0.48                      3.60  -3.12     0.92
  SINCE MAR 1      0.48                      3.60  -3.12     0.92
  SINCE JAN 1      2.97                      8.79  -5.82     6.60

DEGREE DAYS
 HEATING
  TODAY            0                         1     -1        0
  MONTH TO DATE   53                        48      5       14
  SINCE MAR 1     53                        48      5       14
  SINCE JUL 1    201                       466   -265      320

 COOLING
  TODAY            6                         4      2        7
  MONTH TO DATE  103                        94      9      183
  SINCE MAR 1    103                        94      9      183
  SINCE JAN 1    277                       198     79      249
..................................................................


WIND (MPH)
  RESULTANT WIND SPEED   3   RESULTANT WIND DIRECTION   S (200)
  HIGHEST WIND SPEED    16   HIGHEST WIND DIRECTION    SW (220)
  HIGHEST GUST SPEED    19   HIGHEST GUST DIRECTION    SW (230)
  AVERAGE WIND SPEED     6.4


SKY COVER
  POSSIBLE SUNSHINE  MM
  AVERAGE SKY COVER 0.0


WEATHER CONDITIONS
 THE FOLLOWING WEATHER WAS RECORDED TODAY.
  NO SIGNIFICANT WEATHER WAS OBSERVED.


RELATIVE HUMIDITY (PERCENT)
 HIGHEST    97           600 AM
 LOWEST     54           200 PM

..........................................................


THE SARASOTA BRADENTON CLIMATE NORMALS FOR TOMORROW
                         NORMAL    RECORD    YEAR
 MAXIMUM TEMPERATURE (F)   78        88      2007
 MINIMUM TEMPERATURE (F)   59        41      1955


SUNRISE AND SUNSET
MARCH 29 2017.........SUNRISE   724 AM EDT   SUNSET   746 PM EDT
MARCH 30 2017.........SUNRISE   723 AM EDT   SUNSET   747 PM EDT


-  INDICATES NEGATIVE NUMBERS.
R  INDICATES RECORD WAS SET OR TIED.
MM INDICATES DATA IS MISSING.
T  INDICATES TRACE AMOUNT.




$$


&&
------------------------------------------------------------------
******************** SUPPLEMENTAL DATA ***************************

...GULF WATER TEMPERATURE AT VENICE 74 DEGREES
