000
CDUS42 KTBW 230829
CLISRQ


CLIMATE REPORT
NATIONAL WEATHER SERVICE TAMPA BAY FL
427 AM EDT TUE MAY 23 2017


...................................

...THE SARASOTA BRADENTON CLIMATE SUMMARY FOR MAY 22 2017...

CLIMATE NORMAL PERIOD 1981 TO 2010
CLIMATE RECORD PERIOD 1911 TO 2017


WEATHER ITEM   OBSERVED TIME   RECORD YEAR NORMAL DEPARTURE LAST
                VALUE   (LST)  VALUE       VALUE  FROM      YEAR
                                                  NORMAL
..................................................................
TEMPERATURE (F)
 YESTERDAY
  MAXIMUM         87   1257 PM  96    1974  87      0       88
                                      1927
  MINIMUM         72    312 AM  53    1994  69      3       76
  AVERAGE         80                        78      2       82

PRECIPITATION (IN)
  YESTERDAY        0.41          1.91 1959   0.08   0.33     0.00
  MONTH TO DATE    4.59                      1.39   3.20     4.77
  SINCE MAR 1      5.33                      7.69  -2.36     6.60
  SINCE JAN 1      7.82                     12.88  -5.06    12.28

DEGREE DAYS
 HEATING
  YESTERDAY        0                         0      0        0
  MONTH TO DATE    0                         0      0        0
  SINCE MAR 1     54                        59     -5       14
  SINCE JUL 1    202                       477   -275      320

 COOLING
  YESTERDAY       15                        13      2       17
  MONTH TO DATE  313                       234     79      280
  SINCE MAR 1    738                       527    211      760
  SINCE JAN 1    912                       631    281      826
..................................................................


WIND (MPH)
  HIGHEST WIND SPEED    21   HIGHEST WIND DIRECTION     S (160)
  HIGHEST GUST SPEED    24   HIGHEST GUST DIRECTION     S (160)
  AVERAGE WIND SPEED     7.6


SKY COVER
  POSSIBLE SUNSHINE  MM
  AVERAGE SKY COVER 0.3


WEATHER CONDITIONS
 THE FOLLOWING WEATHER WAS RECORDED YESTERDAY.
  THUNDERSTORM
  HEAVY RAIN
  RAIN
  LIGHT RAIN
  FOG


RELATIVE HUMIDITY (PERCENT)
 HIGHEST    87           100 AM
 LOWEST     59          1100 AM

..........................................................


THE SARASOTA BRADENTON CLIMATE NORMALS FOR TODAY
                         NORMAL    RECORD    YEAR
 MAXIMUM TEMPERATURE (F)   87        96      1959
                                             1938
 MINIMUM TEMPERATURE (F)   69        57      1981
                                             1941
                                             1919


SUNRISE AND SUNSET
MAY 23 2017...........SUNRISE   638 AM EDT   SUNSET   816 PM EDT
MAY 24 2017...........SUNRISE   637 AM EDT   SUNSET   817 PM EDT


-  INDICATES NEGATIVE NUMBERS.
R  INDICATES RECORD WAS SET OR TIED.
MM INDICATES DATA IS MISSING.
T  INDICATES TRACE AMOUNT.




$$


&&
------------------------------------------------------------------
******************** SUPPLEMENTAL DATA ***************************

...GULF WATER TEMPERATURE AT VENICE 85 DEGREES
