000
CDUS42 KTBW 262213
CLISRQ


CLIMATE REPORT
NATIONAL WEATHER SERVICE TAMPA BAY FL
510 PM EST MON JAN 26 2015


...................................

...THE SARASOTA BRADENTON CLIMATE SUMMARY FOR JANUARY 26 2015...
VALID TODAY AS OF 0500 PM LOCAL TIME.

CLIMATE NORMAL PERIOD 1981 TO 2010
CLIMATE RECORD PERIOD 1911 TO 2015


WEATHER ITEM   OBSERVED TIME   RECORD YEAR NORMAL DEPARTURE LAST
                VALUE   (LST)  VALUE       VALUE  FROM      YEAR
                                                  NORMAL
..................................................................
TEMPERATURE (F)
 TODAY
  MAXIMUM         68    244 PM  85    1990  71     -3       66
  MINIMUM         60    645 AM  30    1968  52      8       53
  AVERAGE         64                        62      2       60

PRECIPITATION (IN)
  TODAY            0.08          1.98 1993   0.06   0.02      T
  MONTH TO DATE    1.07                      2.21  -1.14     0.93
  SINCE DEC 1      1.54                      4.74  -3.20     1.14
  SINCE JAN 1      1.07                      2.21  -1.14     0.93

DEGREE DAYS
 HEATING
  TODAY            1                         5     -4        5
  MONTH TO DATE   81                       139    -58      185
  SINCE DEC 1    180                       261    -81      209
  SINCE JUL 1    265                       294    -29      227

 COOLING
  TODAY            0                         2     -2        0
  MONTH TO DATE   59                        52      7       30
  SINCE DEC 1    148                       126     22      187
  SINCE JAN 1     59                        52      7       30
..................................................................


WIND (MPH)
  RESULTANT WIND SPEED  13   RESULTANT WIND DIRECTION  NW (300)
  HIGHEST WIND SPEED    36   HIGHEST WIND DIRECTION     W (290)
  HIGHEST GUST SPEED    50   HIGHEST GUST DIRECTION     W (270)
  AVERAGE WIND SPEED    16.6


SKY COVER
  POSSIBLE SUNSHINE  MM
  AVERAGE SKY COVER 0.5


WEATHER CONDITIONS
 THE FOLLOWING WEATHER WAS RECORDED TODAY.
  LIGHT RAIN
  FOG


RELATIVE HUMIDITY (PERCENT)
 HIGHEST    90           700 AM
 LOWEST     49          1100 AM

..........................................................


THE SARASOTA BRADENTON CLIMATE NORMALS FOR TOMORROW
                         NORMAL    RECORD    YEAR
 MAXIMUM TEMPERATURE (F)   71        84      1984
 MINIMUM TEMPERATURE (F)   52        30      1985


SUNRISE AND SUNSET
JANUARY 26 2015.......SUNRISE   719 AM EST   SUNSET   607 PM EST
JANUARY 27 2015.......SUNRISE   719 AM EST   SUNSET   607 PM EST


-  INDICATES NEGATIVE NUMBERS.
R  INDICATES RECORD WAS SET OR TIED.
MM INDICATES DATA IS MISSING.
T  INDICATES TRACE AMOUNT.




$$


&&
------------------------------------------------------------------
******************** SUPPLEMENTAL DATA ***************************

...GULF WATER TEMPERATURE AT NEW PASS 65
