000
CDUS42 KTBW 050928
CLISRQ


CLIMATE REPORT
NATIONAL WEATHER SERVICE TAMPA BAY FL
427 AM EST MON DEC 5 2016


...................................

...THE SARASOTA BRADENTON CLIMATE SUMMARY FOR DECEMBER 4 2016...

CLIMATE NORMAL PERIOD 1981 TO 2010
CLIMATE RECORD PERIOD 1911 TO 2016


WEATHER ITEM   OBSERVED TIME   RECORD YEAR NORMAL DEPARTURE LAST
                VALUE   (LST)  VALUE       VALUE  FROM      YEAR
                                                  NORMAL
..................................................................
TEMPERATURE (F)
 YESTERDAY
  MAXIMUM         85    243 PM  86    1994  75     10       74
  MINIMUM         63    533 AM  31    1989  56      7       61
  AVERAGE         74                        66      8       68

PRECIPITATION (IN)
  YESTERDAY        0.00          1.51 1997   0.07  -0.07     0.00
  MONTH TO DATE    0.00                      0.27  -0.27     0.77
  SINCE DEC 1      0.00                      0.27  -0.27     0.77
  SINCE JAN 1     47.86                     50.75  -2.89    39.13

DEGREE DAYS
 HEATING
  YESTERDAY        0                         3     -3        0
  MONTH TO DATE    0                         9     -9        0
  SINCE DEC 1      0                         9     -9        0
  SINCE JUL 1     11                        42    -31        4

 COOLING
  YESTERDAY        9                         3      6        3
  MONTH TO DATE   25                        12     13       31
  SINCE DEC 1     25                        12     13       31
  SINCE JAN 1   4051                      3312    739     3875
..................................................................


WIND (MPH)
  HIGHEST WIND SPEED    21   HIGHEST WIND DIRECTION    SE (130)
  HIGHEST GUST SPEED    26   HIGHEST GUST DIRECTION    SE (120)
  AVERAGE WIND SPEED     9.8


SKY COVER
  POSSIBLE SUNSHINE  MM
  AVERAGE SKY COVER 0.0


WEATHER CONDITIONS
 THE FOLLOWING WEATHER WAS RECORDED YESTERDAY.
  NO SIGNIFICANT WEATHER WAS OBSERVED.


RELATIVE HUMIDITY (PERCENT)
 HIGHEST    93          1000 PM
 LOWEST     48           200 PM

..........................................................


THE SARASOTA BRADENTON CLIMATE NORMALS FOR TODAY
                         NORMAL    RECORD    YEAR
 MAXIMUM TEMPERATURE (F)   75        86      1994
 MINIMUM TEMPERATURE (F)   56        33      1974


SUNRISE AND SUNSET
DECEMBER  5 2016......SUNRISE   706 AM EST   SUNSET   536 PM EST
DECEMBER  6 2016......SUNRISE   707 AM EST   SUNSET   536 PM EST


-  INDICATES NEGATIVE NUMBERS.
R  INDICATES RECORD WAS SET OR TIED.
MM INDICATES DATA IS MISSING.
T  INDICATES TRACE AMOUNT.




$$


&&
------------------------------------------------------------------
******************** SUPPLEMENTAL DATA ***************************

...GULF WATER TEMPERATURE AT VENICE 71 DEGREES
