000
CDUS42 KTBW 180929
CLISRQ


CLIMATE REPORT
NATIONAL WEATHER SERVICE TAMPA BAY FL
428 AM EST SAT NOV 18 2017


...................................

...THE SARASOTA BRADENTON CLIMATE SUMMARY FOR NOVEMBER 17 2017...

CLIMATE NORMAL PERIOD 1981 TO 2010
CLIMATE RECORD PERIOD 1911 TO 2017


WEATHER ITEM   OBSERVED TIME   RECORD YEAR NORMAL DEPARTURE LAST
                VALUE   (LST)  VALUE       VALUE  FROM      YEAR
                                                  NORMAL
..................................................................
TEMPERATURE (F)
 YESTERDAY
  MAXIMUM         80    202 PM  88    1988  79      1       82
                                      1957
  MINIMUM         59    715 AM  27    1940  59      0       56
  AVERAGE         70                        69      1       69

PRECIPITATION (IN)
  YESTERDAY        0.00          1.36 2014   0.05  -0.05     0.00
  MONTH TO DATE    0.04                      1.13  -1.09     0.01
  SINCE SEP 1     14.47                     11.35   3.12     8.13
  SINCE JAN 1     63.98                     49.68  14.30    47.85

DEGREE DAYS
 HEATING
  YESTERDAY        0                         1     -1        0
  MONTH TO DATE    0                         7     -7        0
  SINCE SEP 1     13                        10      3        0
  SINCE JUL 1     13                        10      3        0

 COOLING
  YESTERDAY        5                         5      0        4
  MONTH TO DATE  127                       103     24      152
  SINCE SEP 1    987                       950     37     1174
  SINCE JAN 1   3646                      3247    399     3953
..................................................................


WIND (MPH)
  HIGHEST WIND SPEED    14   HIGHEST WIND DIRECTION     E (70)
  HIGHEST GUST SPEED    18   HIGHEST GUST DIRECTION    NE (60)
  AVERAGE WIND SPEED     7.1


SKY COVER
  POSSIBLE SUNSHINE  MM
  AVERAGE SKY COVER 0.0


WEATHER CONDITIONS
 THE FOLLOWING WEATHER WAS RECORDED YESTERDAY.
  HAZE


RELATIVE HUMIDITY (PERCENT)
 HIGHEST    87           200 AM
 LOWEST     36           400 PM

..........................................................


THE SARASOTA BRADENTON CLIMATE NORMALS FOR TODAY
                         NORMAL    RECORD    YEAR
 MAXIMUM TEMPERATURE (F)   78        89      2015
                                             1988
 MINIMUM TEMPERATURE (F)   59        34      1940


SUNRISE AND SUNSET
NOVEMBER 18 2017......SUNRISE   653 AM EST   SUNSET   537 PM EST
NOVEMBER 19 2017......SUNRISE   654 AM EST   SUNSET   537 PM EST


-  INDICATES NEGATIVE NUMBERS.
R  INDICATES RECORD WAS SET OR TIED.
MM INDICATES DATA IS MISSING.
T  INDICATES TRACE AMOUNT.




$$


&&
------------------------------------------------------------------
******************** SUPPLEMENTAL DATA ***************************

...GULF WATER TEMPERATURE AT VENICE 72 DEGREES.
