000
CDUS42 KTBW 300827
CLISRQ


CLIMATE REPORT
NATIONAL WEATHER SERVICE TAMPA BAY FL
425 AM EDT SAT AUG 30 2014


...................................

...THE SARASOTA BRADENTON CLIMATE SUMMARY FOR AUGUST 29 2014...

CLIMATE NORMAL PERIOD 1981 TO 2010
CLIMATE RECORD PERIOD 1911 TO 2014


WEATHER ITEM   OBSERVED TIME   RECORD YEAR NORMAL DEPARTURE LAST
                VALUE   (LST)  VALUE       VALUE  FROM      YEAR
                                                  NORMAL
..................................................................
TEMPERATURE (F)
 YESTERDAY
  MAXIMUM         91   1021 AM  98    1938  90      1       92
  MINIMUM         76   1159 PM  68    1960  75      1       73
  AVERAGE         84                        82      2       83

PRECIPITATION (IN)
  YESTERDAY        0.03          2.64 1954   0.30  -0.27     0.16
  MONTH TO DATE    2.27                      8.56  -6.29     9.96
  SINCE JUN 1     11.40                     24.05 -12.65    29.11
  SINCE JAN 1     29.78                     37.75  -7.97    37.25

DEGREE DAYS
 HEATING
  YESTERDAY        0                         0      0        0
  MONTH TO DATE    0                         0      0        0
  SINCE JUN 1      0                         0      0        0
  SINCE JUL 1      0                         0      0        0

 COOLING
  YESTERDAY       19                        17      2       18
  MONTH TO DATE  586                       493     93      536
  SINCE JUN 1   1693                      1504    189     1598
  SINCE JAN 1   2505                      2255    250     2466
..................................................................


WIND (MPH)
  HIGHEST WIND SPEED    17   HIGHEST WIND DIRECTION     E (90)
  HIGHEST GUST SPEED    22   HIGHEST GUST DIRECTION     E (80)
  AVERAGE WIND SPEED     6.3


SKY COVER
  POSSIBLE SUNSHINE  MM
  AVERAGE SKY COVER 0.2


WEATHER CONDITIONS
 THE FOLLOWING WEATHER WAS RECORDED YESTERDAY.
  THUNDERSTORM
  LIGHT RAIN


RELATIVE HUMIDITY (PERCENT)
 HIGHEST    91          1200 AM
 LOWEST     59           300 PM

..........................................................


THE SARASOTA BRADENTON CLIMATE NORMALS FOR TODAY
                         NORMAL    RECORD    YEAR
 MAXIMUM TEMPERATURE (F)   90        96      1998
                                             1923
 MINIMUM TEMPERATURE (F)   75        64      1930


SUNRISE AND SUNSET
AUGUST 30 2014........SUNRISE   708 AM EDT   SUNSET   753 PM EDT
AUGUST 31 2014........SUNRISE   709 AM EDT   SUNSET   752 PM EDT


-  INDICATES NEGATIVE NUMBERS.
R  INDICATES RECORD WAS SET OR TIED.
MM INDICATES DATA IS MISSING.
T  INDICATES TRACE AMOUNT.




$$


&&
------------------------------------------------------------------
******************** SUPPLEMENTAL DATA ***************************

...GULF WATER TEMPERATURE AT NEW PASS 88
