000
CDUS42 KTBW 032124
CLISRQ


CLIMATE REPORT
NATIONAL WEATHER SERVICE TAMPA BAY FL
517 PM EDT THU SEP 3 2015


...................................

...THE SARASOTA BRADENTON CLIMATE SUMMARY FOR SEPTEMBER 3 2015...
VALID TODAY AS OF 0500 PM LOCAL TIME.

CLIMATE NORMAL PERIOD 1981 TO 2010
CLIMATE RECORD PERIOD 1911 TO 2015


WEATHER ITEM   OBSERVED TIME   RECORD YEAR NORMAL DEPARTURE LAST
                VALUE   (LST)  VALUE       VALUE  FROM      YEAR
                                                  NORMAL
..................................................................
TEMPERATURE (F)
 TODAY
  MAXIMUM         92    157 PM  95    1990  90      2       MM
                                      1962
  MINIMUM         76    617 AM  65    1984  75      1       MM
  AVERAGE         84                        82      2       MM

PRECIPITATION (IN)
  TODAY            0.00          2.40 1940   0.35  -0.35     0.35
  MONTH TO DATE    T                         1.03  -1.03     1.18
  SINCE SEP 1      T                         1.03  -1.03     1.18
  SINCE JAN 1     27.33                     39.36 -12.03    32.66

DEGREE DAYS
 HEATING
  TODAY            0                         0      0       MM
  MONTH TO DATE    0                         0      0        0
  SINCE SEP 1      0                         0      0        0
  SINCE JUL 1      0                         0      0        0

 COOLING
  TODAY           19                        17      2       MM
  MONTH TO DATE   55                        51      4       44
  SINCE SEP 1     55                        51      4       44
  SINCE JAN 1   2690                      2348    342     2590
..................................................................


WIND (MPH)
  RESULTANT WIND SPEED   3   RESULTANT WIND DIRECTION   W (270)
  HIGHEST WIND SPEED    15   HIGHEST WIND DIRECTION     W (280)
  HIGHEST GUST SPEED    18   HIGHEST GUST DIRECTION     W (290)
  AVERAGE WIND SPEED     5.3


SKY COVER
  POSSIBLE SUNSHINE  MM
  AVERAGE SKY COVER 0.1


WEATHER CONDITIONS
 THE FOLLOWING WEATHER WAS RECORDED TODAY.
  HAZE


RELATIVE HUMIDITY (PERCENT)
 HIGHEST    94           300 AM
 LOWEST     56           200 PM

..........................................................


THE SARASOTA BRADENTON CLIMATE NORMALS FOR TOMORROW
                         NORMAL    RECORD    YEAR
 MAXIMUM TEMPERATURE (F)   89        97      1948
 MINIMUM TEMPERATURE (F)   75        64      1947


SUNRISE AND SUNSET
SEPTEMBER  3 2015.....SUNRISE   710 AM EDT   SUNSET   749 PM EDT
SEPTEMBER  4 2015.....SUNRISE   710 AM EDT   SUNSET   748 PM EDT


-  INDICATES NEGATIVE NUMBERS.
R  INDICATES RECORD WAS SET OR TIED.
MM INDICATES DATA IS MISSING.
T  INDICATES TRACE AMOUNT.




$$


&&
------------------------------------------------------------------
******************** SUPPLEMENTAL DATA ***************************

...GULF WATER TEMPERATURE AT VENICE 89
