000
CDUS42 KTBW 250831
CLISRQ


CLIMATE REPORT
NATIONAL WEATHER SERVICE TAMPA BAY FL
429 AM EDT FRI APR 25 2014


...................................

...THE SARASOTA BRADENTON CLIMATE SUMMARY FOR APRIL 24 2014...

CLIMATE NORMAL PERIOD 1981 TO 2010
CLIMATE RECORD PERIOD 1911 TO 2014


WEATHER ITEM   OBSERVED TIME   RECORD YEAR NORMAL DEPARTURE LAST
                VALUE   (LST)  VALUE       VALUE  FROM      YEAR
                                                  NORMAL
..................................................................
TEMPERATURE (F)
 YESTERDAY
  MAXIMUM         79    234 PM  92    1999  82     -3       84
  MINIMUM         61    609 AM  45    1986  63     -2       62
  AVERAGE         70                        72     -2       73

PRECIPITATION (IN)
  YESTERDAY        0.00          2.18 1997   0.08  -0.08     0.00
  MONTH TO DATE    1.24                      2.05  -0.81     3.94
  SINCE MAR 1      7.71                      5.91   1.80     4.99
  SINCE JAN 1     11.33                     11.10   0.23     6.13

DEGREE DAYS
 HEATING
  YESTERDAY        0                         0      0        0
  MONTH TO DATE    0                         8     -8        0
  SINCE MAR 1     37                        57    -20      152
  SINCE JUL 1    345                       475   -130      397

 COOLING
  YESTERDAY        5                         8     -3        8
  MONTH TO DATE  140                       145     -5      224
  SINCE MAR 1    226                       245    -19      257
  SINCE JAN 1    342                       349     -7      459
..................................................................


WIND (MPH)
  HIGHEST WIND SPEED    15   HIGHEST WIND DIRECTION     W (270)
  HIGHEST GUST SPEED    19   HIGHEST GUST DIRECTION     W (280)
  AVERAGE WIND SPEED     6.0


SKY COVER
  POSSIBLE SUNSHINE  MM
  AVERAGE SKY COVER 0.0


WEATHER CONDITIONS
 THE FOLLOWING WEATHER WAS RECORDED YESTERDAY.
  FOG
  HAZE


RELATIVE HUMIDITY (PERCENT)
 HIGHEST   100           500 AM
 LOWEST     58           300 PM

..........................................................


THE SARASOTA BRADENTON CLIMATE NORMALS FOR TODAY
                         NORMAL    RECORD    YEAR
 MAXIMUM TEMPERATURE (F)   82        92      1958
 MINIMUM TEMPERATURE (F)   63        48      1998


SUNRISE AND SUNSET
APRIL 25 2014.........SUNRISE   656 AM EDT   SUNSET   800 PM EDT
APRIL 26 2014.........SUNRISE   655 AM EDT   SUNSET   801 PM EDT


-  INDICATES NEGATIVE NUMBERS.
R  INDICATES RECORD WAS SET OR TIED.
MM INDICATES DATA IS MISSING.
T  INDICATES TRACE AMOUNT.




$$


&&
------------------------------------------------------------------
******************** SUPPLEMENTAL DATA ***************************

...GULF WATER TEMPERATURE AT NEW PASS 76
