000
CDUS42 KTBW 212117
CLISRQ


CLIMATE REPORT
NATIONAL WEATHER SERVICE TAMPA BAY FL
514 PM EDT TUE OCT 21 2014


...................................

...THE SARASOTA BRADENTON CLIMATE SUMMARY FOR OCTOBER 21 2014...
VALID TODAY AS OF 0500 PM LOCAL TIME.

CLIMATE NORMAL PERIOD 1981 TO 2010
CLIMATE RECORD PERIOD 1911 TO 2014


WEATHER ITEM   OBSERVED TIME   RECORD YEAR NORMAL DEPARTURE LAST
                VALUE   (LST)  VALUE       VALUE  FROM      YEAR
                                                  NORMAL
..................................................................
TEMPERATURE (F)
 TODAY
  MAXIMUM         85    350 PM  91    1973  84      1       86
  MINIMUM         69    711 AM  46    1989  66      3       72
                                      1964
  AVERAGE         77                        75      2       79

PRECIPITATION (IN)
  TODAY            0.00          1.12 1970   0.08  -0.08     0.00
  MONTH TO DATE    4.42                      2.34   2.08     0.29
  SINCE SEP 1     14.95                      9.44   5.51    12.24
  SINCE JAN 1     46.43                     47.77  -1.34    50.85

DEGREE DAYS
 HEATING
  TODAY            0                         0      0        0
  MONTH TO DATE    0                         0      0        0
  SINCE SEP 1      0                         0      0        0
  SINCE JUL 1      0                         0      0        0

 COOLING
  TODAY           12                        10      2       14
  MONTH TO DATE  256                       265     -9      294
  SINCE SEP 1    709                       757    -48      801
  SINCE JAN 1   3255                      3054    201     3301
..................................................................


WIND (MPH)
  RESULTANT WIND SPEED   2   RESULTANT WIND DIRECTION   N (10)
  HIGHEST WIND SPEED    10   HIGHEST WIND DIRECTION    NE (40)
  HIGHEST GUST SPEED    13   HIGHEST GUST DIRECTION     N (20)
  AVERAGE WIND SPEED     3.4


SKY COVER
  POSSIBLE SUNSHINE  MM
  AVERAGE SKY COVER 0.1


WEATHER CONDITIONS
 THE FOLLOWING WEATHER WAS RECORDED TODAY.
  NO SIGNIFICANT WEATHER WAS OBSERVED.


RELATIVE HUMIDITY (PERCENT)
 HIGHEST    90           400 AM
 LOWEST     55          1200 PM

..........................................................


THE SARASOTA BRADENTON CLIMATE NORMALS FOR TOMORROW
                         NORMAL    RECORD    YEAR
 MAXIMUM TEMPERATURE (F)   84        92      1993
 MINIMUM TEMPERATURE (F)   66        46      1989
                                             1913


SUNRISE AND SUNSET
OCTOBER 21 2014.......SUNRISE   734 AM EDT   SUNSET   656 PM EDT
OCTOBER 22 2014.......SUNRISE   734 AM EDT   SUNSET   655 PM EDT


-  INDICATES NEGATIVE NUMBERS.
R  INDICATES RECORD WAS SET OR TIED.
MM INDICATES DATA IS MISSING.
T  INDICATES TRACE AMOUNT.




$$


&&
------------------------------------------------------------------
******************** SUPPLEMENTAL DATA ***************************

...GULF WATER TEMPERATURE AT NEW PASS 80
