000
CDUS42 KTBW 300840
CLISRQ


CLIMATE REPORT
NATIONAL WEATHER SERVICE TAMPA BAY FL
433 AM EDT THU JUL 30 2015


...................................

...THE SARASOTA BRADENTON CLIMATE SUMMARY FOR JULY 29 2015...

CLIMATE NORMAL PERIOD 1981 TO 2010
CLIMATE RECORD PERIOD 1911 TO 2015


WEATHER ITEM   OBSERVED TIME   RECORD YEAR NORMAL DEPARTURE LAST
                VALUE   (LST)  VALUE       VALUE  FROM      YEAR
                                                  NORMAL
..................................................................
TEMPERATURE (F)
 YESTERDAY
  MAXIMUM         87    251 PM  96    2011  90     -3       92
                                      1998
                                      1996
  MINIMUM         77    553 AM  64    1976  75      2       79
  AVERAGE         82                        82      0       86

PRECIPITATION (IN)
  YESTERDAY        T             3.58 1960   0.25  -0.25     0.01
  MONTH TO DATE    5.90                      7.44  -1.54     2.12
  SINCE JUN 1      9.63                     14.95  -5.32     9.10
  SINCE JAN 1     21.95                     28.65  -6.70    27.48

DEGREE DAYS
 HEATING
  YESTERDAY        0                         0      0        0
  MONTH TO DATE    0                         0      0        0
  SINCE JUN 1      0                         0      0        0
  SINCE JUL 1      0                         0      0        0

 COOLING
  YESTERDAY       17                        18     -1       21
  MONTH TO DATE  512                       506      6      560
  SINCE JUN 1   1013                       978     35     1070
  SINCE JAN 1   2053                      1729    324     1882
..................................................................


WIND (MPH)
  HIGHEST WIND SPEED    15   HIGHEST WIND DIRECTION     W (280)
  HIGHEST GUST SPEED    19   HIGHEST GUST DIRECTION    SW (240)
  AVERAGE WIND SPEED     9.3


SKY COVER
  POSSIBLE SUNSHINE  MM
  AVERAGE SKY COVER 0.4


WEATHER CONDITIONS
 THE FOLLOWING WEATHER WAS RECORDED YESTERDAY.
  THUNDERSTORM
  LIGHT RAIN


RELATIVE HUMIDITY (PERCENT)
 HIGHEST    91           500 AM
 LOWEST     70           100 PM

..........................................................


THE SARASOTA BRADENTON CLIMATE NORMALS FOR TODAY
                         NORMAL    RECORD    YEAR
 MAXIMUM TEMPERATURE (F)   90        96      1998
                                             1990
                                             1927
 MINIMUM TEMPERATURE (F)   75        65      1976


SUNRISE AND SUNSET
JULY 30 2015..........SUNRISE   653 AM EDT   SUNSET   820 PM EDT
JULY 31 2015..........SUNRISE   653 AM EDT   SUNSET   820 PM EDT


-  INDICATES NEGATIVE NUMBERS.
R  INDICATES RECORD WAS SET OR TIED.
MM INDICATES DATA IS MISSING.
T  INDICATES TRACE AMOUNT.




$$


&&
------------------------------------------------------------------
******************** SUPPLEMENTAL DATA ***************************

...GULF WATER TEMPERATURE AT NEW PASS 85 DEGREES.
