000
CDUS42 KTBW 310829
CLISRQ


CLIMATE REPORT
NATIONAL WEATHER SERVICE TAMPA BAY FL
427 AM EDT FRI OCT 31 2014


...................................

...THE SARASOTA BRADENTON CLIMATE SUMMARY FOR OCTOBER 30 2014...

CLIMATE NORMAL PERIOD 1981 TO 2010
CLIMATE RECORD PERIOD 1911 TO 2014


WEATHER ITEM   OBSERVED TIME   RECORD YEAR NORMAL DEPARTURE LAST
                VALUE   (LST)  VALUE       VALUE  FROM      YEAR
                                                  NORMAL
..................................................................
TEMPERATURE (F)
 YESTERDAY
  MAXIMUM         84   1211 PM  91    2009  82      2       87
  MINIMUM         66    523 AM  45    1952  64      2       67
                                      1943
  AVERAGE         75                        73      2       77

PRECIPITATION (IN)
  YESTERDAY        T             3.37 1922   0.08  -0.08     0.00
  MONTH TO DATE    4.42                      3.04   1.38     0.55
  SINCE SEP 1     14.95                     10.14   4.81    12.50
  SINCE JAN 1     46.43                     48.47  -2.04    51.11

DEGREE DAYS
 HEATING
  YESTERDAY        0                         0      0        0
  MONTH TO DATE    0                         0      0        0
  SINCE SEP 1      0                         0      0        0
  SINCE JUL 1      0                         0      0        0

 COOLING
  YESTERDAY       10                         8      2       12
  MONTH TO DATE  330                       347    -17      370
  SINCE SEP 1    783                       839    -56      877
  SINCE JAN 1   3329                      3136    193     3377
..................................................................


WIND (MPH)
  HIGHEST WIND SPEED    12   HIGHEST WIND DIRECTION     W (250)
  HIGHEST GUST SPEED    20   HIGHEST GUST DIRECTION    SW (230)
  AVERAGE WIND SPEED     4.7


SKY COVER
  POSSIBLE SUNSHINE  MM
  AVERAGE SKY COVER 0.3


WEATHER CONDITIONS
 THE FOLLOWING WEATHER WAS RECORDED YESTERDAY.
  LIGHT RAIN
  FOG


RELATIVE HUMIDITY (PERCENT)
 HIGHEST   100           100 AM
 LOWEST     51           200 PM

..........................................................


THE SARASOTA BRADENTON CLIMATE NORMALS FOR TODAY
                         NORMAL    RECORD    YEAR
 MAXIMUM TEMPERATURE (F)   82        90      1959
                                             1919
 MINIMUM TEMPERATURE (F)   63        47      1963


SUNRISE AND SUNSET
OCTOBER 31 2014.......SUNRISE   740 AM EDT   SUNSET   647 PM EDT
NOVEMBER  1 2014......SUNRISE   741 AM EDT   SUNSET   647 PM EDT


-  INDICATES NEGATIVE NUMBERS.
R  INDICATES RECORD WAS SET OR TIED.
MM INDICATES DATA IS MISSING.
T  INDICATES TRACE AMOUNT.




$$


&&
------------------------------------------------------------------
******************** SUPPLEMENTAL DATA ***************************

...GULF WATER TEMPERATURE AT NEW PASS 78.
