000
CDUS42 KTBW 032127
CLITPA


CLIMATE REPORT
NATIONAL WEATHER SERVICE TAMPA BAY FL
523 PM EDT FRI JUL 3 2015


...................................

...THE TAMPA CLIMATE SUMMARY FOR JULY 3 2015...
VALID TODAY AS OF 0500 PM LOCAL TIME.

CLIMATE NORMAL PERIOD 1981 TO 2010
CLIMATE RECORD PERIOD 1890 TO 2015


WEATHER ITEM   OBSERVED TIME   RECORD YEAR NORMAL DEPARTURE LAST
                VALUE   (LST)  VALUE       VALUE  FROM      YEAR
                                                  NORMAL
..................................................................
TEMPERATURE (F)
 TODAY
  MAXIMUM         91    124 PM  96    1998  90      1       89
  MINIMUM         78    622 AM  69    1922  76      2       76
  AVERAGE         85                        83      2       83

PRECIPITATION (IN)
  TODAY            0.00          1.77 1943   0.25  -0.25     0.81
  MONTH TO DATE    T                         0.76  -0.76     1.55
  SINCE JUN 1      6.23                      7.44  -1.21     3.32
  SINCE JAN 1     27.12                     19.64   7.48    22.65

DEGREE DAYS
 HEATING
  TODAY            0                         0      0        0
  MONTH TO DATE    0                         0      0        0
  SINCE JUN 1      0                         0      0        0
  SINCE JUL 1      0                         0      0        0

 COOLING
  TODAY           20                        18      2       18
  MONTH TO DATE   62                        54      8       56
  SINCE JUN 1    605                       570     35      582
  SINCE JAN 1   1826                      1447    379     1405
..................................................................


WIND (MPH)
  RESULTANT WIND SPEED   3   RESULTANT WIND DIRECTION  SW (210)
  HIGHEST WIND SPEED    16   HIGHEST WIND DIRECTION     W (280)
  HIGHEST GUST SPEED    20   HIGHEST GUST DIRECTION    NW (300)
  AVERAGE WIND SPEED     4.3


SKY COVER
  POSSIBLE SUNSHINE  MM
  AVERAGE SKY COVER 0.2


WEATHER CONDITIONS
 THE FOLLOWING WEATHER WAS RECORDED TODAY.
  THUNDERSTORM


RELATIVE HUMIDITY (PERCENT)
 HIGHEST    74          1200 AM
 LOWEST     50          1200 PM

..........................................................


THE TAMPA CLIMATE NORMALS FOR TOMORROW
                         NORMAL    RECORD    YEAR
 MAXIMUM TEMPERATURE (F)   90        96      1998
 MINIMUM TEMPERATURE (F)   76        65      1901


SUNRISE AND SUNSET
JULY  3 2015..........SUNRISE   638 AM EDT   SUNSET   830 PM EDT
JULY  4 2015..........SUNRISE   638 AM EDT   SUNSET   830 PM EDT


-  INDICATES NEGATIVE NUMBERS.
R  INDICATES RECORD WAS SET OR TIED.
MM INDICATES DATA IS MISSING.
T  INDICATES TRACE AMOUNT.




$$


&&
------------------------------------------------------------------
******************** SUPPLEMENTAL DATA ***************************

...RUSKIN                HIGH 94    LOW 74    PCPN 0.25
...SARASOTA/BRADENTON    HIGH 92    LOW 73    PCPN 0.00
...ST. PETERSBURG        HIGH 94    LOW 79    PCPN 0.00

...GULF WATER TEMPERATURE AT CLEARWATER BEACH 88
