000
CDUS42 KTBW 222223
CLITPA


CLIMATE REPORT
NATIONAL WEATHER SERVICE TAMPA BAY FL
519 PM EST SAT NOV 22 2014


...................................

...THE TAMPA CLIMATE SUMMARY FOR NOVEMBER 22 2014...
VALID TODAY AS OF 0500 PM LOCAL TIME.

CLIMATE NORMAL PERIOD 1981 TO 2010
CLIMATE RECORD PERIOD 1890 TO 2014


WEATHER ITEM   OBSERVED TIME   RECORD YEAR NORMAL DEPARTURE LAST
                VALUE   (LST)  VALUE       VALUE  FROM      YEAR
                                                  NORMAL
..................................................................
TEMPERATURE (F)
 TODAY
  MAXIMUM         76   1147 AM  85    1947  77     -1       83
                                      1942
                                      1894
  MINIMUM         62    220 AM  32    1937  59      3       70
  AVERAGE         69                        68      1       77

PRECIPITATION (IN)
  TODAY            0.04          2.22 1988   0.05  -0.01     0.00
  MONTH TO DATE    1.47                      1.10   0.37     0.77
  SINCE SEP 1     12.56                      9.66   2.90     8.96
  SINCE JAN 1     52.51                     43.38   9.13    51.48

DEGREE DAYS
 HEATING
  TODAY            0                         2     -2        0
  MONTH TO DATE   63                        24     39        5
  SINCE SEP 1     63                        28     35        5
  SINCE JUL 1     63                        28     35        5

 COOLING
  TODAY            4                         5     -1       12
  MONTH TO DATE   42                       133    -91      175
  SINCE SEP 1    875                       984   -109     1079
  SINCE JAN 1   3392                      3499   -107     3716
..................................................................


WIND (MPH)
  RESULTANT WIND SPEED   9   RESULTANT WIND DIRECTION   E (80)
  HIGHEST WIND SPEED    16   HIGHEST WIND DIRECTION     E (80)
  HIGHEST GUST SPEED    26   HIGHEST GUST DIRECTION     E (80)
  AVERAGE WIND SPEED     9.3


SKY COVER
  POSSIBLE SUNSHINE  MM
  AVERAGE SKY COVER 1.0


WEATHER CONDITIONS
 THE FOLLOWING WEATHER WAS RECORDED TODAY.
  LIGHT RAIN
  FOG


RELATIVE HUMIDITY (PERCENT)
 HIGHEST    87           700 AM
 LOWEST     63          1200 AM

..........................................................


THE TAMPA CLIMATE NORMALS FOR TOMORROW
                         NORMAL    RECORD    YEAR
 MAXIMUM TEMPERATURE (F)   77        86      1958
 MINIMUM TEMPERATURE (F)   59        37      1981
                                             1976


SUNRISE AND SUNSET
NOVEMBER 22 2014......SUNRISE   657 AM EST   SUNSET   535 PM EST
NOVEMBER 23 2014......SUNRISE   658 AM EST   SUNSET   535 PM EST


-  INDICATES NEGATIVE NUMBERS.
R  INDICATES RECORD WAS SET OR TIED.
MM INDICATES DATA IS MISSING.
T  INDICATES TRACE AMOUNT.




$$


&&
------------------------------------------------------------------
******************** SUPPLEMENTAL DATA ***************************

...RUSKIN                HIGH 77    LOW 63    PCPN 0.05
...SARASOTA/BRADENTON    HIGH 80    LOW 65    PCPN T
...LAKELAND              HIGH 73    LOW 64    PCPN 0.03
...ST. PETERSBURG        HIGH 71    LOW 63    PCPN 0.03
...GULF WATER TEMPERATURE AT CLEARWATER BEACH 62
