000
CDUS42 KTBW 292121
CLITPA


CLIMATE REPORT
NATIONAL WEATHER SERVICE TAMPA BAY FL
519 PM EDT SUN MAR 29 2015


...................................

...THE TAMPA CLIMATE SUMMARY FOR MARCH 29 2015...
VALID TODAY AS OF 0500 PM LOCAL TIME.

CLIMATE NORMAL PERIOD 1981 TO 2010
CLIMATE RECORD PERIOD 1890 TO 2015


WEATHER ITEM   OBSERVED TIME   RECORD YEAR NORMAL DEPARTURE LAST
                VALUE   (LST)  VALUE       VALUE  FROM      YEAR
                                                  NORMAL
..................................................................
TEMPERATURE (F)
 TODAY
  MAXIMUM         73    400 PM  90    1949  78     -5       75
  MINIMUM         52    100 AM  41    1955  60     -8       65
  AVERAGE         63                        69     -6       70

PRECIPITATION (IN)
  TODAY            0.00          3.00 2001   0.09  -0.09     1.70
  MONTH TO DATE    1.03                      2.84  -1.81     4.95
  SINCE MAR 1      1.03                      2.84  -1.81     4.95
  SINCE JAN 1      9.33                      7.88   1.45     9.90

DEGREE DAYS
 HEATING
  TODAY            2                         1      1        0
  MONTH TO DATE   11                        55    -44       45
  SINCE MAR 1     11                        55    -44       45
  SINCE JUL 1    466                       526    -60      441

 COOLING
  TODAY            0                         5     -5        5
  MONTH TO DATE  258                       115    143       78
  SINCE MAR 1    258                       115    143       78
  SINCE JAN 1    325                       228     97      182
..................................................................


WIND (MPH)
  RESULTANT WIND SPEED   9   RESULTANT WIND DIRECTION   N (20)
  HIGHEST WIND SPEED    14   HIGHEST WIND DIRECTION    NE (30)
  HIGHEST GUST SPEED    17   HIGHEST GUST DIRECTION     N (20)
  AVERAGE WIND SPEED     9.4


SKY COVER
  POSSIBLE SUNSHINE  MM
  AVERAGE SKY COVER 0.0


WEATHER CONDITIONS
 THE FOLLOWING WEATHER WAS RECORDED TODAY.
  NO SIGNIFICANT WEATHER WAS OBSERVED.


RELATIVE HUMIDITY (PERCENT)
 HIGHEST    89           100 AM
 LOWEST     27          1000 AM

..........................................................


THE TAMPA CLIMATE NORMALS FOR TOMORROW
                         NORMAL    RECORD    YEAR
 MAXIMUM TEMPERATURE (F)   78        92      1907
 MINIMUM TEMPERATURE (F)   60        44      1955


SUNRISE AND SUNSET
MARCH 29 2015.........SUNRISE   724 AM EDT   SUNSET   746 PM EDT
MARCH 30 2015.........SUNRISE   723 AM EDT   SUNSET   747 PM EDT


-  INDICATES NEGATIVE NUMBERS.
R  INDICATES RECORD WAS SET OR TIED.
MM INDICATES DATA IS MISSING.
T  INDICATES TRACE AMOUNT.




$$


&&
------------------------------------------------------------------
******************** SUPPLEMENTAL DATA ***************************

...RUSKIN                HIGH 74    LOW 49    PCPN 0.00
...SARASOTA/BRADENTON    HIGH 74    LOW 48    PCPN 0.00
...LAKELAND              HIGH 71    LOW 48    PCPN 0.00
...ST. PETERSBURG        HIGH 72    LOW 58    PCPN 0.00
...GULF WATER TEMPERATURE AT CLEARWATER BEACH 69
