000
CDUS42 KTBW 272213
CLITPA


CLIMATE REPORT
NATIONAL WEATHER SERVICE TAMPA BAY FL
510 PM EST TUE JAN 27 2015


...................................

...THE TAMPA CLIMATE SUMMARY FOR JANUARY 27 2015...
VALID TODAY AS OF 0500 PM LOCAL TIME.

CLIMATE NORMAL PERIOD 1981 TO 2010
CLIMATE RECORD PERIOD 1890 TO 2015


WEATHER ITEM   OBSERVED TIME   RECORD YEAR NORMAL DEPARTURE LAST
                VALUE   (LST)  VALUE       VALUE  FROM      YEAR
                                                  NORMAL
..................................................................
TEMPERATURE (F)
 TODAY
  MAXIMUM         66    333 PM  82    1974  70     -4       70
                                      1957
                                      1950
  MINIMUM         47    727 AM  26    1905  52     -5       59
  AVERAGE         57                        61     -4       65

PRECIPITATION (IN)
  TODAY            0.00          2.45 1915   0.08  -0.08     0.32
  MONTH TO DATE    1.75                      1.90  -0.15     1.99
  SINCE DEC 1      3.32                      4.37  -1.05     2.80
  SINCE JAN 1      1.75                      1.90  -0.15     1.99

DEGREE DAYS
 HEATING
  TODAY            8                         5      3        0
  MONTH TO DATE  101                       160    -59      218
  SINCE DEC 1    190                       299   -109      250
  SINCE JUL 1    278                       343    -65      280

 COOLING
  TODAY            0                         2     -2        0
  MONTH TO DATE   56                        52      4       20
  SINCE DEC 1    151                       132     19      170
  SINCE JAN 1     56                        52      4       20
..................................................................


WIND (MPH)
  RESULTANT WIND SPEED   5   RESULTANT WIND DIRECTION   W (280)
  HIGHEST WIND SPEED    16   HIGHEST WIND DIRECTION     W (260)
  HIGHEST GUST SPEED    22   HIGHEST GUST DIRECTION     W (260)
  AVERAGE WIND SPEED     6.8


SKY COVER
  POSSIBLE SUNSHINE  MM
  AVERAGE SKY COVER 0.2


WEATHER CONDITIONS
 THE FOLLOWING WEATHER WAS RECORDED TODAY.
  NO SIGNIFICANT WEATHER WAS OBSERVED.


RELATIVE HUMIDITY (PERCENT)
 HIGHEST    80           700 AM
 LOWEST     48           200 PM

..........................................................


THE TAMPA CLIMATE NORMALS FOR TOMORROW
                         NORMAL    RECORD    YEAR
 MAXIMUM TEMPERATURE (F)   71        84      1975
 MINIMUM TEMPERATURE (F)   52        26      1986
                                             1940


SUNRISE AND SUNSET
JANUARY 27 2015.......SUNRISE   720 AM EST   SUNSET   606 PM EST
JANUARY 28 2015.......SUNRISE   719 AM EST   SUNSET   607 PM EST


-  INDICATES NEGATIVE NUMBERS.
R  INDICATES RECORD WAS SET OR TIED.
MM INDICATES DATA IS MISSING.
T  INDICATES TRACE AMOUNT.




$$


&&
------------------------------------------------------------------
******************** SUPPLEMENTAL DATA ***************************

...RUSKIN                HIGH 66    LOW 45    PCPN 0.00
...SARASOTA/BRADENTON    HIGH 66    LOW 45    PCPN 0.00
...LAKELAND              HIGH 65    LOW 38    PCPN 0.00
...ST. PETERSBURG        HIGH 66    LOW 52    PCPN 0.00
...GULF WATER TEMPERATURE AT CLEARWATER BEACH 61
