000
CDUS42 KTBW 042119
CLITPA


CLIMATE REPORT
NATIONAL WEATHER SERVICE TAMPA BAY FL
516 PM EDT MON MAY 4 2015


...................................

...THE TAMPA CLIMATE SUMMARY FOR MAY 4 2015...
VALID TODAY AS OF 0500 PM LOCAL TIME.

CLIMATE NORMAL PERIOD 1981 TO 2010
CLIMATE RECORD PERIOD 1890 TO 2015


WEATHER ITEM   OBSERVED TIME   RECORD YEAR NORMAL DEPARTURE LAST
                VALUE   (LST)  VALUE       VALUE  FROM      YEAR
                                                  NORMAL
..................................................................
TEMPERATURE (F)
 TODAY
  MAXIMUM         84    232 PM  94    1935  85     -1       85
  MINIMUM         65    610 AM  52    1921  67     -2       59
  AVERAGE         75                        76     -1       72

PRECIPITATION (IN)
  TODAY            0.00          1.40 1978   0.05  -0.05     0.00
  MONTH TO DATE    0.00                      0.20  -0.20     3.49
  SINCE MAR 1      5.85                      5.26   0.59     9.33
  SINCE JAN 1     14.15                     10.30   3.85    14.28

DEGREE DAYS
 HEATING
  TODAY            0                         0      0        0
  MONTH TO DATE    0                         0      0        0
  SINCE MAR 1     12                        67    -55       48
  SINCE JUL 1    467                       538    -71      444

 COOLING
  TODAY           10                        11     -1        7
  MONTH TO DATE   38                        43     -5       34
  SINCE MAR 1    703                       390    313      347
  SINCE JAN 1    770                       503    267      451
..................................................................


WIND (MPH)
  RESULTANT WIND SPEED   7   RESULTANT WIND DIRECTION   E (70)
  HIGHEST WIND SPEED    16   HIGHEST WIND DIRECTION     E (70)
  HIGHEST GUST SPEED    26   HIGHEST GUST DIRECTION     E (70)
  AVERAGE WIND SPEED     6.8


SKY COVER
  POSSIBLE SUNSHINE  MM
  AVERAGE SKY COVER 0.6


WEATHER CONDITIONS
 THE FOLLOWING WEATHER WAS RECORDED TODAY.
  NO SIGNIFICANT WEATHER WAS OBSERVED.


RELATIVE HUMIDITY (PERCENT)
 HIGHEST    78           500 AM
 LOWEST     37           300 PM

..........................................................


THE TAMPA CLIMATE NORMALS FOR TOMORROW
                         NORMAL    RECORD    YEAR
 MAXIMUM TEMPERATURE (F)   85        93      2002
 MINIMUM TEMPERATURE (F)   67        49      1971


SUNRISE AND SUNSET
MAY  4 2015...........SUNRISE   648 AM EDT   SUNSET   806 PM EDT
MAY  5 2015...........SUNRISE   647 AM EDT   SUNSET   807 PM EDT


-  INDICATES NEGATIVE NUMBERS.
R  INDICATES RECORD WAS SET OR TIED.
MM INDICATES DATA IS MISSING.
T  INDICATES TRACE AMOUNT.




$$


&&
------------------------------------------------------------------
******************** SUPPLEMENTAL DATA ***************************

...RUSKIN                HIGH 84    LOW 62    PCPN 0.00
...SARASOTA/BRADENTON    HIGH 85    LOW 61    PCPN T
...LAKELAND              HIGH 84    LOW 62    PCPN 0.00
...ST. PETERSBURG        HIGH 83    LOW 71    PCPN 0.00

...GULF WATER TEMPERATURE AT CLEARWATER BEACH 76
