000
CDUS42 KTBW 200929
CLITPA


CLIMATE REPORT
NATIONAL WEATHER SERVICE TAMPA BAY FL
427 AM EST TUE FEB 20 2018


...................................

...THE TAMPA CLIMATE SUMMARY FOR FEBRUARY 19 2018...

CLIMATE NORMAL PERIOD 1981 TO 2010
CLIMATE RECORD PERIOD 1890 TO 2018


WEATHER ITEM   OBSERVED TIME   RECORD YEAR NORMAL DEPARTURE LAST
                VALUE   (LST)  VALUE       VALUE  FROM      YEAR
                                                  NORMAL
..................................................................
TEMPERATURE (F)
 YESTERDAY
  MAXIMUM         88R   337 PM  86    1997  73     15       82
                                      1891
  MINIMUM         69    750 AM  30    1900  55     14       62
  AVERAGE         79                        64     15       72

PRECIPITATION (IN)
  YESTERDAY        0.00          2.75 1927   0.10  -0.10     0.00
  MONTH TO DATE    2.61                      1.96   0.65     0.88
  SINCE DEC 1      8.46                      6.66   1.80     2.21
  SINCE JAN 1      7.61                      4.19   3.42     1.78

DEGREE DAYS
 HEATING
  YESTERDAY        0                         3     -3        0
  MONTH TO DATE    1                        80    -79       13
  SINCE DEC 1    263                       401   -138      121
  SINCE JUL 1    271                       445   -174      136

 COOLING
  YESTERDAY       14                         2     12        7
  MONTH TO DATE  155                        38    117       61
  SINCE DEC 1    344                       168    176      380
  SINCE JAN 1    206                        88    118      188
..................................................................


WIND (MPH)
  RESULTANT WIND SPEED   7   RESULTANT WIND DIRECTION  SE (120)
  HIGHEST WIND SPEED    15   HIGHEST WIND DIRECTION    SE (120)
  HIGHEST GUST SPEED    22   HIGHEST GUST DIRECTION    SE (120)
  AVERAGE WIND SPEED     8.1


SKY COVER
  POSSIBLE SUNSHINE  MM
  AVERAGE SKY COVER 0.3


WEATHER CONDITIONS
 THE FOLLOWING WEATHER WAS RECORDED YESTERDAY.
  NO SIGNIFICANT WEATHER WAS OBSERVED.


RELATIVE HUMIDITY (PERCENT)
 HIGHEST    84           300 AM
 LOWEST     34           400 PM
 AVERAGE    59

..........................................................


THE TAMPA CLIMATE NORMALS FOR TODAY
                         NORMAL    RECORD    YEAR
 MAXIMUM TEMPERATURE (F)   73        87      1997
                                             1961
 MINIMUM TEMPERATURE (F)   55        34      2015


SUNRISE AND SUNSET
FEBRUARY 20 2018......SUNRISE   703 AM EST   SUNSET   625 PM EST
FEBRUARY 21 2018......SUNRISE   702 AM EST   SUNSET   625 PM EST


-  INDICATES NEGATIVE NUMBERS.
R  INDICATES RECORD WAS SET OR TIED.
MM INDICATES DATA IS MISSING.
T  INDICATES TRACE AMOUNT.




$$


&&
------------------------------------------------------------------
******************** SUPPLEMENTAL DATA ***************************

...RUSKIN                HIGH 86    LOW 64    PCPN 0.00
...SARASOTA/BRADENTON    HIGH 87    LOW 64    PCPN 0.00
...ST. PETERSBURG        HIGH 83    LOW 69    PCPN 0.00
...GULF WATER TEMPERATURE AT CLEARWATER BEACH 71 DEGREES.
