000
CDUS42 KTBW 272113
CLITPA


CLIMATE REPORT
NATIONAL WEATHER SERVICE TAMPA BAY FL
512 PM EDT MON JUN 27 2016


...................................

...THE TAMPA CLIMATE SUMMARY FOR JUNE 27 2016...
VALID TODAY AS OF 0500 PM LOCAL TIME.

CLIMATE NORMAL PERIOD 1981 TO 2010
CLIMATE RECORD PERIOD 1890 TO 2016


WEATHER ITEM   OBSERVED TIME   RECORD YEAR NORMAL DEPARTURE LAST
                VALUE   (LST)  VALUE       VALUE  FROM      YEAR
                                                  NORMAL
..................................................................
TEMPERATURE (F)
 TODAY
  MAXIMUM         89   1233 PM  95    1969  90     -1       92
                                      1959
                                      1948
  MINIMUM         74    444 AM  67    1966  76     -2       81
  AVERAGE         82                        83     -1       87

PRECIPITATION (IN)
  TODAY            0.07          2.23 1917   0.28  -0.21     0.02
  MONTH TO DATE   11.31                      5.83   5.48     5.29
  SINCE JUN 1     11.31                      5.83   5.48     5.29
  SINCE JAN 1     27.21                     18.03   9.18    26.18

DEGREE DAYS
 HEATING
  TODAY            0                         0      0        0
  MONTH TO DATE    0                         0      0        0
  SINCE JUN 1      0                         0      0        0
  SINCE JUL 1    323                       538   -215      467

 COOLING
  TODAY           17                        18     -1       22
  MONTH TO DATE  493                       462     31      484
  SINCE JUN 1    493                       462     31      484
  SINCE JAN 1   1513                      1339    174     1705
..................................................................


WIND (MPH)
  RESULTANT WIND SPEED   2   RESULTANT WIND DIRECTION   W (260)
  HIGHEST WIND SPEED    17   HIGHEST WIND DIRECTION    NW (330)
  HIGHEST GUST SPEED    27   HIGHEST GUST DIRECTION     N (340)
  AVERAGE WIND SPEED     3.2


SKY COVER
  POSSIBLE SUNSHINE  MM
  AVERAGE SKY COVER 0.4


WEATHER CONDITIONS
 THE FOLLOWING WEATHER WAS RECORDED TODAY.
  THUNDERSTORM
  LIGHT RAIN
  HAZE


RELATIVE HUMIDITY (PERCENT)
 HIGHEST    94          1200 AM
 LOWEST     55           100 PM

..........................................................


THE TAMPA CLIMATE NORMALS FOR TOMORROW
                         NORMAL    RECORD    YEAR
 MAXIMUM TEMPERATURE (F)   90        95      1977
                                             1969
                                             1948
 MINIMUM TEMPERATURE (F)   76        67      1927


SUNRISE AND SUNSET
JUNE 27 2016..........SUNRISE   636 AM EDT   SUNSET   830 PM EDT
JUNE 28 2016..........SUNRISE   637 AM EDT   SUNSET   830 PM EDT


-  INDICATES NEGATIVE NUMBERS.
R  INDICATES RECORD WAS SET OR TIED.
MM INDICATES DATA IS MISSING.
T  INDICATES TRACE AMOUNT.




$$


&&
------------------------------------------------------------------
******************** SUPPLEMENTAL DATA ***************************

...RUSKIN                HIGH 94    LOW 71    PCPN 0.00
...SARASOTA/BRADENTON    HIGH 93    LOW 73    PCPN 0.00
...LAKELAND              HIGH 93    LOW 72    PCPN 0.03
...ST. PETERSBURG        HIGH 88    LOW 78    PCPN T
...GULF WATER TEMPERATURE AT CLEARWATER BEACH 88 DEGREES
