000
CDUS42 KTBW 012133
CLITPA


CLIMATE REPORT
NATIONAL WEATHER SERVICE TAMPA BAY FL
531 PM EDT FRI AUG 1 2014


...................................

...THE TAMPA CLIMATE SUMMARY FOR AUGUST 1 2014...
VALID TODAY AS OF 0500 PM LOCAL TIME.

CLIMATE NORMAL PERIOD 1981 TO 2010
CLIMATE RECORD PERIOD 1890 TO 2014


WEATHER ITEM   OBSERVED TIME   RECORD YEAR NORMAL DEPARTURE LAST
                VALUE   (LST)  VALUE       VALUE  FROM      YEAR
                                                  NORMAL
..................................................................
TEMPERATURE (F)
 TODAY
  MAXIMUM         93    351 PM  95    1993  90      3       88
                                      1986
                                      1961
  MINIMUM         77    542 AM  69    1916  76      1       76
                                      1909
  AVERAGE         85                        83      2       82

PRECIPITATION (IN)
  TODAY            0.00          2.60 1973   0.24  -0.24     0.33
  MONTH TO DATE    0.00                      0.24  -0.24     0.33
  SINCE JUN 1     14.45                     13.99   0.46    21.82
  SINCE JAN 1     33.78                     26.19   7.59    30.94

DEGREE DAYS
 HEATING
  TODAY            0                         0      0        0
  MONTH TO DATE    0                         0      0        0
  SINCE JUN 1      0                         0      0        0
  SINCE JUL 1      0                         0      0        0

 COOLING
  TODAY           20                        18      2       17
  MONTH TO DATE   20                        18      2       17
  SINCE JUN 1   1110                      1092     18     1089
  SINCE JAN 1   1933                      1969    -36     2064
..................................................................


WIND (MPH)
  RESULTANT WIND SPEED   2   RESULTANT WIND DIRECTION   W (270)
  HIGHEST WIND SPEED    15   HIGHEST WIND DIRECTION     W (280)
  HIGHEST GUST SPEED    24   HIGHEST GUST DIRECTION     W (270)
  AVERAGE WIND SPEED     3.2


SKY COVER
  POSSIBLE SUNSHINE  MM
  AVERAGE SKY COVER 0.5


WEATHER CONDITIONS
 THE FOLLOWING WEATHER WAS RECORDED TODAY.
  NO SIGNIFICANT WEATHER WAS OBSERVED.


RELATIVE HUMIDITY (PERCENT)
 HIGHEST    74          1200 AM
 LOWEST     47           400 PM

..........................................................


THE TAMPA CLIMATE NORMALS FOR TOMORROW
                         NORMAL    RECORD    YEAR
 MAXIMUM TEMPERATURE (F)   90        96      1908
 MINIMUM TEMPERATURE (F)   76        67      1930


SUNRISE AND SUNSET
AUGUST  1 2014........SUNRISE   653 AM EDT   SUNSET   820 PM EDT
AUGUST  2 2014........SUNRISE   653 AM EDT   SUNSET   819 PM EDT


-  INDICATES NEGATIVE NUMBERS.
R  INDICATES RECORD WAS SET OR TIED.
MM INDICATES DATA IS MISSING.
T  INDICATES TRACE AMOUNT.




$$


&&
------------------------------------------------------------------
******************** SUPPLEMENTAL DATA ***************************

...RUSKIN                HIGH 93    LOW 74    PCPN 0.00
...SARASOTA/BRADENTON    HIGH 94    LOW 74    PCPN 0.00
...LAKELAND              HIGH 92    LOW 74    PCPN 0.00
...ST. PETERSBURG        HIGH 91    LOW 82    PCPN 0.00
...GULF WATER TEMPERATURE AT CLEARWATER BEACH 89
