000
CDUS42 KTBW 280833
CLITPA


CLIMATE REPORT
NATIONAL WEATHER SERVICE TAMPA BAY FL
431 AM EDT SAT MAY 28 2016


...................................

...THE TAMPA CLIMATE SUMMARY FOR MAY 27 2016...

CLIMATE NORMAL PERIOD 1981 TO 2010
CLIMATE RECORD PERIOD 1890 TO 2016


WEATHER ITEM   OBSERVED TIME   RECORD YEAR NORMAL DEPARTURE LAST
                VALUE   (LST)  VALUE       VALUE  FROM      YEAR
                                                  NORMAL
..................................................................
TEMPERATURE (F)
 YESTERDAY
  MAXIMUM         90    403 PM  96    1989  89      1       91
                                      1953
  MINIMUM         70    609 AM  57    1979  72     -2       73
  AVERAGE         80                        81     -1       82

PRECIPITATION (IN)
  YESTERDAY        0.00          1.85 1969   0.09  -0.09     0.00
  MONTH TO DATE    3.76                      1.70   2.06     5.72
  SINCE MAR 1      7.19                      6.76   0.43    11.57
  SINCE JAN 1     15.90                     11.80   4.10    19.87

DEGREE DAYS
 HEATING
  YESTERDAY        0                         0      0        0
  MONTH TO DATE    0                         0      0        0
  SINCE MAR 1     15                        67    -52       12
  SINCE JUL 1    323                       538   -215      467

 COOLING
  YESTERDAY       15                        16     -1       17
  MONTH TO DATE  365                       354     11      423
  SINCE MAR 1    874                       701    173     1088
  SINCE JAN 1    952                       814    138     1155
..................................................................


WIND (MPH)
  RESULTANT WIND SPEED   5   RESULTANT WIND DIRECTION   E (90)
  HIGHEST WIND SPEED    13   HIGHEST WIND DIRECTION     E (100)
  HIGHEST GUST SPEED    20   HIGHEST GUST DIRECTION     E (110)
  AVERAGE WIND SPEED     5.4


SKY COVER
  POSSIBLE SUNSHINE  MM
  AVERAGE SKY COVER 0.4


WEATHER CONDITIONS
 THE FOLLOWING WEATHER WAS RECORDED YESTERDAY.
  NO SIGNIFICANT WEATHER WAS OBSERVED.


RELATIVE HUMIDITY (PERCENT)
 HIGHEST    78           600 AM
 LOWEST     34           300 PM
 AVERAGE    56

..........................................................


THE TAMPA CLIMATE NORMALS FOR TODAY
                         NORMAL    RECORD    YEAR
 MAXIMUM TEMPERATURE (F)   89        97      1989
 MINIMUM TEMPERATURE (F)   73        59      1934


SUNRISE AND SUNSET
MAY 28 2016...........SUNRISE   635 AM EDT   SUNSET   820 PM EDT
MAY 29 2016...........SUNRISE   635 AM EDT   SUNSET   821 PM EDT


-  INDICATES NEGATIVE NUMBERS.
R  INDICATES RECORD WAS SET OR TIED.
MM INDICATES DATA IS MISSING.
T  INDICATES TRACE AMOUNT.




$$


&&
------------------------------------------------------------------
******************** SUPPLEMENTAL DATA ***************************

...RUSKIN                HIGH 90    LOW 65    PCPN 0.00
...SARASOTA/BRADENTON    HIGH 91    LOW 67    PCPN 0.00
...ST. PETERSBURG        HIGH 88    LOW 75    PCPN 0.00
...GULF WATER TEMPERATURE AT CLEARWATER BEACH 82 DEGREES.
