000
CXUS52 KTBW 011400
CLMFMY


CLIMATE REPORT
NATIONAL WEATHER SERVICE TAMPA BAY FL
1000 AM EDT SAT JUL 1 2017

...................................

...THE FORT MYERS CLIMATE SUMMARY FOR THE MONTH OF JUNE 2017...

CLIMATE NORMAL PERIOD 1981 TO 2010
CLIMATE RECORD PERIOD 1902 TO 2017

WEATHER         OBSERVED          NORMAL  DEPART  LAST YEAR`S
                 VALUE   DATE(S)  VALUE   FROM    VALUE  DATE(S)
                                          NORMAL
................................................................
TEMPERATURE (F)
ALL-TIME JUNE RECORD
 HIGH             103   06/17/1981
                        06/16/1981
 LOW               60   06/01/1984
                        06/03/1916

JUNE 2017
HIGHEST            95   06/25        MM      MM       95  06/03
LOWEST             72   06/17        MM      MM       71  06/21
                        06/16
                        06/15
AVG. MAXIMUM     90.3              91.5    -1.2     91.0
AVG. MINIMUM     74.5              73.5     1.0     74.7
MEAN             82.4              82.5    -0.1     82.9
DAYS MAX >= 90     18              21.3    -3.3       22
DAYS MAX <= 32      0               0.0     0.0        0
DAYS MIN <= 32      0               0.0     0.0        0
DAYS MIN <= 0       0               0.0     0.0        0

PRECIPITATION (INCHES)
ALL-TIME JUNE RECORD
 MAXIMUM        27.61   1912
 MINIMUM         1.99   1980

JUNE 2017
TOTALS          14.15             10.09    4.06    12.60
DAILY AVG.       0.47              0.34    0.13     0.42
DAYS >= .01        23              16.0     7.0       21
DAYS >= .10        15              11.7     3.3       16
DAYS >= .50         8               6.1     1.9       11
DAYS >= 1.00        5               3.6     1.4        4
GREATEST
 24 HR. TOTAL    3.04   06/07 TO 06/07

DEGREE_DAYS
HEATING TOTAL       0                 0       0        0
 SINCE 7/1         76               287    -211      204
COOLING TOTAL     495               525     -30      544
 SINCE 1/1       1777              1591     186     1642
.................................................................

WIND (MPH)
AVERAGE WIND SPEED              5.8
HIGHEST WIND SPEED/DIRECTION    33/030    DATE  06/17
HIGHEST GUST SPEED/DIRECTION    42/070    DATE  06/17

SKY COVER (DOES NOT INCLUDE ANY CLOUDS ABOVE 12000 FEET)
POSSIBLE SUNSHINE (PERCENT)   MM
AVERAGE SKY COVER           0.30
NUMBER OF DAYS FAIR           17
NUMBER OF DAYS PC             13
NUMBER OF DAYS CLOUDY          0

AVERAGE RH (PERCENT)     81

WEATHER CONDITIONS. NUMBER OF DAYS WITH
THUNDERSTORM             21     MIXED PRECIP               0
HEAVY RAIN               14     RAIN                      18
LIGHT RAIN               28     FREEZING RAIN              0
LT FREEZING RAIN          0     HAIL                       0
HEAVY SNOW                0     SNOW                       0
LIGHT SNOW                0     SLEET                      0
FOG                      21     FOG W/VIS <= 1/4 MILE      2
HAZE                      2
.................................................................

REMARKS
THE JUNE 2017 MONTHLY AVERAGE TEMPERATURE OF 82.4 DEGREES TIES WITH
2014...2006...1975 AND 1942 AS THE 24TH WARMEST JUNE SINCE RECORDS
BEGAN IN 1902. THE WARMEST JUNE HAD AN AVERAGE TEMPERATURE OF
85.9 DEGREES WHICH OCCURRED IN 1981.

THE JUNE 2017 MONTHLY RAINFALL TOTAL OF 14.15 INCHES RANKS AS THE
17TH WETTEST JUNE SINCE RECORDS BEGAN IN 1902.


-  INDICATES NEGATIVE NUMBERS.
R  INDICATES RECORD WAS SET OR TIED.
MM INDICATES DATA IS MISSING.
T  INDICATES TRACE AMOUNT.

$$
