000
CXUS52 KTBW 051355
CLMFMY


CLIMATE REPORT
NATIONAL WEATHER SERVICE TAMPA BAY FL
855 AM EST TUE DEC 5 2017

...................................

...THE FORT MYERS CLIMATE SUMMARY FOR THE MONTH OF NOVEMBER 2017...

  ...TIED FOR 8TH WARMEST NOVEMBER SINCE RECORDS BEGAN IN 1902...

CLIMATE NORMAL PERIOD 1981 TO 2010
CLIMATE RECORD PERIOD 1902 TO 2017

WEATHER         OBSERVED          NORMAL  DEPART  LAST YEAR`S
                 VALUE   DATE(S)  VALUE   FROM    VALUE  DATE(S)
                                          NORMAL
................................................................
TEMPERATURE (F)
ALL-TIME NOVEMBER RECORD
 HIGH              95   11/23/1986
 LOW               34   11/25/1970
                        11/30/1959
                        11/26/1950

NOVEMBER 2017
HIGHEST            88   11/09        MM      MM       86  11/29
                                                          11/25
                                                          11/10
LOWEST             58   11/20        MM      MM       47  11/22
                                                          11/21
AVG. MAXIMUM     83.2              81.3     1.9     82.1
AVG. MINIMUM     64.9              62.0     2.9     60.0
MEAN             74.0              71.7     2.3     71.1
DAYS MAX >= 90      0               0.4    -0.4        0
DAYS MAX <= 32      0               0.0     0.0        0
DAYS MIN <= 32      0               0.0     0.0        0
DAYS MIN <= 0       0               0.0     0.0        0

PRECIPITATION (INCHES)
ALL-TIME NOVEMBER RECORD
 MAXIMUM         8.06   1987
 MINIMUM            T   2016
                        2000
                        1944

NOVEMBER 2017
TOTALS           0.39              1.96   -1.57        T
DAILY AVG.       0.01              0.07   -0.06        T
DAYS >= .01         7               4.4     2.6        0
DAYS >= .10         1               2.9    -1.9        0
DAYS >= .50         0               1.0    -1.0        0
DAYS >= 1.00        0               0.4    -0.4        0
GREATEST
 24 HR. TOTAL    0.19   11/23 TO 11/23

DEGREE_DAYS
HEATING TOTAL       0                16     -16        5
 SINCE 7/1          5                18     -13        5
COOLING TOTAL     280               215      65      195
 SINCE 1/1       4176              3863     313     4008
.................................................................

WIND (MPH)
AVERAGE WIND SPEED              7.5
HIGHEST WIND SPEED/DIRECTION    23/260    DATE  11/23
HIGHEST GUST SPEED/DIRECTION    29/270    DATE  11/23

SKY COVER (DOES NOT INCLUDE ANY CLOUDS ABOVE 12000 FEET)
POSSIBLE SUNSHINE (PERCENT)   MM
AVERAGE SKY COVER           0.30
NUMBER OF DAYS FAIR           18
NUMBER OF DAYS PC             12
NUMBER OF DAYS CLOUDY          0

AVERAGE RH (PERCENT)     76

WEATHER CONDITIONS. NUMBER OF DAYS WITH
THUNDERSTORM              1     MIXED PRECIP               0
HEAVY RAIN                0     RAIN                       1
LIGHT RAIN                8     FREEZING RAIN              0
LT FREEZING RAIN          0     HAIL                       0
HEAVY SNOW                0     SNOW                       0
LIGHT SNOW                0     SLEET                      0
FOG                      19     FOG W/VIS <= 1/4 MILE      0
HAZE                      7
.................................................................

REMARKS
THE NOVEMBER 2017 MONTHLY AVERAGE TEMPERATURE OF 74.0 DEGREES TIES
WITH 1988 AS THE 8TH WARMEST NOVEMBER SINCE RECORDS BEGAN IN 1902.
THE WARMEST NOVEMBER HAD AN AVERAGE TEMPERATURE OF 78.3 DEGREES
WHICH OCCURRED IN 1986.

THE NOVEMBER 2017 MONTHLY RAINFALL TOTAL OF 0.39 INCHES TIES WITH
1938 AS THE 86TH WETTEST/30TH DRIEST NOVEMBER SINCE RECORDS BEGAN
IN 1902.


-  INDICATES NEGATIVE NUMBERS.
R  INDICATES RECORD WAS SET OR TIED.
MM INDICATES DATA IS MISSING.
T  INDICATES TRACE AMOUNT.

$$
