000
CXUS52 KTBW 011545
CLMFMY


CLIMATE REPORT
NATIONAL WEATHER SERVICE TAMPA BAY FL
1145 AM EDT TUE AUG 1 2017

...................................

...THE FORT MYERS CLIMATE SUMMARY FOR THE MONTH OF JULY 2017...

CLIMATE NORMAL PERIOD 1981 TO 2010
CLIMATE RECORD PERIOD 1902 TO 2017

WEATHER         OBSERVED          NORMAL  DEPART  LAST YEAR`S
                 VALUE   DATE(S)  VALUE   FROM    VALUE  DATE(S)
                                          NORMAL
................................................................
TEMPERATURE (F)
ALL-TIME JULY RECORD
 HIGH             101   07/20/1942
                        07/07/1942
 LOW               66   07/25/1950
                        07/30/1928

JULY 2017
HIGHEST            96   07/03        MM      MM       96  07/11
                                                          07/06
LOWEST             72   07/11        MM      MM       72  07/31
                                                          07/24
AVG. MAXIMUM     91.8              91.9    -0.1     93.4
AVG. MINIMUM     75.8              74.5     1.3     75.5
MEAN             83.8              83.2     0.6     84.5
DAYS MAX >= 90     25              24.7     0.3       31
DAYS MAX <= 32      0               0.0     0.0        0
DAYS MIN <= 32      0               0.0     0.0        0
DAYS MIN <= 0       0               0.0     0.0        0

PRECIPITATION (INCHES)
ALL-TIME JULY RECORD
 MAXIMUM        15.28   1941
 MINIMUM         2.28   1964

JULY 2017
TOTALS           9.47              9.04    0.43     9.00
DAILY AVG.       0.31              0.29    0.02     0.29
DAYS >= .01        22              17.6     4.4       24
DAYS >= .10        15              12.7     2.3       17
DAYS >= .50         8               6.2     1.8        8
DAYS >= 1.00        3               2.9     0.1        2
GREATEST
 24 HR. TOTAL    1.86   07/31 TO 07/31

DEGREE_DAYS
HEATING TOTAL       0                 0       0        0
 SINCE 7/1          0                 0       0        0
COOLING TOTAL     589               564      25      610
 SINCE 1/1       2366              2155     211     2252
.................................................................

WIND (MPH)
AVERAGE WIND SPEED              5.0
HIGHEST WIND SPEED/DIRECTION    29/290    DATE  07/31
HIGHEST GUST SPEED/DIRECTION    36/290    DATE  07/31

SKY COVER (DOES NOT INCLUDE ANY CLOUDS ABOVE 12000 FEET)
POSSIBLE SUNSHINE (PERCENT)   MM
AVERAGE SKY COVER           0.20
NUMBER OF DAYS FAIR           28
NUMBER OF DAYS PC              3
NUMBER OF DAYS CLOUDY          0

AVERAGE RH (PERCENT)     80

WEATHER CONDITIONS. NUMBER OF DAYS WITH
THUNDERSTORM             29     MIXED PRECIP               0
HEAVY RAIN               10     RAIN                      15
LIGHT RAIN               26     FREEZING RAIN              0
LT FREEZING RAIN          0     HAIL                       0
HEAVY SNOW                0     SNOW                       0
LIGHT SNOW                0     SLEET                      0
FOG                      21     FOG W/VIS <= 1/4 MILE      0
HAZE                      1
.................................................................

REMARKS
THE JULY 2017 MONTHLY AVERAGE TEMPERATURE OF 83.8 DEGREES TIES
WITH 1961 AS THE 16TH WARMEST JULY SINCE RECORDS BEGAN IN 1902.
THE WARMEST JULY HAD AN AVERAGE TEMPERATURE OF 85.7 DEGREES
WHICH OCCURRED IN 1981 AND 1979.

THE JULY 2017 MONTHLY RAINFALL TOTAL OF 9.47 INCHES RANKS AS THE
47TH WETTEST/70TH DRIEST JULY SINCE RECORDS BEGAN IN 1902.


-  INDICATES NEGATIVE NUMBERS.
R  INDICATES RECORD WAS SET OR TIED.
MM INDICATES DATA IS MISSING.
T  INDICATES TRACE AMOUNT.

$$
