000
CXUS52 KTBW 010910
CLMFMY


CLIMATE REPORT
NATIONAL WEATHER SERVICE TAMPA BAY FL
510 AM EDT MON MAY 1 2017

...................................

...THE FORT MYERS CLIMATE SUMMARY FOR THE MONTH OF APRIL 2017...

CLIMATE NORMAL PERIOD 1981 TO 2010
CLIMATE RECORD PERIOD 1902 TO 2017

WEATHER         OBSERVED          NORMAL  DEPART  LAST YEAR`S
                 VALUE   DATE(S)  VALUE   FROM    VALUE  DATE(S)
                                          NORMAL
................................................................
TEMPERATURE (F)
ALL-TIME APRIL RECORD
 HIGH              96   04/28/2017
                        04/30/1986
                        04/30/1975
 LOW               39   04/08/1950

APRIL 2017
HIGHEST            96R  04/28        MM      MM       90  04/24
LOWEST             56   04/09        MM      MM       53  04/10
                        04/08
AVG. MAXIMUM     MM.M              84.6     MM      85.0
AVG. MINIMUM     MM.M              63.1     MM      64.8
MEAN             MM.M              73.8     MM      74.9
DAYS MAX >= 90     MM               3.0     MM         1
DAYS MAX <= 32      0               0.0     0.0        0
DAYS MIN <= 32      0               0.0     0.0        0
DAYS MIN <= 0       0               0.0     0.0        0

PRECIPITATION (INCHES)
ALL-TIME APRIL RECORD
 MAXIMUM         8.42   1939
 MINIMUM            T   1970
                        1967
                        1903

APRIL 2017
TOTALS           2.62              2.18    0.44     1.44
DAILY AVG.       0.09              0.07    0.02     0.05
DAYS >= .01         4               4.2    -0.2        6
DAYS >= .10         3               3.1    -0.1        3
DAYS >= .50         1               1.4    -0.4        1
DAYS >= 1.00        1               0.6     0.4        0
GREATEST
 24 HR. TOTAL    2.10   04/23 TO 04/23

DEGREE_DAYS
HEATING TOTAL       0                 3      -3        0
 SINCE 7/1         76               287    -211      204
COOLING TOTAL     205               269     -64      303
 SINCE 1/1        790               630     160      659
.................................................................

WIND (MPH)
AVERAGE WIND SPEED              8.7
HIGHEST WIND SPEED/DIRECTION    22/300    DATE  04/07
HIGHEST GUST SPEED/DIRECTION    31/290    DATE  04/24

SKY COVER (DOES NOT INCLUDE ANY CLOUDS ABOVE 12000 FEET)
POSSIBLE SUNSHINE (PERCENT)   MM
AVERAGE SKY COVER           0.30
NUMBER OF DAYS FAIR           21
NUMBER OF DAYS PC              9
NUMBER OF DAYS CLOUDY          0

AVERAGE RH (PERCENT)     65

WEATHER CONDITIONS. NUMBER OF DAYS WITH
THUNDERSTORM              2     MIXED PRECIP               0
HEAVY RAIN                2     RAIN                       4
LIGHT RAIN                7     FREEZING RAIN              0
LT FREEZING RAIN          0     HAIL                       0
HEAVY SNOW                0     SNOW                       0
LIGHT SNOW                0     SLEET                      0
FOG                      11     FOG W/VIS <= 1/4 MILE      0
HAZE                      2
.................................................................

REMARKS
THE ASOS TEMPERATURE/DEW POINT SENSOR FAILED FROM APRIL 12 TO
APRIL 26 MAKING ACCURATE MAXIMUM AND MINIMUM TEMPERATURES
IMPOSSIBLE DURING THIS TIME. THEREFORE THE ACTUAL AVERAGE
TEMPERATURE FOR THE MONTH IS UNAVAILABLE.

THE APRIL 2017 MONTHLY RAINFALL TOTAL OF 2.62 INCHES RANKS AS
THE 36TH WETTEST/81ST DRIEST MARCH SINCE RECORDS BEGAN IN 1902.


-  INDICATES NEGATIVE NUMBERS.
R  INDICATES RECORD WAS SET OR TIED.
MM INDICATES DATA IS MISSING.
T  INDICATES TRACE AMOUNT.

$$
