000
CXUS52 KTBW 050315
CLMFMY


CLIMATE REPORT
NATIONAL WEATHER SERVICE TAMPA BAY FL
1115 PM EDT SAT OCT 4 2014

...................................

...THE FORT MYERS CLIMATE SUMMARY FOR THE MONTH OF SEPTEMBER 2014...

CLIMATE NORMAL PERIOD 1981 TO 2010
CLIMATE RECORD PERIOD 1902 TO 2014

WEATHER         OBSERVED          NORMAL  DEPART  LAST YEAR`S
                 VALUE   DATE(S)  VALUE   FROM    VALUE  DATE(S)
                                          NORMAL
................................................................
TEMPERATURE (F)
ALL-TIME SEPTEMBER RECORD
 HIGH              98   09/03/1912
 LOW               63   09/23/1922
                        09/22/1922

SEPTEMBER 2014
HIGHEST            96   09/01        MM      MM       93  09/06
                                                          09/05
LOWEST             72   09/24        MM      MM       71  09/30
                        09/23                             09/29
                        09/22                             09/21
AVG. MAXIMUM     89.2              90.5    -1.3     88.7
AVG. MINIMUM     73.4              74.3    -0.9     73.4
MEAN             81.3              82.4    -1.1     81.1
DAYS MAX >= 90     18              19.3    -1.3       10
DAYS MAX <= 32      0               0.0     0.0        0
DAYS MIN <= 32      0               0.0     0.0        0
DAYS MIN <= 0       0               0.0     0.0        0

PRECIPITATION (INCHES)
ALL-TIME SEPTEMBER RECORD
 MAXIMUM        17.35   1922
 MINIMUM         1.93   1988

SEPTEMBER 2014
TOTALS           7.24              8.31   -1.07    10.92
DAILY AVG.       0.24              0.28   -0.04     0.36
DAYS >= .01        19              15.4     3.6       18
DAYS >= .10        11              10.9     0.1       14
DAYS >= .50         5               5.1    -0.1        7
DAYS >= 1.00        2               2.7    -0.7        3
GREATEST
 24 HR. TOTAL    2.49   09/27 TO 09/28

DEGREE_DAYS
HEATING TOTAL       0                 0       0        0
 SINCE 7/1          0                 0       0        0
COOLING TOTAL     500               522     -22      487
 SINCE 1/1       3411              3246     165     3205
.................................................................

WIND (MPH)
AVERAGE WIND SPEED              5.3
HIGHEST WIND SPEED/DIRECTION    32/110    DATE  09/03
HIGHEST GUST SPEED/DIRECTION    45/110    DATE  09/03

SKY COVER (DOES NOT INCLUDE ANY CLOUDS ABOVE 12000 FEET)
POSSIBLE SUNSHINE (PERCENT)   MM
AVERAGE SKY COVER           0.20
NUMBER OF DAYS FAIR           27
NUMBER OF DAYS PC              3
NUMBER OF DAYS CLOUDY          0

AVERAGE RH (PERCENT)     78

WEATHER CONDITIONS. NUMBER OF DAYS WITH
THUNDERSTORM             22     MIXED PRECIP               0
HEAVY RAIN               10     RAIN                      13
LIGHT RAIN               24     FREEZING RAIN              0
LT FREEZING RAIN          0     HAIL                       0
HEAVY SNOW                0     SNOW                       0
LIGHT SNOW                0     SLEET                      0
FOG                      20     FOG W/VIS <= 1/4 MILE      0
HAZE                      2

-  INDICATES NEGATIVE NUMBERS.
R  INDICATES RECORD WAS SET OR TIED.
MM INDICATES DATA IS MISSING.
T  INDICATES TRACE AMOUNT.

$$
