555
CXUS52 KTBW 011545
CLMSRQ


CLIMATE REPORT
NATIONAL WEATHER SERVICE TAMPA BAY FL
1045 AM EST WED MAR 1 2017

...................................

...THE SARASOTA BRADENTON CLIMATE SUMMARY FOR THE MONTH OF FEBRUARY 2017...

CLIMATE NORMAL PERIOD 1981 TO 2010
CLIMATE RECORD PERIOD 1911 TO 2017

WEATHER         OBSERVED          NORMAL  DEPART  LAST YEAR`S
                 VALUE   DATE(S)  VALUE   FROM    VALUE  DATE(S)
                                          NORMAL
................................................................
TEMPERATURE (F)
ALL-TIME FEBRUARY RECORD
 HIGH              88   02/28/1997
                        02/15/1975
 LOW               21   02/04/1917

FEBRUARY 2017
HIGHEST            86   02/27        MM      MM       85  02/03
LOWEST             44   02/01        MM      MM       39  02/11
                                                          02/08
AVG. MAXIMUM     77.4              73.1     4.3     71.8
AVG. MINIMUM     56.7              53.6     3.1     51.5
MEAN             67.0              63.4     3.6     61.6
DAYS MAX >= 90      0               0.0     0.0        0
DAYS MAX <= 32      0               0.0     0.0        0
DAYS MIN <= 32      0               0.0     0.0        0
DAYS MIN <= 0       0               0.0     0.0        0

PRECIPITATION (INCHES)
ALL-TIME FEBRUARY RECORD
 MAXIMUM        10.16   1983
 MINIMUM            T   1911

FEBRUARY 2017
TOTALS           0.79              2.70   -1.91     1.27
DAILY AVG.       0.03              0.10   -0.07     0.04
DAYS >= .01         3                MM      MM        4
DAYS >= .10         2                MM      MM        4
DAYS >= .50         1                MM      MM        1
DAYS >= 1.00        0                MM      MM        0
GREATEST
 24 HR. TOTAL    0.56   02/08 TO 02/08
                        02/07 TO 02/08
                        02/08 TO 02/08

DEGREE_DAYS
HEATING TOTAL      26                98     -72      132
 SINCE 7/1        148               418    -270      306
COOLING TOTAL      88                52      36       41
 SINCE 1/1        174               104      70       66
.................................................................

WIND (MPH)
AVERAGE WIND SPEED              7.8
HIGHEST WIND SPEED/DIRECTION    29/110    DATE  02/22
HIGHEST GUST SPEED/DIRECTION    37/110    DATE  02/22

SKY COVER (DOES NOT INCLUDE ANY CLOUDS ABOVE 12000 FEET)
POSSIBLE SUNSHINE (PERCENT)   MM
AVERAGE SKY COVER           0.20
NUMBER OF DAYS FAIR           17
NUMBER OF DAYS PC             11
NUMBER OF DAYS CLOUDY          0

AVERAGE RH (PERCENT)     73

WEATHER CONDITIONS. NUMBER OF DAYS WITH
THUNDERSTORM              2     MIXED PRECIP               0
HEAVY RAIN                3     RAIN                       4
LIGHT RAIN                6     FREEZING RAIN              0
LT FREEZING RAIN          0     HAIL                       0
HEAVY SNOW                0     SNOW                       0
LIGHT SNOW                0     SLEET                      0
FOG                      16     FOG W/VIS <= 1/4 MILE      4
HAZE                      2
.................................................................

REMARKS
THE FEBRUARY 2017 MONTHLY AVERAGE TEMPERATURE OF 67.0 DEGREES
RANKS AS THE 17TH WARMEST FEBRUARY SINCE RECORDS BEGAN IN 1911.
THE WARMEST FEBRUARY HAD AN AVERAGE TEMPERATURE OF 70.5 DEGREES
WHICH OCCURRED IN 1959.

THE FEBRUARY 2017 MONTHLY RAINFALL TOTAL OF 0.79 INCHES RANKS AS
THE 18TH DRIEST FEBRUARY SINCE RECORDS BEGAN IN 1911.


-  INDICATES NEGATIVE NUMBERS.
R  INDICATES RECORD WAS SET OR TIED.
MM INDICATES DATA IS MISSING.
T  INDICATES TRACE AMOUNT.

$$
