000
CXUS52 KTBW 011546
CLMSRQ


CLIMATE REPORT
NATIONAL WEATHER SERVICE TAMPA BAY FL
1145 AM EDT TUE AUG 1 2017

...................................

...THE SARASOTA BRADENTON CLIMATE SUMMARY FOR THE MONTH OF JULY 2017...

CLIMATE NORMAL PERIOD 1981 TO 2010
CLIMATE RECORD PERIOD 1911 TO 2017

WEATHER         OBSERVED          NORMAL  DEPART  LAST YEAR`S
                 VALUE   DATE(S)  VALUE   FROM    VALUE  DATE(S)
                                          NORMAL
................................................................
TEMPERATURE (F)
ALL-TIME JULY RECORD
 HIGH             101   07/23/1971
 LOW               62   07/15/1984

JULY 2017
HIGHEST            94   07/05        MM      MM       97  07/27
LOWEST             73   07/23        MM      MM       74  07/31
                        07/10                             07/23
                        07/05                             07/13
AVG. MAXIMUM     90.1              89.8     0.3     93.8
AVG. MINIMUM     75.6              75.0     0.6     77.1
MEAN             82.9              82.4     0.5     85.4
DAYS MAX >= 90     20              14.4     5.6       31
DAYS MAX <= 32      0               0.0     0.0        0
DAYS MIN <= 32      0               0.0     0.0        0
DAYS MIN <= 0       0               0.0     0.0        0

PRECIPITATION (INCHES)
ALL-TIME JULY RECORD
 MAXIMUM        20.60   1921
 MINIMUM         0.93   1970

JULY 2017
TOTALS           9.18              7.98    1.20     6.21
DAILY AVG.       0.30              0.26    0.04     0.20
DAYS >= .01        16                MM      MM       16
DAYS >= .10        15                MM      MM       11
DAYS >= .50         7                MM      MM        5
DAYS >= 1.00        1                MM      MM        1
GREATEST
 24 HR. TOTAL    3.86   07/31 TO 07/31

DEGREE_DAYS
HEATING TOTAL       0                 0       0        0
 SINCE 7/1          0                 0       0        0
COOLING TOTAL     562               539      23      640
 SINCE 1/1       2086              1762     324     2161
.................................................................

WIND (MPH)
AVERAGE WIND SPEED              6.4
HIGHEST WIND SPEED/DIRECTION    39/180    DATE  07/31
HIGHEST GUST SPEED/DIRECTION    50/190    DATE  07/31

SKY COVER (DOES NOT INCLUDE ANY CLOUDS ABOVE 12000 FEET)
POSSIBLE SUNSHINE (PERCENT)   MM
AVERAGE SKY COVER           0.20
NUMBER OF DAYS FAIR           29
NUMBER OF DAYS PC              1
NUMBER OF DAYS CLOUDY          1

AVERAGE RH (PERCENT)     76

WEATHER CONDITIONS. NUMBER OF DAYS WITH
THUNDERSTORM             24     MIXED PRECIP               0
HEAVY RAIN               14     RAIN                      16
LIGHT RAIN               25     FREEZING RAIN              0
LT FREEZING RAIN          0     HAIL                       0
HEAVY SNOW                0     SNOW                       0
LIGHT SNOW                0     SLEET                      0
FOG                      13     FOG W/VIS <= 1/4 MILE      0
HAZE                      7
.................................................................

REMARKS
THE JULY 2017 MONTHLY AVERAGE TEMPERATURE OF 82.9 DEGREES TIES
WITH 2009 AND 2007 AS THE 14TH WARMEST JULY SINCE RECORDS BEGAN
IN 1911. THE WARMEST JULY HAD AN AVERAGE TEMPERATURE OF
85.4 DEGREES WHICH OCCURRED IN 2016.

THE JULY 2017 MONTHLY RAINFALL TOTAL OF A 9.18 INCHES TIES WITH
1931 AS THE 34TH WETTEST/72ND DRIEST JULY SINCE RECORDS BEGAN
IN 1911.


-  INDICATES NEGATIVE NUMBERS.
R  INDICATES RECORD WAS SET OR TIED.
MM INDICATES DATA IS MISSING.
T  INDICATES TRACE AMOUNT.

$$
