000
CXUS52 KTBW 021345
CLMTPA


CLIMATE REPORT
NATIONAL WEATHER SERVICE TAMPA BAY FL
845 AM EST FRI DEC 2 2016

...................................

...THE TAMPA CLIMATE SUMMARY FOR THE MONTH OF NOVEMBER 2016...

...TIED FOR 2ND DRIEST NOVEMBER SINCE RECORDS BEGAN IN 1890...

CLIMATE NORMAL PERIOD 1981 TO 2010
CLIMATE RECORD PERIOD 1890 TO 2016

WEATHER         OBSERVED          NORMAL  DEPART  LAST YEAR`S
                 VALUE   DATE(S)  VALUE   FROM    VALUE  DATE(S)
                                          NORMAL
................................................................
TEMPERATURE (F)
ALL-TIME NOVEMBER RECORD
 HIGH              92   11/04/2015
 LOW               23   11/25/1970

NOVEMBER 2016
HIGHEST            88   11/02        MM      MM       92  11/04
LOWEST             44   11/21        MM      MM       49  11/23
AVG. MAXIMUM     80.7              78.0     2.7     84.1
AVG. MINIMUM     61.5              60.3     1.2     68.3
MEAN             71.1              69.1     2.0     76.2
DAYS MAX >= 90      0               0.0     0.0        3
DAYS MAX <= 32      0               0.0     0.0        0
DAYS MIN <= 32      0               0.0     0.0        0
DAYS MIN <= 0       0               0.0     0.0        0

PRECIPITATION (INCHES)
ALL-TIME NOVEMBER RECORD
 MAXIMUM         6.12   1963
 MINIMUM            T   1960

NOVEMBER 2016
TOTALS           0.01              1.55   -1.54     0.95
DAILY AVG.       0.00              0.05   -0.05     0.03
DAYS >= .01         1               5.1    -4.1        6
DAYS >= .10         0               2.7    -2.7        4
DAYS >= .50         0               0.9    -0.9        0
DAYS >= 1.00        0               0.4    -0.4        0
GREATEST
 24 HR. TOTAL    0.01   11/09 TO 11/09

DEGREE_DAYS
HEATING TOTAL      15                40     -25        5
 SINCE 7/1         15                44     -29        5
COOLING TOTAL     205               164      41      350
 SINCE 1/1       3973              3530     443     4216
.................................................................

WIND (MPH)
AVERAGE WIND SPEED              6.1
HIGHEST WIND SPEED/DIRECTION    23/350    DATE  11/19
HIGHEST GUST SPEED/DIRECTION    27/350    DATE  11/19

SKY COVER
POSSIBLE SUNSHINE (PERCENT)   MM
AVERAGE SKY COVER           0.40
NUMBER OF DAYS FAIR           14
NUMBER OF DAYS PC             14
NUMBER OF DAYS CLOUDY          2

AVERAGE RH (PERCENT)     62

WEATHER CONDITIONS. NUMBER OF DAYS WITH
THUNDERSTORM              0     MIXED PRECIP               0
HEAVY RAIN                0     RAIN                       0
LIGHT RAIN                4     FREEZING RAIN              0
LT FREEZING RAIN          0     HAIL                       0
HEAVY SNOW                0     SNOW                       0
LIGHT SNOW                0     SLEET                      0
FOG                       3     FOG W/VIS <= 1/4 MILE      1
HAZE                      3
.................................................................

REMARKS
THE NOVEMBER 2016 MONTHLY AVERAGE TEMPERATURE OF 71.1 DEGREES
RANKS AS THE 14TH WARMEST NOVEMBER SINCE RECORDS BEGAN IN 1890.
THE WARMEST NOVEMBER HAD AN AVERAGE TEMPERATURE OF 76.3 DEGREES
WHICH OCCURRED IN 1986.

THE NOVEMBER 2016 MONTHLY RAINFALL TOTAL OF 0.01 INCHES TIES
WITH 1978 AS THE 2ND DRIEST NOVEMBER SINCE RECORDS BEGAN IN 1890.
THE DRIEST NOVEMBER ONLY HAD A TRACE OF RAIN WHICH OCCURRED IN
1960.


-  INDICATES NEGATIVE NUMBERS.
R  INDICATES RECORD WAS SET OR TIED.
MM INDICATES DATA IS MISSING.
T  INDICATES TRACE AMOUNT.

$$
