000
CXUS56 KTFX 261205
CF6GTF
PRELIMINARY LOCAL CLIMATOLOGICAL DATA (WS FORM: F-6)

                                          STATION:   GREAT FALLS MT
                                          MONTH:     JULY
                                          YEAR:      2017
                                          LATITUDE:   47 28 N
                                          LONGITUDE: 111 22 W

  TEMPERATURE IN F:       :PCPN:    SNOW:  WIND      :SUNSHINE: SKY     :PK WND
================================================================================
1   2   3   4   5  6A  6B    7    8   9   10  11  12  13   14  15   16   17  18
                                     12Z  AVG MX 2MIN
DY MAX MIN AVG DEP HDD CDD  WTR  SNW DPTH SPD SPD DIR MIN PSBL S-S WX    SPD DR
================================================================================

 1  90  49  70   6   0   5 0.00  0.0    0  7.5 18 240   M    M   0        22 210
 2  92  54  73   9   0   8    T  0.0    0  6.4 14  40   M    M   1        17 340
 3  92  56  74   9   0   9 0.00  0.0    0 13.5 25 240   M    M   0        32 220
 4  91  50  71   6   0   6 0.00  0.0    0  6.3 16  90   M    M   0        19  90
 5  95  54  75  10   0  10 0.00  0.0    0  9.4 18  70   M    M   0        23  60
 6  96  57  77  12   0  12 0.00  0.0    0  6.5 17 360   M    M   0        22 210
 7  97  54  76  10   0  11 0.00  0.0    0  6.1 20 140   M    M   0        23 140
 8  99  62  81  15   0  16    T  0.0    0  7.8 16 190   M    M   0        21 200
 9  99  54  77  11   0  12    T  0.0    0  7.7 21 180   M    M   0 3      26 200
10  90  60  75   9   0  10 0.01  0.0    0 12.3 24 170   M    M   0 3      33 180
11  85  51  68   1   0   3 0.00  0.0    0 10.0 26  20   M    M   2        32  10
12  87  48  68   1   0   3 0.00  0.0    0  6.9 15  90   M    M   1 1      19  90
13  99  55  77  10   0  12 0.00  0.0    0  7.6 21 230   M    M   0        27 240
14  94  61  78  11   0  13 0.01  0.0    0  7.4 22 220   M    M   0 3      26 220
15 101  62  82  14   0  17 0.06  0.0    0  9.1 32 240   M    M   1 3      40 240
16  91  57  74   6   0   9 0.00  0.0    0 15.0 32 220   M    M   1 8      40 230
17  84  44  64  -4   1   0 0.00  0.0    0  7.8 21  40   M    M   0 18     27  50
18  89  45  67  -1   0   2    T  0.0    0  5.9 14 350   M    M   0 38     18 350
19  92  63  78  10   0  13    T  0.0    0 10.0 21 290   M    M   1        28 180
20  97  54  76   8   0  11 0.00  0.0    0 12.0 32 290   M    M   1        41 220
21  87  54  71   2   0   6 0.00  0.0    0 11.5 25 270   M    M   0        33 250
22  89  47  68  -1   0   3 0.00  0.0    0  5.3 17 310   M    M   0 8      29 300
23  97  53  75   6   0  10 0.00  0.0    0  8.5 22 260   M    M   0        27 240
24  87  50  69   0   0   4 0.00  0.0    0 10.7 28 350   M    M   0        37 340
25  85  46  66  -3   0   1 0.00  0.0    0  8.4 20  60   M    M   0        24  60
================================================================================
SM 2305 1340         1 206  0.08     0.0 219.6          M        8
================================================================================
AV 92.2 53.6                               8.8 FASTST   M    M   0    MAX(MPH)
                                 MISC ---->  # 32 240               # 41  220
================================================================================
NOTES:
# LAST OF SEVERAL OCCURRENCES

COLUMN 17 PEAK WIND IN M.P.H.

PRELIMINARY LOCAL CLIMATOLOGICAL DATA (WS FORM: F-6) , PAGE 2

                                          STATION:  GREAT FALLS MT
                                          MONTH:    JULY
                                          YEAR:     2017
                                          LATITUDE:   47 28 N
                                          LONGITUDE: 111 22 W

[TEMPERATURE DATA]      [PRECIPITATION DATA]       SYMBOLS USED IN COLUMN 16

AVERAGE MONTHLY: 72.9   TOTAL FOR MONTH:   0.08    1 = FOG OR MIST
DPTR FM NORMAL:   6.0   DPTR FM NORMAL:   -1.19    2 = FOG REDUCING VISIBILITY
HIGHEST:   101 ON 15    GRTST 24HR  0.06 ON 15-15      TO 1/4 MILE OR LESS
LOWEST:     44 ON 17                               3 = THUNDER
                        SNOW, ICE PELLETS, HAIL    4 = ICE PELLETS
                        TOTAL MONTH:   0.0 INCH    5 = HAIL
                        GRTST 24HR     0.0         6 = FREEZING RAIN OR DRIZZLE
                        GRTST DEPTH:   0           7 = DUSTSTORM OR SANDSTORM:
                                                       VSBY 1/2 MILE OR LESS
                                                   8 = SMOKE OR HAZE
[NO. OF DAYS WITH]      [WEATHER - DAYS WITH]      9 = BLOWING SNOW
                                                   X = TORNADO
MAX 32 OR BELOW:   0    0.01 INCH OR MORE:   3
MAX 90 OR ABOVE:  17    0.10 INCH OR MORE:   0
MIN 32 OR BELOW:   0    0.50 INCH OR MORE:   0
MIN  0 OR BELOW:   0    1.00 INCH OR MORE:   0

[HDD (BASE 65) ]
TOTAL THIS MO.     1    CLEAR  (SCALE 0-3)  25
DPTR FM NORMAL   -43    PTCLDY (SCALE 4-7)   0
TOTAL FM JUL 1     1    CLOUDY (SCALE 8-10)  0
DPTR FM NORMAL   -43

[CDD (BASE 65) ]
TOTAL THIS MO.   206
DPTR FM NORMAL   111    [PRESSURE DATA]
TOTAL FM JAN 1   247    HIGHEST SLP M ON M
DPTR FM NORMAL   113    LOWEST  SLP 29.75 ON 23

[REMARKS]
