000
CDUS45 KTFX 171053
CLIGTF


CLIMATE REPORT
NATIONAL WEATHER SERVICE GREAT FALLS MT
352 AM MST WED JAN 17 2018


...................................

...THE GREAT FALLS MT CLIMATE SUMMARY FOR JANUARY 16 2018...

CLIMATE NORMAL PERIOD 1981 TO 2010
CLIMATE RECORD PERIOD 1886 TO 2018


WEATHER ITEM   OBSERVED TIME   RECORD YEAR NORMAL DEPARTURE LAST
                VALUE   (LST)  VALUE       VALUE  FROM      YEAR
                                                  NORMAL
..................................................................
TEMPERATURE (F)
 YESTERDAY
  MAXIMUM         41    425 PM  58    1973  36      5       35
  MINIMUM         21    218 AM -27    1930  15      6       21
  AVERAGE         31                        25      6       28

PRECIPITATION (IN)
  YESTERDAY        0.00          0.29 1992   0.01  -0.01     0.00
  MONTH TO DATE    0.33                      0.27   0.06     0.57
  SINCE OCT 1      3.19                      2.27   0.92     3.50
  SINCE JAN 1      0.33                      0.27   0.06     0.57

SNOWFALL (IN)
  YESTERDAY        0.0           7.0  1984   0.3   -0.3      0.0
  MONTH TO DATE    3.6                       4.7   -1.1      7.2
  SINCE DEC 1     24.3                      14.2   10.1     23.1
  SINCE JUL 1     39.7                      27.9   11.8     25.8
  SNOW DEPTH       1

DEGREE DAYS
 HEATING
  YESTERDAY       34                        40     -6       37
  MONTH TO DATE  679                       645     34      942
  SINCE DEC 1   2033                      1893    140     2507
  SINCE JUL 1   3908                      3862     46     4092

 COOLING
  YESTERDAY        0                         0      0        0
  MONTH TO DATE    0                         0      0        0
  SINCE DEC 1      0                         0      0        0
  SINCE JAN 1      0                         0      0        0
..................................................................


WIND (MPH)
  HIGHEST WIND SPEED    29   HIGHEST WIND DIRECTION    SW (230)
  HIGHEST GUST SPEED    38   HIGHEST GUST DIRECTION    SW (210)
  AVERAGE WIND SPEED    19.3


SKY COVER
  AVERAGE SKY COVER 0.0


WEATHER CONDITIONS
 THE FOLLOWING WEATHER WAS RECORDED YESTERDAY.
  NO SIGNIFICANT WEATHER WAS OBSERVED.


RELATIVE HUMIDITY (PERCENT)
 HIGHEST    68           800 AM
 LOWEST     46           200 PM
 AVERAGE    57

..........................................................


THE GREAT FALLS MT CLIMATE NORMALS FOR TODAY
                         NORMAL    RECORD    YEAR
 MAXIMUM TEMPERATURE (F)   36        61      1914
 MINIMUM TEMPERATURE (F)   15       -29      1930


SUNRISE AND SUNSET
JANUARY 17 2018.......SUNRISE   807 AM MST   SUNSET   505 PM MST
JANUARY 18 2018.......SUNRISE   806 AM MST   SUNSET   506 PM MST


-  INDICATES NEGATIVE NUMBERS.
R  INDICATES RECORD WAS SET OR TIED.
MM INDICATES DATA IS MISSING.
T  INDICATES TRACE AMOUNT.




$$
