000
CXUS53 KMKX 240800
CF6MKE
PRELIMINARY LOCAL CLIMATOLOGICAL DATA (WS FORM: F-6)

                                          STATION:   MILWAUKEE WI
                                          MONTH:     APRIL
                                          YEAR:      2017
                                          LATITUDE:   42 57 N
                                          LONGITUDE:  87 54 W

  TEMPERATURE IN F:       :PCPN:    SNOW:  WIND      :SUNSHINE: SKY     :PK WND
================================================================================
1   2   3   4   5  6A  6B    7    8   9   10  11  12  13   14  15   16   17  18
                                     12Z  AVG MX 2MIN
DY MAX MIN AVG DEP HDD CDD  WTR  SNW DPTH SPD SPD DIR MIN PSBL S-S WX    SPD DR
================================================================================

 1  59  34  47   7  18   0 0.00  0.0    0  6.0 14 220   M    M   4        16 220
 2  57  41  49   8  16   0 0.03  0.0    0  5.6 13 210   M    M   8        15 210
 3  49  42  46   5  19   0 0.73  0.0    0  8.5 17  20   M    M  10 1      21  20
 4  57  43  50   8  15   0 0.22  0.0    0  8.6 17 340   M    M   9 1      23 340
 5  43  38  41  -1  24   0 0.44  0.0    0 14.5 28  10   M    M  10 1      36  10
 6  52  38  45   3  20   0    T  0.0    0 16.2 22 360   M    M   7        41  20
 7  52  36  44   2  21   0 0.00  0.0    0 10.4 20  10   M    M   4        25 340
 8  66  37  52   9  13   0 0.00  0.0    0 11.8 22 130   M    M   5        25 140
 9  75  56  66  23   0   1 0.00  0.0    0 13.9 24 200   M    M   9        32 210
10  76  38  57  13   8   0 0.66  0.0    0 16.8 23  20   M    M   9 13     36 230
11  50  39  45   1  20   0    T  0.0    0  8.4 15 320   M    M   9 18     22 270
12  53  36  45   1  20   0 0.01  0.0    0  6.2 14 140   M    M   6        16 140
13  49  41  45   0  20   0 0.24  0.0    0  8.5 16  60   M    M   8 18     20  50
14  57  41  49   4  16   0 0.10  0.0    0  8.4 17 120   M    M   7 1      21 120
15  82  49  66  21   0   1 0.42  0.0    0 14.8 30 210   M    M   8 13     38 230
16  73  54  64  18   1   0 0.42  0.0    0 11.7 25 310   M    M   6 13     32 300
17  57  39  48   2  17   0 0.00  0.0    0  9.6 18  20   M    M   4 18     23  20
18  73  40  57  11   8   0    T  0.0    0 10.3 25 160   M    M   7        30 150
19  67  41  54   7  11   0 0.01  0.0    0 10.4 20  30   M    M   8 3      29  20
20  65  42  54   7  11   0 0.59  0.0    0 12.6 38 290   M    M   9 13     47 290
21  54  41  48   0  17   0 0.00  0.0    0 10.8 26 310   M    M   7        34 310
22  57  39  48   0  17   0 0.00  0.0    0  6.2 15  10   M    M   2        20  10
23  71  39  55   7  10   0 0.00  0.0    0  8.4 29  20   M    M   2        35  10
================================================================================
SM 1394  944       322   2  3.87     0.0 238.6          M      158
================================================================================
AV 60.6 41.0                              10.4 FASTST   M    M   7    MAX(MPH)
                                 MISC ---->  # 38 290               # 47  290
================================================================================
NOTES:
# LAST OF SEVERAL OCCURRENCES

COLUMN 17 PEAK WIND IN M.P.H.

PRELIMINARY LOCAL CLIMATOLOGICAL DATA (WS FORM: F-6) , PAGE 2

                                          STATION:  MILWAUKEE WI
                                          MONTH:    APRIL
                                          YEAR:     2017
                                          LATITUDE:   42 57 N
                                          LONGITUDE:  87 54 W

[TEMPERATURE DATA]      [PRECIPITATION DATA]       SYMBOLS USED IN COLUMN 16

AVERAGE MONTHLY: 50.8   TOTAL FOR MONTH:   3.87    1 = FOG OR MIST
DPTR FM NORMAL:   6.5   DPTR FM NORMAL:    1.10    2 = FOG REDUCING VISIBILITY
HIGHEST:    82 ON 15    GRTST 24HR  0.83 ON 15-16      TO 1/4 MILE OR LESS
LOWEST:     34 ON  1                               3 = THUNDER
                        SNOW, ICE PELLETS, HAIL    4 = ICE PELLETS
                        TOTAL MONTH:   0.0 INCH    5 = HAIL
                        GRTST 24HR     0.0         6 = FREEZING RAIN OR DRIZZLE
                        GRTST DEPTH:   0           7 = DUSTSTORM OR SANDSTORM:
                                                       VSBY 1/2 MILE OR LESS
                                                   8 = SMOKE OR HAZE
[NO. OF DAYS WITH]      [WEATHER - DAYS WITH]      9 = BLOWING SNOW
                                                   X = TORNADO
MAX 32 OR BELOW:   0    0.01 INCH OR MORE:  12
MAX 90 OR ABOVE:   0    0.10 INCH OR MORE:   9
MIN 32 OR BELOW:   0    0.50 INCH OR MORE:   3
MIN  0 OR BELOW:   0    1.00 INCH OR MORE:   0

[HDD (BASE 65) ]
TOTAL THIS MO.   322    CLEAR  (SCALE 0-3)   2
DPTR FM NORMAL  -157    PTCLDY (SCALE 4-7)  12
TOTAL FM JUL 1  5208    CLOUDY (SCALE 8-10)  9
DPTR FM NORMAL -1180

[CDD (BASE 65) ]
TOTAL THIS MO.     2
DPTR FM NORMAL     2    [PRESSURE DATA]
TOTAL FM JAN 1     2    HIGHEST SLP M ON M
DPTR FM NORMAL     2    LOWEST  SLP 29.46 ON  3

[REMARKS]
