000
CXUS53 KMKX 260900
CF6MKE
PRELIMINARY LOCAL CLIMATOLOGICAL DATA (WS FORM: F-6)

                                          STATION:   MILWAUKEE  WI
                                          MONTH:     JULY
                                          YEAR:      2017
                                          LATITUDE:   42 57 N
                                          LONGITUDE:  87 54 W

  TEMPERATURE IN F:       :PCPN:    SNOW:  WIND      :SUNSHINE: SKY     :PK WND
================================================================================
1   2   3   4   5  6A  6B    7    8   9   10  11  12  13   14  15   16   17  18
                                     12Z  AVG MX 2MIN
DY MAX MIN AVG DEP HDD CDD  WTR  SNW DPTH SPD SPD DIR MIN PSBL S-S WX    SPD DR
================================================================================

 1  83  66  75   4   0  10 0.18  0.0    0  8.0 17 270   M    M   5 3      25 190
 2  83  60  72   1   0   7 0.28  0.0    0  7.8 28  10   M    M   5 13     34  10
 3  73  59  66  -5   0   1 0.00  0.0    0  7.4 14  30   M    M   4        18  50
 4  77  60  69  -2   0   4 0.00  0.0    0  5.4 10 120   M    M   4        14 100
 5  82  63  73   2   0   8    T  0.0    0  5.4 16 140   M    M   6 3      18 140
 6  91  69  80   8   0  15 0.01  0.0    0  8.7 26 300   M    M   6 3      40 310
 7  85  61  73   1   0   8 0.08  0.0    0  8.9 24 360   M    M   4 13     34 350
 8  74  59  67  -5   0   2 0.00  0.0    0  7.8 13 220   M    M   2        14 210
 9  85  64  75   3   0  10 0.00  0.0    0  9.2 20 210   M    M   5        24 210
10  84  69  77   5   0  12 0.47  0.0    0  7.1 17 320   M    M   7 13     23 320
11  80  66  73   1   0   8    T  0.0    0  5.2 15 140   M    M   6 1      17 140
12  85  70  78   6   0  13 1.68  0.0    0 11.4 26 320   M    M   8 13     33 330
13  81  67  74   2   0   9 0.00  0.0    0  6.9 13  90   M    M   7 1      17 290
14  71  62  67  -5   0   2 0.00  0.0    0  6.4 15 300   M    M   6        18 300
15  81  62  72   0   0   7 0.01  0.0    0  9.1 25 220   M    M   3 3      32 220
16  73  58  66  -6   0   1 0.00  0.0    0 10.7 18  30   M    M   6        25  30
17  73  55  64  -8   1   0 0.00  0.0    0  6.4 13  20   M    M   4        17  20
18  87  61  74   2   0   9 0.00  0.0    0  6.8 15 210   M    M   4        17 200
19  80  67  74   2   0   9 0.21  0.0    0  8.2 29 180   M    M   7 138    40 190
20  85  70  78   6   0  13 0.34  0.0    0  7.8 20 160   M    M   7 13     26 260
21  83  66  75   3   0  10 0.38  0.0    0  5.9 17 140   M    M   9 1      20 140
22  81  68  75   3   0  10 0.02  0.0    0  6.0 15 300   M    M   8 1      21  80
23  86  66  76   4   0  11 0.01  0.0    0  8.3 20  20   M    M   7 1      28  20
24  71  61  66  -6   0   1    T  0.0    0 10.6 21  30   M    M   6        26  20
25  78  58  68  -4   0   3 0.00  0.0    0  8.7 23 140   M    M   5        25 140
================================================================================
SM 2012 1587         1 183  3.67     0.0 194.1          M      141
================================================================================
AV 80.5 63.5                               7.8 FASTST   M    M   6    MAX(MPH)
                                 MISC ---->  # 29 180               # 40  310
================================================================================
NOTES:
# LAST OF SEVERAL OCCURRENCES

COLUMN 17 PEAK WIND IN M.P.H.

PRELIMINARY LOCAL CLIMATOLOGICAL DATA (WS FORM: F-6) , PAGE 2

                                          STATION:  MILWAUKEE  WI
                                          MONTH:    JULY
                                          YEAR:     2017
                                          LATITUDE:   42 57 N
                                          LONGITUDE:  87 54 W

[TEMPERATURE DATA]      [PRECIPITATION DATA]       SYMBOLS USED IN COLUMN 16

AVERAGE MONTHLY: 72.0   TOTAL FOR MONTH:   3.67    1 = FOG OR MIST
DPTR FM NORMAL:   0.2   DPTR FM NORMAL:    0.68    2 = FOG REDUCING VISIBILITY
HIGHEST:    91 ON  6    GRTST 24HR  1.68 ON 12-12      TO 1/4 MILE OR LESS
LOWEST:     55 ON 17                               3 = THUNDER
                        SNOW, ICE PELLETS, HAIL    4 = ICE PELLETS
                        TOTAL MONTH:   0.0 INCH    5 = HAIL
                        GRTST 24HR     0.0         6 = FREEZING RAIN OR DRIZZLE
                        GRTST DEPTH:   0           7 = DUSTSTORM OR SANDSTORM:
                                                       VSBY 1/2 MILE OR LESS
                                                   8 = SMOKE OR HAZE
[NO. OF DAYS WITH]      [WEATHER - DAYS WITH]      9 = BLOWING SNOW
                                                   X = TORNADO
MAX 32 OR BELOW:   0    0.01 INCH OR MORE:  12
MAX 90 OR ABOVE:   1    0.10 INCH OR MORE:   7
MIN 32 OR BELOW:   0    0.50 INCH OR MORE:   1
MIN  0 OR BELOW:   0    1.00 INCH OR MORE:   1

[HDD (BASE 65) ]
TOTAL THIS MO.     1    CLEAR  (SCALE 0-3)   1
DPTR FM NORMAL    -3    PTCLDY (SCALE 4-7)  22
TOTAL FM JUL 1     1    CLOUDY (SCALE 8-10)  2
DPTR FM NORMAL    -3

[CDD (BASE 65) ]
TOTAL THIS MO.   183
DPTR FM NORMAL     9    [PRESSURE DATA]
TOTAL FM JAN 1   386    HIGHEST SLP M ON M
DPTR FM NORMAL    62    LOWEST  SLP 29.75 ON M

[REMARKS]
