000
CDUS43 KMKX 170649
CLIMKE


CLIMATE REPORT
NATIONAL WEATHER SERVICE IN MILWAUKEE
1248 AM CST WED JAN 17 2018


...................................

...THE MILWAUKEE WI CLIMATE SUMMARY FOR JANUARY 16 2018...

CLIMATE NORMAL PERIOD 1981 TO 2010
CLIMATE RECORD PERIOD 1871 TO 2018


WEATHER ITEM   OBSERVED TIME   RECORD YEAR NORMAL DEPARTURE LAST
                VALUE   (LST)  VALUE       VALUE  FROM      YEAR
                                                  NORMAL
..................................................................
TEMPERATURE (F)
 YESTERDAY
  MAXIMUM         25    312 PM  52    1949  29     -4       37
                                      1933
  MINIMUM         14   1159 PM -23    1982  15     -1       23
  AVERAGE         20                        22     -2       30

PRECIPITATION (IN)
  YESTERDAY        0.05          0.53 1935   0.06  -0.01     0.53
  MONTH TO DATE    0.35                      0.96  -0.61     1.08
  SINCE DEC 1      0.81                      3.00  -2.19     3.01
  SINCE JAN 1      0.35                      0.96  -0.61     1.08

SNOWFALL (IN)
  YESTERDAY        2.4           6.7  1924   0.5    1.9       T
  MONTH TO DATE    8.1                       7.8    0.3      1.0
  SINCE DEC 1     12.7                      18.4   -5.7     19.8
  SINCE JUL 1     12.9                      21.1   -8.2     19.8
  SNOW DEPTH       6

DEGREE DAYS
 HEATING
  YESTERDAY       45                        43      2       35
  MONTH TO DATE  744                       683     61      689
  SINCE DEC 1   1950                      1878     72     1896
  SINCE JUL 1   3055                      3243   -188     2726

 COOLING
  YESTERDAY        0                         0      0        0
  MONTH TO DATE    0                         0      0        0
  SINCE DEC 1      0                         0      0        0
  SINCE JAN 1      0                         0      0        0
..................................................................


WIND (MPH)
  HIGHEST WIND SPEED    16   HIGHEST WIND DIRECTION     N (350)
  HIGHEST GUST SPEED    22   HIGHEST GUST DIRECTION     N (340)
  AVERAGE WIND SPEED    10.0


SKY COVER
  POSSIBLE SUNSHINE  MM
  AVERAGE SKY COVER 0.6


WEATHER CONDITIONS
 THE FOLLOWING WEATHER WAS RECORDED YESTERDAY.
  LIGHT SNOW
  FOG
  HAZE


RELATIVE HUMIDITY (PERCENT)
 HIGHEST    91           400 AM
 LOWEST     50           300 PM
 AVERAGE    71

..........................................................


THE MILWAUKEE WI CLIMATE NORMALS FOR TODAY
                         NORMAL    RECORD    YEAR
 MAXIMUM TEMPERATURE (F)   29        54      1894
 MINIMUM TEMPERATURE (F)   15       -26      1982


SUNRISE AND SUNSET
JANUARY 17 2018.......SUNRISE   719 AM CST   SUNSET   445 PM CST
JANUARY 18 2018.......SUNRISE   718 AM CST   SUNSET   446 PM CST


-  INDICATES NEGATIVE NUMBERS.
R  INDICATES RECORD WAS SET OR TIED.
MM INDICATES DATA IS MISSING.
T  INDICATES TRACE AMOUNT.




$$
