811
CDUS43 KMKX 270641
CLIMKE


CLIMATE REPORT
NATIONAL WEATHER SERVICE IN MILWAUKEE
141 AM CDT SAT MAY 27 2017


...................................

...THE MILWAUKEE WI CLIMATE SUMMARY FOR MAY 26 2017...

CLIMATE NORMAL PERIOD 1981 TO 2010
CLIMATE RECORD PERIOD 1871 TO 2017


WEATHER ITEM   OBSERVED TIME   RECORD YEAR NORMAL DEPARTURE LAST
                VALUE   (LST)  VALUE       VALUE  FROM      YEAR
                                                  NORMAL
..................................................................
TEMPERATURE (F)
 YESTERDAY
  MAXIMUM         62    242 PM  91    1985  68     -6       85
  MINIMUM         50   1153 PM  31    1961  50      0       61
  AVERAGE         56                        59     -3       73

PRECIPITATION (IN)
  YESTERDAY        0.09          1.35 1926   0.11  -0.02     0.03
  MONTH TO DATE    2.21                      2.82  -0.61     1.93
  SINCE MAR 1     12.16                      8.65   3.51     7.07
  SINCE JAN 1     16.17                     12.06   4.11     8.38

SNOWFALL (IN)
  YESTERDAY        0.0           0.0    MM   0.0    0.0      0.0
  MONTH TO DATE    0.0                       0.1   -0.1       T
  SINCE MAR 1     13.6                       9.1    4.5     10.0
  SINCE JUL 1     37.6                      46.9   -9.3     39.1
  SNOW DEPTH       0

DEGREE DAYS
 HEATING
  YESTERDAY        9                         7      2        0
  MONTH TO DATE  308                       281     27      264
  SINCE MAR 1   1613                      1798   -185     1661
  SINCE JUL 1   5612                      6778  -1166     5880

 COOLING
  YESTERDAY        0                         1     -1        8
  MONTH TO DATE   15                        16     -1       15
  SINCE MAR 1     18                        21     -3       15
  SINCE JAN 1     18                        21     -3       15
..................................................................


WIND (MPH)
  HIGHEST WIND SPEED     9   HIGHEST WIND DIRECTION    SE (140)
  HIGHEST GUST SPEED    12   HIGHEST GUST DIRECTION     E (90)
  AVERAGE WIND SPEED     3.4


SKY COVER
  POSSIBLE SUNSHINE  MM
  AVERAGE SKY COVER 0.7


WEATHER CONDITIONS
 THE FOLLOWING WEATHER WAS RECORDED YESTERDAY.
  LIGHT RAIN
  FOG


RELATIVE HUMIDITY (PERCENT)
 HIGHEST   100           900 PM
 LOWEST     78          1100 AM
 AVERAGE    89

..........................................................


THE MILWAUKEE WI CLIMATE NORMALS FOR TODAY
                         NORMAL    RECORD    YEAR
 MAXIMUM TEMPERATURE (F)   69        94      1911
 MINIMUM TEMPERATURE (F)   50        29      1961


SUNRISE AND SUNSET
MAY 27 2017...........SUNRISE   518 AM CDT   SUNSET   820 PM CDT
MAY 28 2017...........SUNRISE   517 AM CDT   SUNSET   821 PM CDT


-  INDICATES NEGATIVE NUMBERS.
R  INDICATES RECORD WAS SET OR TIED.
MM INDICATES DATA IS MISSING.
T  INDICATES TRACE AMOUNT.




$$
