000
CXUS51 KBTV 010800
CF61V4
PRELIMINARY LOCAL CLIMATOLOGICAL DATA (WS FORM: F-6)
STATION: SAINT JOHNSBURY VT ASOS
MONTH: NOVEMBER
YEAR: 2023
LATITUDE: 44 25 N
LONGITUDE: 72 1 W
TEMPERATURE IN F: :PCPN: SNOW: WIND :SUNSHINE: SKY :PK WND
================================================================================
1 2 3 4 5 6A 6B 7 8 9 10 11 12 13 14 15 16 17 18
12Z AVG MX 2MIN
DY MAX MIN AVG DEP HDD CDD WTR SNW DPTH SPD SPD DIR MIN PSBL S-S WX SPD DR
================================================================================
1 44 24 34 -7 31 0 0.02 M M M M M M M 0 M M
2 46 30 38 -2 27 0 0.00 M M M M M M M 0 M M
3 53 31 42 2 23 0 0.00 M M M M M M M 0 M M
4 51 45 48 8 17 0 0.00 M M M M M M M 0 M M
5 55 33 44 5 21 0 0.00 M M M M M M M 0 M M
6 49 30 40 1 25 0 0.03 M M M M M M M 0 M M
7 56 34 45 6 20 0 0.13 M M M M M M M 0 M M
8 39 29 34 -4 31 0 0.00 M M M M M M M 0 M M
9 36 29 33 -5 32 0 0.28 M M M M M M M 0 M M
10 44 34 39 1 26 0 0.10 M M M M M M M 0 M M
11 41 33 37 0 28 0 0.00 M M M M M M M 0 M M
12 37 31 34 -3 31 0 0.00 M M M M M M M 0 M M
13 38 27 33 -3 32 0 0.03 M M M M M M M 0 M M
14 40 32 36 0 29 0 0.00 M M M M M M M 0 M M
15 49 36 43 7 22 0 0.00 M M M M M M M 0 M M
16 56 29 43 8 22 0 0.00 M M M M M M M 0 M M
17 60 29 45 10 20 0 0.02 M M M M M M M 0 M M
18 54 29 42 8 23 0 0.27 M M M M M M M 0 M M
19 46 27 37 3 28 0 0.01 M M M M M M M 0 M M
20 38 18 28 -6 37 0 0.00 M M M M M M M 0 M M
21 38 13 26 -7 39 0 0.08 M M M M M M M 0 M M
22 42 34 38 5 27 0 0.35 M M M M M M M 0 M M
23 45 37 41 9 24 0 0.00 M M M M M M M 0 M M
24 45 22 34 2 31 0 0.00 M M M M M M M 0 M M
25 36 17 27 -5 38 0 0.00 M M M M M M M 0 M M
26 43 22 33 2 32 0 0.13 M M M M M M M 0 M M
27 48 36 42 11 23 0 0.81 M M M M M M M 0 M M
28 43 22 33 3 32 0 0.01 M M M M M M M 0 M M
29 34 19 27 -3 38 0 0.00 M M M M M M M 0 M M
30 46 19 33 3 32 0 0.00 M M M M M M M 0 M M
================================================================================
SM 1352 851 841 0 2.27 M M M 0
================================================================================
AV 45.1 28.4 M FASTST M M 0 MAX(MPH)
MISC ----> M M M M
================================================================================
NOTES:
# LAST OF SEVERAL OCCURRENCES
COLUMN 17 PEAK WIND IN M.P.H.
PRELIMINARY LOCAL CLIMATOLOGICAL DATA (WS FORM: F-6) , PAGE 2
STATION: SAINT JOHNSBURY VT ASOS
MONTH: NOVEMBER
YEAR: 2023
LATITUDE: 44 25 N
LONGITUDE: 72 1 W
[TEMPERATURE DATA] [PRECIPITATION DATA] SYMBOLS USED IN COLUMN 16
AVERAGE MONTHLY: 36.7 TOTAL FOR MONTH: 2.27 1 = FOG OR MIST
DPTR FM NORMAL: 1.4 DPTR FM NORMAL: -0.78 2 = FOG REDUCING VISIBILITY
HIGHEST: 60 ON 17 GRTST 24HR 0.81 ON 27-27 TO 1/4 MILE OR LESS
LOWEST: 13 ON 21 3 = THUNDER
SNOW, ICE PELLETS, HAIL 4 = ICE PELLETS
TOTAL MONTH: M 5 = HAIL
GRTST 24HR M ON M 6 = FREEZING RAIN OR DRIZZLE
GRTST DEPTH: M ON M 7 = DUSTSTORM OR SANDSTORM:
VSBY 1/2 MILE OR LESS
8 = SMOKE OR HAZE
[NO. OF DAYS WITH] [WEATHER - DAYS WITH] 9 = BLOWING SNOW
X = TORNADO
MAX 32 OR BELOW: 0 0.01 INCH OR MORE: 14
MAX 90 OR ABOVE: 0 0.10 INCH OR MORE: 6
MIN 32 OR BELOW: 21 0.50 INCH OR MORE: 1
MIN 0 OR BELOW: 0 1.00 INCH OR MORE: 0
[HDD (BASE 65) ]
TOTAL THIS MO. 841 CLEAR (SCALE 0-3) 30
DPTR FM NORMAL -49 PTCLDY (SCALE 4-7) 0
TOTAL FM JUL 1 1285 CLOUDY (SCALE 8-10) 0
DPTR FM NORMAL -454
[CDD (BASE 65) ]
TOTAL THIS MO. 0
DPTR FM NORMAL 0 [PRESSURE DATA]
TOTAL FM JAN 1 521 HIGHEST SLP M ON M
DPTR FM NORMAL 191 LOWEST SLP M ON M
[REMARKS]
#FINAL-11-23#